41.90.172.176 - - [23/Jan/2025:07:36:52 +0300] "GET /wp-includes/js/dist/dom.min.js?ver=93117dfee2692b04b770 HTTP/2" 200 4506 "https://upgrade.baiskelicentre.co.ke/categories/bikes/" "Mozilla/5.0 (Linux; Android 10; K) AppleWebKit/537.36 (KHTML, like Gecko) Chrome/131.0.0.0 Mobile Safari/537.36"
41.90.172.176 - - [23/Jan/2025:07:36:52 +0300] "GET /wp-includes/js/dist/vendor/react-dom.min.js?ver=18.3.1 HTTP/2" 200 40237 "https://upgrade.baiskelicentre.co.ke/categories/bikes/" "Mozilla/5.0 (Linux; Android 10; K) AppleWebKit/537.36 (KHTML, like Gecko) Chrome/131.0.0.0 Mobile Safari/537.36"
41.90.172.176 - - [23/Jan/2025:07:36:52 +0300] "GET /wp-includes/js/dist/escape-html.min.js?ver=6561a406d2d232a6fbd2 HTTP/2" 200 476 "https://upgrade.baiskelicentre.co.ke/categories/bikes/" "Mozilla/5.0 (Linux; Android 10; K) AppleWebKit/537.36 (KHTML, like Gecko) Chrome/131.0.0.0 Mobile Safari/537.36"
41.90.172.176 - - [23/Jan/2025:07:36:52 +0300] "GET /wp-includes/js/dist/element.min.js?ver=cb762d190aebbec25b27 HTTP/2" 200 4815 "https://upgrade.baiskelicentre.co.ke/categories/bikes/" "Mozilla/5.0 (Linux; Android 10; K) AppleWebKit/537.36 (KHTML, like Gecko) Chrome/131.0.0.0 Mobile Safari/537.36"
41.90.172.176 - - [23/Jan/2025:07:36:52 +0300] "GET /wp-includes/js/dist/is-shallow-equal.min.js?ver=e0f9f1d78d83f5196979 HTTP/2" 200 479 "https://upgrade.baiskelicentre.co.ke/categories/bikes/" "Mozilla/5.0 (Linux; Android 10; K) AppleWebKit/537.36 (KHTML, like Gecko) Chrome/131.0.0.0 Mobile Safari/537.36"
41.90.172.176 - - [23/Jan/2025:07:36:52 +0300] "GET /wp-includes/js/dist/i18n.min.js?ver=5e580eb46a90c2b997e6 HTTP/2" 200 3542 "https://upgrade.baiskelicentre.co.ke/categories/bikes/" "Mozilla/5.0 (Linux; Android 10; K) AppleWebKit/537.36 (KHTML, like Gecko) Chrome/131.0.0.0 Mobile Safari/537.36"
41.90.172.176 - - [23/Jan/2025:07:36:52 +0300] "GET /wp-includes/js/dist/keycodes.min.js?ver=034ff647a54b018581d3 HTTP/2" 200 1327 "https://upgrade.baiskelicentre.co.ke/categories/bikes/" "Mozilla/5.0 (Linux; Android 10; K) AppleWebKit/537.36 (KHTML, like Gecko) Chrome/131.0.0.0 Mobile Safari/537.36"
41.90.172.176 - - [23/Jan/2025:07:36:52 +0300] "GET /wp-includes/js/dist/priority-queue.min.js?ver=9c21c957c7e50ffdbf48 HTTP/2" 200 1450 "https://upgrade.baiskelicentre.co.ke/categories/bikes/" "Mozilla/5.0 (Linux; Android 10; K) AppleWebKit/537.36 (KHTML, like Gecko) Chrome/131.0.0.0 Mobile Safari/537.36"
41.90.172.176 - - [23/Jan/2025:07:36:52 +0300] "GET /wp-includes/js/dist/compose.min.js?ver=85f0708cd2e6b26addeb HTTP/2" 200 12492 "https://upgrade.baiskelicentre.co.ke/categories/bikes/" "Mozilla/5.0 (Linux; Android 10; K) AppleWebKit/537.36 (KHTML, like Gecko) Chrome/131.0.0.0 Mobile Safari/537.36"
41.90.172.176 - - [23/Jan/2025:07:36:52 +0300] "GET /wp-includes/js/dist/private-apis.min.js?ver=4b858962c15c2c7a135f HTTP/2" 200 904 "https://upgrade.baiskelicentre.co.ke/categories/bikes/" "Mozilla/5.0 (Linux; Android 10; K) AppleWebKit/537.36 (KHTML, like Gecko) Chrome/131.0.0.0 Mobile Safari/537.36"
41.90.172.176 - - [23/Jan/2025:07:36:52 +0300] "GET /wp-includes/js/dist/redux-routine.min.js?ver=a0a172871afaeb261566 HTTP/2" 200 2717 "https://upgrade.baiskelicentre.co.ke/categories/bikes/" "Mozilla/5.0 (Linux; Android 10; K) AppleWebKit/537.36 (KHTML, like Gecko) Chrome/131.0.0.0 Mobile Safari/537.36"
41.90.172.176 - - [23/Jan/2025:07:36:52 +0300] "GET /wp-includes/js/dist/data.min.js?ver=7c62e39de0308c73d50c HTTP/2" 200 8933 "https://upgrade.baiskelicentre.co.ke/categories/bikes/" "Mozilla/5.0 (Linux; Android 10; K) AppleWebKit/537.36 (KHTML, like Gecko) Chrome/131.0.0.0 Mobile Safari/537.36"
41.90.172.176 - - [23/Jan/2025:07:36:52 +0300] "GET /wp-includes/js/dist/vendor/lodash.min.js?ver=4.17.21 HTTP/2" 200 24106 "https://upgrade.baiskelicentre.co.ke/categories/bikes/" "Mozilla/5.0 (Linux; Android 10; K) AppleWebKit/537.36 (KHTML, like Gecko) Chrome/131.0.0.0 Mobile Safari/537.36"
41.90.172.176 - - [23/Jan/2025:07:36:52 +0300] "GET /wp-includes/js/dist/vendor/wp-polyfill.min.js?ver=3.15.0 HTTP/2" 200 13180 "https://upgrade.baiskelicentre.co.ke/categories/bikes/" "Mozilla/5.0 (Linux; Android 10; K) AppleWebKit/537.36 (KHTML, like Gecko) Chrome/131.0.0.0 Mobile Safari/537.36"
41.90.172.176 - - [23/Jan/2025:07:36:53 +0300] "GET /wp-content/plugins/woocommerce/assets/client/blocks/wc-blocks-registry.js?ver=1c879273bd5c193cad0a HTTP/2" 200 2617 "https://upgrade.baiskelicentre.co.ke/categories/bikes/" "Mozilla/5.0 (Linux; Android 10; K) AppleWebKit/537.36 (KHTML, like Gecko) Chrome/131.0.0.0 Mobile Safari/537.36"
41.90.172.176 - - [23/Jan/2025:07:36:53 +0300] "GET /wp-includes/js/dist/url.min.js?ver=e87eb76272a3a08402d2 HTTP/2" 200 3588 "https://upgrade.baiskelicentre.co.ke/categories/bikes/" "Mozilla/5.0 (Linux; Android 10; K) AppleWebKit/537.36 (KHTML, like Gecko) Chrome/131.0.0.0 Mobile Safari/537.36"
41.90.172.176 - - [23/Jan/2025:07:36:53 +0300] "GET /wp-includes/js/dist/api-fetch.min.js?ver=d387b816bc1ed2042e28 HTTP/2" 200 2213 "https://upgrade.baiskelicentre.co.ke/categories/bikes/" "Mozilla/5.0 (Linux; Android 10; K) AppleWebKit/537.36 (KHTML, like Gecko) Chrome/131.0.0.0 Mobile Safari/537.36"
41.90.172.176 - - [23/Jan/2025:07:36:53 +0300] "GET /wp-content/plugins/woocommerce/assets/client/blocks/wc-settings.js?ver=07c2f0675ddd247d2325 HTTP/2" 200 1936 "https://upgrade.baiskelicentre.co.ke/categories/bikes/" "Mozilla/5.0 (Linux; Android 10; K) AppleWebKit/537.36 (KHTML, like Gecko) Chrome/131.0.0.0 Mobile Safari/537.36"
41.90.172.176 - - [23/Jan/2025:07:36:53 +0300] "GET /wp-includes/js/dist/data-controls.min.js?ver=49f5587e8b90f9e7cc7e HTTP/2" 200 590 "https://upgrade.baiskelicentre.co.ke/categories/bikes/" "Mozilla/5.0 (Linux; Android 10; K) AppleWebKit/537.36 (KHTML, like Gecko) Chrome/131.0.0.0 Mobile Safari/537.36"
41.90.172.176 - - [23/Jan/2025:07:36:53 +0300] "GET /wp-includes/js/dist/html-entities.min.js?ver=2cd3358363e0675638fb HTTP/2" 200 386 "https://upgrade.baiskelicentre.co.ke/categories/bikes/" "Mozilla/5.0 (Linux; Android 10; K) AppleWebKit/537.36 (KHTML, like Gecko) Chrome/131.0.0.0 Mobile Safari/537.36"
41.90.172.176 - - [23/Jan/2025:07:36:53 +0300] "GET /wp-includes/js/dist/notices.min.js?ver=673a68a7ac2f556ed50b HTTP/2" 200 876 "https://upgrade.baiskelicentre.co.ke/categories/bikes/" "Mozilla/5.0 (Linux; Android 10; K) AppleWebKit/537.36 (KHTML, like Gecko) Chrome/131.0.0.0 Mobile Safari/537.36"
41.90.172.176 - - [23/Jan/2025:07:36:53 +0300] "GET /wp-content/plugins/woocommerce/assets/client/blocks/wc-blocks-middleware.js?ver=ca04183222edaf8a26be HTTP/2" 200 684 "https://upgrade.baiskelicentre.co.ke/categories/bikes/" "Mozilla/5.0 (Linux; Android 10; K) AppleWebKit/537.36 (KHTML, like Gecko) Chrome/131.0.0.0 Mobile Safari/537.36"
41.90.172.176 - - [23/Jan/2025:07:36:53 +0300] "GET /wp-content/plugins/woocommerce/assets/client/blocks/wc-blocks-data.js?ver=c96aba0171b12e03b8a6 HTTP/2" 200 18774 "https://upgrade.baiskelicentre.co.ke/categories/bikes/" "Mozilla/5.0 (Linux; Android 10; K) AppleWebKit/537.36 (KHTML, like Gecko) Chrome/131.0.0.0 Mobile Safari/537.36"
41.90.172.176 - - [23/Jan/2025:07:36:53 +0300] "GET /wp-includes/js/dist/dom-ready.min.js?ver=f77871ff7694fffea381 HTTP/2" 200 275 "https://upgrade.baiskelicentre.co.ke/categories/bikes/" "Mozilla/5.0 (Linux; Android 10; K) AppleWebKit/537.36 (KHTML, like Gecko) Chrome/131.0.0.0 Mobile Safari/537.36"
41.90.172.176 - - [23/Jan/2025:07:36:53 +0300] "GET /wp-includes/js/dist/a11y.min.js?ver=3156534cc54473497e14 HTTP/2" 200 827 "https://upgrade.baiskelicentre.co.ke/categories/bikes/" "Mozilla/5.0 (Linux; Android 10; K) AppleWebKit/537.36 (KHTML, like Gecko) Chrome/131.0.0.0 Mobile Safari/537.36"
41.90.172.176 - - [23/Jan/2025:07:36:53 +0300] "GET /wp-includes/js/dist/primitives.min.js?ver=aef2543ab60c8c9bb609 HTTP/2" 200 762 "https://upgrade.baiskelicentre.co.ke/categories/bikes/" "Mozilla/5.0 (Linux; Android 10; K) AppleWebKit/537.36 (KHTML, like Gecko) Chrome/131.0.0.0 Mobile Safari/537.36"
41.90.172.176 - - [23/Jan/2025:07:36:53 +0300] "GET /wp-includes/js/dist/warning.min.js?ver=ed7c8b0940914f4fe44b HTTP/2" 200 209 "https://upgrade.baiskelicentre.co.ke/categories/bikes/" "Mozilla/5.0 (Linux; Android 10; K) AppleWebKit/537.36 (KHTML, like Gecko) Chrome/131.0.0.0 Mobile Safari/537.36"
41.90.172.176 - - [23/Jan/2025:07:36:53 +0300] "GET /wp-content/plugins/woocommerce/assets/client/blocks/blocks-components.js?ver=b165bb2bd213326d7f31 HTTP/2" 200 31590 "https://upgrade.baiskelicentre.co.ke/categories/bikes/" "Mozilla/5.0 (Linux; Android 10; K) AppleWebKit/537.36 (KHTML, like Gecko) Chrome/131.0.0.0 Mobile Safari/537.36"
41.90.172.176 - - [23/Jan/2025:07:36:53 +0300] "GET /wp-content/plugins/woocommerce/assets/client/blocks/blocks-checkout.js?ver=9f469ef17beaf7c51576 HTTP/2" 200 32638 "https://upgrade.baiskelicentre.co.ke/categories/bikes/" "Mozilla/5.0 (Linux; Android 10; K) AppleWebKit/537.36 (KHTML, like Gecko) Chrome/131.0.0.0 Mobile Safari/537.36"
41.90.172.176 - - [23/Jan/2025:07:36:53 +0300] "GET /wp-content/plugins/woocommerce/assets/js/frontend/order-attribution-blocks.min.js?ver=8.5.1 HTTP/2" 200 189 "https://upgrade.baiskelicentre.co.ke/categories/bikes/" "Mozilla/5.0 (Linux; Android 10; K) AppleWebKit/537.36 (KHTML, like Gecko) Chrome/131.0.0.0 Mobile Safari/537.36"
41.90.172.176 - - [23/Jan/2025:07:36:53 +0300] "GET /wp-content/plugins/js_composer/assets/js/dist/js_composer_front.min.js?ver=7.4 HTTP/2" 200 5490 "https://upgrade.baiskelicentre.co.ke/categories/bikes/" "Mozilla/5.0 (Linux; Android 10; K) AppleWebKit/537.36 (KHTML, like Gecko) Chrome/131.0.0.0 Mobile Safari/537.36"
41.90.172.176 - - [23/Jan/2025:07:36:53 +0300] "GET /wp-content/themes/woodmart/js/libs/pjax.min.js?ver=7.4.3 HTTP/2" 200 3146 "https://upgrade.baiskelicentre.co.ke/categories/bikes/" "Mozilla/5.0 (Linux; Android 10; K) AppleWebKit/537.36 (KHTML, like Gecko) Chrome/131.0.0.0 Mobile Safari/537.36"
41.90.172.176 - - [23/Jan/2025:07:36:53 +0300] "GET /wp-content/themes/woodmart/js/scripts/global/helpers.min.js?ver=7.4.3 HTTP/2" 200 2357 "https://upgrade.baiskelicentre.co.ke/categories/bikes/" "Mozilla/5.0 (Linux; Android 10; K) AppleWebKit/537.36 (KHTML, like Gecko) Chrome/131.0.0.0 Mobile Safari/537.36"
41.90.172.176 - - [23/Jan/2025:07:36:53 +0300] "GET /wp-content/themes/woodmart/js/scripts/wc/woocommerceNotices.min.js?ver=7.4.3 HTTP/2" 200 232 "https://upgrade.baiskelicentre.co.ke/categories/bikes/" "Mozilla/5.0 (Linux; Android 10; K) AppleWebKit/537.36 (KHTML, like Gecko) Chrome/131.0.0.0 Mobile Safari/537.36"
41.90.172.176 - - [23/Jan/2025:07:36:54 +0300] "GET /wp-content/themes/woodmart/js/scripts/wc/ajaxFilters.min.js?ver=7.4.3 HTTP/2" 200 918 "https://upgrade.baiskelicentre.co.ke/categories/bikes/" "Mozilla/5.0 (Linux; Android 10; K) AppleWebKit/537.36 (KHTML, like Gecko) Chrome/131.0.0.0 Mobile Safari/537.36"
41.90.172.176 - - [23/Jan/2025:07:36:54 +0300] "GET /wp-content/themes/woodmart/js/scripts/wc/sortByWidget.min.js?ver=7.4.3 HTTP/2" 200 394 "https://upgrade.baiskelicentre.co.ke/categories/bikes/" "Mozilla/5.0 (Linux; Android 10; K) AppleWebKit/537.36 (KHTML, like Gecko) Chrome/131.0.0.0 Mobile Safari/537.36"
41.90.172.176 - - [23/Jan/2025:07:36:54 +0300] "GET /wp-content/themes/woodmart/js/scripts/wc/shopPageInit.min.js?ver=7.4.3 HTTP/2" 200 213 "https://upgrade.baiskelicentre.co.ke/categories/bikes/" "Mozilla/5.0 (Linux; Android 10; K) AppleWebKit/537.36 (KHTML, like Gecko) Chrome/131.0.0.0 Mobile Safari/537.36"
41.90.172.176 - - [23/Jan/2025:07:36:54 +0300] "GET /wp-content/themes/woodmart/js/scripts/global/clickOnScrollButton.min.js?ver=7.4.3 HTTP/2" 200 240 "https://upgrade.baiskelicentre.co.ke/categories/bikes/" "Mozilla/5.0 (Linux; Android 10; K) AppleWebKit/537.36 (KHTML, like Gecko) Chrome/131.0.0.0 Mobile Safari/537.36"
41.90.172.176 - - [23/Jan/2025:07:36:54 +0300] "GET /wp-content/themes/woodmart/js/scripts/global/backHistory.min.js?ver=7.4.3 HTTP/2" 200 232 "https://upgrade.baiskelicentre.co.ke/categories/bikes/" "Mozilla/5.0 (Linux; Android 10; K) AppleWebKit/537.36 (KHTML, like Gecko) Chrome/131.0.0.0 Mobile Safari/537.36"
41.90.172.176 - - [23/Jan/2025:07:36:54 +0300] "GET /wp-content/themes/woodmart/js/scripts/header/headerBuilder.min.js?ver=7.4.3 HTTP/2" 200 874 "https://upgrade.baiskelicentre.co.ke/categories/bikes/" "Mozilla/5.0 (Linux; Android 10; K) AppleWebKit/537.36 (KHTML, like Gecko) Chrome/131.0.0.0 Mobile Safari/537.36"
41.90.172.176 - - [23/Jan/2025:07:36:54 +0300] "GET /wp-content/themes/woodmart/js/scripts/wc/onRemoveFromCart.min.js?ver=7.4.3 HTTP/2" 200 179 "https://upgrade.baiskelicentre.co.ke/categories/bikes/" "Mozilla/5.0 (Linux; Android 10; K) AppleWebKit/537.36 (KHTML, like Gecko) Chrome/131.0.0.0 Mobile Safari/537.36"
41.90.172.176 - - [23/Jan/2025:07:36:54 +0300] "GET /wp-content/themes/woodmart/js/scripts/menu/menuOffsets.min.js?ver=7.4.3 HTTP/2" 200 879 "https://upgrade.baiskelicentre.co.ke/categories/bikes/" "Mozilla/5.0 (Linux; Android 10; K) AppleWebKit/537.36 (KHTML, like Gecko) Chrome/131.0.0.0 Mobile Safari/537.36"
41.90.172.176 - - [23/Jan/2025:07:36:54 +0300] "GET /wp-content/themes/woodmart/js/scripts/menu/menuSetUp.min.js?ver=7.4.3 HTTP/2" 200 495 "https://upgrade.baiskelicentre.co.ke/categories/bikes/" "Mozilla/5.0 (Linux; Android 10; K) AppleWebKit/537.36 (KHTML, like Gecko) Chrome/131.0.0.0 Mobile Safari/537.36"
41.90.172.176 - - [23/Jan/2025:07:36:54 +0300] "GET /wp-content/themes/woodmart/js/scripts/global/hiddenSidebar.min.js?ver=7.4.3 HTTP/2" 200 479 "https://upgrade.baiskelicentre.co.ke/categories/bikes/" "Mozilla/5.0 (Linux; Android 10; K) AppleWebKit/537.36 (KHTML, like Gecko) Chrome/131.0.0.0 Mobile Safari/537.36"
41.90.172.176 - - [23/Jan/2025:07:36:54 +0300] "GET /wp-content/themes/woodmart/js/scripts/wc/filtersArea.min.js?ver=7.4.3 HTTP/2" 200 316 "https://upgrade.baiskelicentre.co.ke/categories/bikes/" "Mozilla/5.0 (Linux; Android 10; K) AppleWebKit/537.36 (KHTML, like Gecko) Chrome/131.0.0.0 Mobile Safari/537.36"
41.90.172.176 - - [23/Jan/2025:07:36:54 +0300] "GET /wp-content/themes/woodmart/js/scripts/wc/quickShop.min.js?ver=7.4.3 HTTP/2" 200 535 "https://upgrade.baiskelicentre.co.ke/categories/bikes/" "Mozilla/5.0 (Linux; Android 10; K) AppleWebKit/537.36 (KHTML, like Gecko) Chrome/131.0.0.0 Mobile Safari/537.36"
41.90.172.176 - - [23/Jan/2025:07:36:54 +0300] "GET /wp-content/themes/woodmart/js/scripts/wc/swatchesVariations.min.js?ver=7.4.3 HTTP/2" 200 2908 "https://upgrade.baiskelicentre.co.ke/categories/bikes/" "Mozilla/5.0 (Linux; Android 10; K) AppleWebKit/537.36 (KHTML, like Gecko) Chrome/131.0.0.0 Mobile Safari/537.36"
41.90.172.176 - - [23/Jan/2025:07:36:55 +0300] "GET /wp-content/themes/woodmart/js/scripts/wc/addToCartAllTypes.min.js?ver=7.4.3 HTTP/2" 200 779 "https://upgrade.baiskelicentre.co.ke/categories/bikes/" "Mozilla/5.0 (Linux; Android 10; K) AppleWebKit/537.36 (KHTML, like Gecko) Chrome/131.0.0.0 Mobile Safari/537.36"
41.90.172.176 - - [23/Jan/2025:07:36:55 +0300] "GET /wp-includes/js/underscore.min.js?ver=1.13.7 HTTP/2" 200 7197 "https://upgrade.baiskelicentre.co.ke/categories/bikes/" "Mozilla/5.0 (Linux; Android 10; K) AppleWebKit/537.36 (KHTML, like Gecko) Chrome/131.0.0.0 Mobile Safari/537.36"
41.90.172.176 - - [23/Jan/2025:07:36:55 +0300] "GET /wp-includes/js/wp-util.min.js?ver=6.7.1 HTTP/2" 200 690 "https://upgrade.baiskelicentre.co.ke/categories/bikes/" "Mozilla/5.0 (Linux; Android 10; K) AppleWebKit/537.36 (KHTML, like Gecko) Chrome/131.0.0.0 Mobile Safari/537.36"
41.90.172.176 - - [23/Jan/2025:07:36:55 +0300] "GET /wp-content/themes/woodmart/js/libs/swiper.min.js?ver=7.4.3 HTTP/2" 200 26168 "https://upgrade.baiskelicentre.co.ke/categories/bikes/" "Mozilla/5.0 (Linux; Android 10; K) AppleWebKit/537.36 (KHTML, like Gecko) Chrome/131.0.0.0 Mobile Safari/537.36"
41.90.172.176 - - [23/Jan/2025:07:36:55 +0300] "GET /wp-content/themes/woodmart/js/scripts/global/swiperInit.min.js?ver=7.4.3 HTTP/2" 200 1819 "https://upgrade.baiskelicentre.co.ke/categories/bikes/" "Mozilla/5.0 (Linux; Android 10; K) AppleWebKit/537.36 (KHTML, like Gecko) Chrome/131.0.0.0 Mobile Safari/537.36"
41.90.172.176 - - [23/Jan/2025:07:36:55 +0300] "GET /wp-content/themes/woodmart/js/libs/magnific-popup.min.js?ver=7.4.3 HTTP/2" 200 7175 "https://upgrade.baiskelicentre.co.ke/categories/bikes/" "Mozilla/5.0 (Linux; Android 10; K) AppleWebKit/537.36 (KHTML, like Gecko) Chrome/131.0.0.0 Mobile Safari/537.36"
41.90.172.176 - - [23/Jan/2025:07:36:55 +0300] "GET /wp-content/themes/woodmart/js/scripts/wc/productImagesGallery.min.js?ver=7.4.3 HTTP/2" 200 1673 "https://upgrade.baiskelicentre.co.ke/categories/bikes/" "Mozilla/5.0 (Linux; Android 10; K) AppleWebKit/537.36 (KHTML, like Gecko) Chrome/131.0.0.0 Mobile Safari/537.36"
41.90.172.176 - - [23/Jan/2025:07:36:55 +0300] "GET /wp-content/themes/woodmart/js/scripts/wc/quickView.min.js?ver=7.4.3 HTTP/2" 200 738 "https://upgrade.baiskelicentre.co.ke/categories/bikes/" "Mozilla/5.0 (Linux; Android 10; K) AppleWebKit/537.36 (KHTML, like Gecko) Chrome/131.0.0.0 Mobile Safari/537.36"
41.90.172.176 - - [23/Jan/2025:07:36:55 +0300] "GET /wp-content/themes/woodmart/js/libs/tooltips.min.js?ver=7.4.3 HTTP/2" 200 9800 "https://upgrade.baiskelicentre.co.ke/categories/bikes/" "Mozilla/5.0 (Linux; Android 10; K) AppleWebKit/537.36 (KHTML, like Gecko) Chrome/131.0.0.0 Mobile Safari/537.36"
41.90.172.176 - - [23/Jan/2025:07:36:55 +0300] "GET /wp-content/themes/woodmart/js/scripts/global/btnsToolTips.min.js?ver=7.4.3 HTTP/2" 200 830 "https://upgrade.baiskelicentre.co.ke/categories/bikes/" "Mozilla/5.0 (Linux; Android 10; K) AppleWebKit/537.36 (KHTML, like Gecko) Chrome/131.0.0.0 Mobile Safari/537.36"
41.90.172.176 - - [23/Jan/2025:07:36:55 +0300] "GET /wp-content/themes/woodmart/js/scripts/wc/woocommerceQuantity.min.js?ver=7.4.3 HTTP/2" 200 416 "https://upgrade.baiskelicentre.co.ke/categories/bikes/" "Mozilla/5.0 (Linux; Android 10; K) AppleWebKit/537.36 (KHTML, like Gecko) Chrome/131.0.0.0 Mobile Safari/537.36"
41.90.172.176 - - [23/Jan/2025:07:36:55 +0300] "GET /wp-includes/js/imagesloaded.min.js?ver=5.0.0 HTTP/2" 200 1687 "https://upgrade.baiskelicentre.co.ke/categories/bikes/" "Mozilla/5.0 (Linux; Android 10; K) AppleWebKit/537.36 (KHTML, like Gecko) Chrome/131.0.0.0 Mobile Safari/537.36"
41.90.172.176 - - [23/Jan/2025:07:36:55 +0300] "GET /wp-content/themes/woodmart/js/scripts/wc/wishlist.min.js?ver=7.4.3 HTTP/2" 200 1915 "https://upgrade.baiskelicentre.co.ke/categories/bikes/" "Mozilla/5.0 (Linux; Android 10; K) AppleWebKit/537.36 (KHTML, like Gecko) Chrome/131.0.0.0 Mobile Safari/537.36"
41.90.172.176 - - [23/Jan/2025:07:36:55 +0300] "GET /wp-content/themes/woodmart/js/scripts/wc/actionAfterAddToCart.min.js?ver=7.4.3 HTTP/2" 200 717 "https://upgrade.baiskelicentre.co.ke/categories/bikes/" "Mozilla/5.0 (Linux; Android 10; K) AppleWebKit/537.36 (KHTML, like Gecko) Chrome/131.0.0.0 Mobile Safari/537.36"
41.90.172.176 - - [23/Jan/2025:07:36:55 +0300] "GET /wp-content/themes/woodmart/js/scripts/global/widgetCollapse.min.js?ver=7.4.3 HTTP/2" 200 365 "https://upgrade.baiskelicentre.co.ke/categories/bikes/" "Mozilla/5.0 (Linux; Android 10; K) AppleWebKit/537.36 (KHTML, like Gecko) Chrome/131.0.0.0 Mobile Safari/537.36"
41.90.172.176 - - [23/Jan/2025:07:36:55 +0300] "GET /wp-content/themes/woodmart/js/scripts/global/scrollTop.min.js?ver=7.4.3 HTTP/2" 200 171 "https://upgrade.baiskelicentre.co.ke/categories/bikes/" "Mozilla/5.0 (Linux; Android 10; K) AppleWebKit/537.36 (KHTML, like Gecko) Chrome/131.0.0.0 Mobile Safari/537.36"
41.90.172.176 - - [23/Jan/2025:07:36:55 +0300] "GET /wp-content/themes/woodmart/js/scripts/menu/mobileNavigation.min.js?ver=7.4.3 HTTP/2" 200 1326 "https://upgrade.baiskelicentre.co.ke/categories/bikes/" "Mozilla/5.0 (Linux; Android 10; K) AppleWebKit/537.36 (KHTML, like Gecko) Chrome/131.0.0.0 Mobile Safari/537.36"
41.90.172.176 - - [23/Jan/2025:07:36:55 +0300] "GET /wp-content/themes/woodmart/js/scripts/wc/cartWidget.min.js?ver=7.4.3 HTTP/2" 200 323 "https://upgrade.baiskelicentre.co.ke/categories/bikes/" "Mozilla/5.0 (Linux; Android 10; K) AppleWebKit/537.36 (KHTML, like Gecko) Chrome/131.0.0.0 Mobile Safari/537.36"
41.90.172.176 - - [23/Jan/2025:07:36:55 +0300] "GET /wp-content/plugins/woocommerce/assets/js/js-cookie/js.cookie.min.js?ver=2.1.4-wc.8.5.1 HTTP/2" 200 893 "https://upgrade.baiskelicentre.co.ke/categories/bikes/" "Mozilla/5.0 (Linux; Android 10; K) AppleWebKit/537.36 (KHTML, like Gecko) Chrome/131.0.0.0 Mobile Safari/537.36"
41.90.172.176 - - [23/Jan/2025:07:36:56 +0300] "GET /wp-content/plugins/woocommerce/assets/js/frontend/woocommerce.min.js?ver=8.5.1 HTTP/2" 200 684 "https://upgrade.baiskelicentre.co.ke/categories/bikes/" "Mozilla/5.0 (Linux; Android 10; K) AppleWebKit/537.36 (KHTML, like Gecko) Chrome/131.0.0.0 Mobile Safari/537.36"
41.90.172.176 - - [23/Jan/2025:07:36:56 +0300] "GET /wp-content/plugins/revslider/public/assets/js/rbtools.min.js?ver=6.6.20 HTTP/2" 200 59937 "https://upgrade.baiskelicentre.co.ke/categories/bikes/" "Mozilla/5.0 (Linux; Android 10; K) AppleWebKit/537.36 (KHTML, like Gecko) Chrome/131.0.0.0 Mobile Safari/537.36"
41.90.172.176 - - [23/Jan/2025:07:36:56 +0300] "GET /wp-content/plugins/woocommerce/assets/js/frontend/add-to-cart-variation.min.js?ver=8.5.1 HTTP/2" 200 3472 "https://upgrade.baiskelicentre.co.ke/categories/bikes/" "Mozilla/5.0 (Linux; Android 10; K) AppleWebKit/537.36 (KHTML, like Gecko) Chrome/131.0.0.0 Mobile Safari/537.36"
41.90.172.176 - - [23/Jan/2025:07:36:56 +0300] "GET /wp-content/plugins/revslider/public/assets/js/rs6.min.js?ver=6.6.20 HTTP/2" 200 103665 "https://upgrade.baiskelicentre.co.ke/categories/bikes/" "Mozilla/5.0 (Linux; Android 10; K) AppleWebKit/537.36 (KHTML, like Gecko) Chrome/131.0.0.0 Mobile Safari/537.36"
41.90.172.176 - - [23/Jan/2025:07:36:56 +0300] "GET /wp-content/plugins/woocommerce/assets/js/frontend/cart-fragments.min.js?ver=8.5.1 HTTP/2" 200 943 "https://upgrade.baiskelicentre.co.ke/categories/bikes/" "Mozilla/5.0 (Linux; Android 10; K) AppleWebKit/537.36 (KHTML, like Gecko) Chrome/131.0.0.0 Mobile Safari/537.36"
41.90.172.176 - - [23/Jan/2025:07:36:56 +0300] "GET /wp-content/plugins/mailchimp-for-wp/assets/js/forms.js?ver=4.9.11 HTTP/2" 200 2455 "https://upgrade.baiskelicentre.co.ke/categories/bikes/" "Mozilla/5.0 (Linux; Android 10; K) AppleWebKit/537.36 (KHTML, like Gecko) Chrome/131.0.0.0 Mobile Safari/537.36"
41.90.172.176 - - [23/Jan/2025:07:36:56 +0300] "GET /wp-content/uploads/2024/02/WhatsApp-Image-2024-02-23-at-10.08.21_ec7e6351-430x324.jpg HTTP/2" 200 41656 "https://upgrade.baiskelicentre.co.ke/categories/bikes/" "Mozilla/5.0 (Linux; Android 10; K) AppleWebKit/537.36 (KHTML, like Gecko) Chrome/131.0.0.0 Mobile Safari/537.36"
41.90.172.176 - - [23/Jan/2025:07:36:56 +0300] "GET /wp-content/uploads/2024/02/WhatsApp-Image-2024-01-30-at-09.56.28_f805a480-430x324.jpg HTTP/2" 200 41923 "https://upgrade.baiskelicentre.co.ke/categories/bikes/" "Mozilla/5.0 (Linux; Android 10; K) AppleWebKit/537.36 (KHTML, like Gecko) Chrome/131.0.0.0 Mobile Safari/537.36"
41.90.172.176 - - [23/Jan/2025:07:36:56 +0300] "GET /wp-content/uploads/2024/02/WhatsApp-Image-2023-11-17-at-12.01.02_2e2925cd-430x324.jpg HTTP/2" 200 44989 "https://upgrade.baiskelicentre.co.ke/categories/bikes/" "Mozilla/5.0 (Linux; Android 10; K) AppleWebKit/537.36 (KHTML, like Gecko) Chrome/131.0.0.0 Mobile Safari/537.36"
41.90.172.176 - - [23/Jan/2025:07:36:56 +0300] "GET /wp-content/uploads/2024/02/WhatsApp-Image-2024-02-23-at-10.24.08_c2b8c7db-430x324.jpg HTTP/2" 200 40380 "https://upgrade.baiskelicentre.co.ke/categories/bikes/" "Mozilla/5.0 (Linux; Android 10; K) AppleWebKit/537.36 (KHTML, like Gecko) Chrome/131.0.0.0 Mobile Safari/537.36"
41.90.172.176 - - [23/Jan/2025:07:36:56 +0300] "GET /wp-content/uploads/2024/02/WhatsApp-Image-2023-11-17-at-12.01.37_cef6597d-430x324.jpg HTTP/2" 200 41200 "https://upgrade.baiskelicentre.co.ke/categories/bikes/" "Mozilla/5.0 (Linux; Android 10; K) AppleWebKit/537.36 (KHTML, like Gecko) Chrome/131.0.0.0 Mobile Safari/537.36"
41.90.172.176 - - [23/Jan/2025:07:36:56 +0300] "GET /wp-content/uploads/2024/02/box-150x150.png HTTP/2" 200 5540 "https://upgrade.baiskelicentre.co.ke/categories/bikes/" "Mozilla/5.0 (Linux; Android 10; K) AppleWebKit/537.36 (KHTML, like Gecko) Chrome/131.0.0.0 Mobile Safari/537.36"
41.90.172.176 - - [23/Jan/2025:07:36:56 +0300] "GET /wp-content/uploads/2024/02/cashback-150x150.png HTTP/2" 200 12132 "https://upgrade.baiskelicentre.co.ke/categories/bikes/" "Mozilla/5.0 (Linux; Android 10; K) AppleWebKit/537.36 (KHTML, like Gecko) Chrome/131.0.0.0 Mobile Safari/537.36"
41.90.172.176 - - [23/Jan/2025:07:36:56 +0300] "GET /wp-content/uploads/2024/01/ico.png HTTP/2" 200 2952 "https://upgrade.baiskelicentre.co.ke/categories/bikes/" "Mozilla/5.0 (Linux; Android 10; K) AppleWebKit/537.36 (KHTML, like Gecko) Chrome/131.0.0.0 Mobile Safari/537.36"
41.90.172.176 - - [23/Jan/2025:07:36:57 +0300] "GET /wp-content/uploads/2024/02/24-hours-150x150.png HTTP/2" 200 12084 "https://upgrade.baiskelicentre.co.ke/categories/bikes/" "Mozilla/5.0 (Linux; Android 10; K) AppleWebKit/537.36 (KHTML, like Gecko) Chrome/131.0.0.0 Mobile Safari/537.36"
41.90.172.176 - - [23/Jan/2025:07:36:57 +0300] "GET /wp-content/uploads/2024/02/online-payment-150x150.png HTTP/2" 200 4783 "https://upgrade.baiskelicentre.co.ke/categories/bikes/" "Mozilla/5.0 (Linux; Android 10; K) AppleWebKit/537.36 (KHTML, like Gecko) Chrome/131.0.0.0 Mobile Safari/537.36"
41.90.172.176 - - [23/Jan/2025:07:36:57 +0300] "GET /wp-content/uploads/2024/02/mpesa.png HTTP/2" 200 2489 "https://upgrade.baiskelicentre.co.ke/categories/bikes/" "Mozilla/5.0 (Linux; Android 10; K) AppleWebKit/537.36 (KHTML, like Gecko) Chrome/131.0.0.0 Mobile Safari/537.36"
91.121.60.232 - - [23/Jan/2025:07:36:57 +0300] "POST /wp-cron.php?doing_wp_cron=1737607017.8319039344787597656250 HTTP/1.1" 200 0 "-" "WordPress/6.7.1; https://upgrade.baiskelicentre.co.ke"
41.90.172.176 - - [23/Jan/2025:07:36:56 +0300] "POST /?wc-ajax=get_refreshed_fragments HTTP/2" 200 420 "https://upgrade.baiskelicentre.co.ke/categories/bikes/" "Mozilla/5.0 (Linux; Android 10; K) AppleWebKit/537.36 (KHTML, like Gecko) Chrome/131.0.0.0 Mobile Safari/537.36"
41.90.172.176 - - [23/Jan/2025:07:37:21 +0300] "GET /categories/used-adult-bikes/ HTTP/2" 200 0 "https://upgrade.baiskelicentre.co.ke/categories/bikes/" "Mozilla/5.0 (Linux; Android 10; K) AppleWebKit/537.36 (KHTML, like Gecko) Chrome/131.0.0.0 Mobile Safari/537.36"
41.90.172.176 - - [23/Jan/2025:07:37:23 +0300] "GET /categories/used-adult-bikes/ HTTP/2" 200 24286 "https://upgrade.baiskelicentre.co.ke/categories/bikes/" "Mozilla/5.0 (Linux; Android 10; K) AppleWebKit/537.36 (KHTML, like Gecko) Chrome/131.0.0.0 Mobile Safari/537.36"
41.90.172.176 - - [23/Jan/2025:07:37:25 +0300] "GET /wp-content/uploads/2024/02/WhatsApp-Image-2024-02-23-at-08.19.21_911f418f-1063x800.jpg HTTP/2" 200 241154 "https://upgrade.baiskelicentre.co.ke/categories/used-adult-bikes/" "Mozilla/5.0 (Linux; Android 10; K) AppleWebKit/537.36 (KHTML, like Gecko) Chrome/131.0.0.0 Mobile Safari/537.36"
41.90.172.176 - - [23/Jan/2025:07:37:25 +0300] "GET /wp-content/uploads/2024/02/WhatsApp-Image-2024-02-07-at-10.40.55_a5e040b2-430x324.jpg HTTP/2" 200 41054 "https://upgrade.baiskelicentre.co.ke/categories/used-adult-bikes/" "Mozilla/5.0 (Linux; Android 10; K) AppleWebKit/537.36 (KHTML, like Gecko) Chrome/131.0.0.0 Mobile Safari/537.36"
41.90.172.176 - - [23/Jan/2025:07:37:25 +0300] "GET /wp-content/uploads/2024/02/WhatsApp-Image-2024-02-23-at-08.19.50_9fbbd2dc-430x324.jpg HTTP/2" 200 43085 "https://upgrade.baiskelicentre.co.ke/categories/used-adult-bikes/" "Mozilla/5.0 (Linux; Android 10; K) AppleWebKit/537.36 (KHTML, like Gecko) Chrome/131.0.0.0 Mobile Safari/537.36"
41.90.172.176 - - [23/Jan/2025:07:37:25 +0300] "GET /wp-content/uploads/2024/02/WhatsApp-Image-2023-10-10-at-11.20.57_eb905c58-430x324.jpg HTTP/2" 200 39100 "https://upgrade.baiskelicentre.co.ke/categories/used-adult-bikes/" "Mozilla/5.0 (Linux; Android 10; K) AppleWebKit/537.36 (KHTML, like Gecko) Chrome/131.0.0.0 Mobile Safari/537.36"
41.90.172.176 - - [23/Jan/2025:07:37:25 +0300] "GET /wp-content/uploads/2024/02/WhatsApp-Image-2024-02-07-at-10.41.24_728a8e10-1-430x324.jpg HTTP/2" 200 39404 "https://upgrade.baiskelicentre.co.ke/categories/used-adult-bikes/" "Mozilla/5.0 (Linux; Android 10; K) AppleWebKit/537.36 (KHTML, like Gecko) Chrome/131.0.0.0 Mobile Safari/537.36"
41.90.172.176 - - [23/Jan/2025:07:37:25 +0300] "GET /wp-content/uploads/2024/02/WhatsApp-Image-2024-02-23-at-08.19.51_266eb73e-430x324.jpg HTTP/2" 200 42375 "https://upgrade.baiskelicentre.co.ke/categories/used-adult-bikes/" "Mozilla/5.0 (Linux; Android 10; K) AppleWebKit/537.36 (KHTML, like Gecko) Chrome/131.0.0.0 Mobile Safari/537.36"
91.121.60.232 - - [23/Jan/2025:07:38:42 +0300] "POST /wp-cron.php?doing_wp_cron=1737607122.7027609348297119140625 HTTP/1.1" 200 0 "-" "WordPress/6.7.1; https://upgrade.baiskelicentre.co.ke"
105.163.1.37 - - [23/Jan/2025:07:43:39 +0300] "GET /wp-content/uploads/2021/08/retail-slide-2-2.jpg?id=9525 HTTP/2" 200 210719 "https://baiskelicentre.co.ke/" "Mozilla/5.0 (Linux; Android 10; PPA-LX2 Build/HUAWEIPPA-LX2; wv) AppleWebKit/537.36 (KHTML, like Gecko) Version/4.0 Chrome/92.0.4515.105 Mobile Safari/537.36 Instagram 252.0.0.0.66 Android (29/10; 408dpi; 1080x2179; HUAWEI; PPA-LX2; HWPPA-H; kirin710; en_KE; 395733490)"
91.121.60.232 - - [23/Jan/2025:07:46:20 +0300] "POST /wp-cron.php?doing_wp_cron=1737607580.0611619949340820312500 HTTP/1.1" 200 0 "-" "WordPress/6.7.1; https://upgrade.baiskelicentre.co.ke"
54.36.148.67 - - [23/Jan/2025:07:51:10 +0300] "GET /portfolio/et-vestibulum-quis-a-suspendisse/ HTTP/2" 200 25052 "-" "Mozilla/5.0 (compatible; AhrefsBot/7.0; +http://ahrefs.com/robot/)"
91.121.60.232 - - [23/Jan/2025:07:54:04 +0300] "POST /wp-cron.php?doing_wp_cron=1737608044.5201659202575683593750 HTTP/1.1" 200 0 "-" "WordPress/6.7.1; https://upgrade.baiskelicentre.co.ke"
185.191.171.9 - - [23/Jan/2025:07:12:21 +0300] "GET /shop/page/6/?opts=bordered_grid_inside HTTP/1.1" 200 31510 "-" "Mozilla/5.0 (compatible; SemrushBot/7~bl; +http://www.semrush.com/bot.html)"
197.232.62.149 - - [23/Jan/2025:07:19:24 +0300] "GET /wp-content/uploads/2021/08/retail-slide-2-2.jpg?id=9525 HTTP/2" 200 210719 "https://baiskelicentre.co.ke/" "Mozilla/5.0 (Linux; Android 10; K) AppleWebKit/537.36 (KHTML, like Gecko) Chrome/131.0.0.0 Mobile Safari/537.36"
91.121.60.232 - - [23/Jan/2025:07:36:49 +0300] "POST /wp-cron.php?doing_wp_cron=1737607009.1910469532012939453125 HTTP/1.1" 200 0 "-" "WordPress/6.7.1; https://upgrade.baiskelicentre.co.ke"
41.90.172.176 - - [23/Jan/2025:07:38:41 +0300] "POST /?wc-ajax=get_refreshed_fragments HTTP/2" 200 420 "https://upgrade.baiskelicentre.co.ke/categories/bikes/" "Mozilla/5.0 (Linux; Android 10; K) AppleWebKit/537.36 (KHTML, like Gecko) Chrome/131.0.0.0 Mobile Safari/537.36"
154.159.254.42 - - [23/Jan/2025:07:45:10 +0300] "GET /wp-content/uploads/2021/08/retail-slide-2-2.jpg?id=9525 HTTP/2" 200 210719 "https://baiskelicentre.co.ke/" "Mozilla/5.0 (Linux; Android 14; SM-A556E Build/UP1A.231005.007; wv) AppleWebKit/537.36 (KHTML, like Gecko) Version/4.0 Chrome/133.0.6943.23 Mobile Safari/537.36 Instagram 364.0.0.35.86 Android (34/14; 450dpi; 1080x2209; samsung; SM-A556E; a55x; s5e8845; en_GB; 687078737)"
101.46.15.52 - - [23/Jan/2025:07:46:18 +0300] "GET /categories/pre-ownedex-swiss-bikes/?per_page=20 HTTP/2" 200 26691 "https://upgrade.baiskelicentre.co.ke/categories/pre-ownedex-swiss-bikes/?per_page=20" "Mozilla/5.0 (Windows NT 10.0; Win64; x64) AppleWebKit/537.36 (KHTML, like Gecko) Chrome/116.0.0.0 Safari/537.36"
91.121.60.232 - - [23/Jan/2025:07:51:13 +0300] "POST /wp-cron.php?doing_wp_cron=1737607873.0617849826812744140625 HTTP/1.1" 200 0 "-" "WordPress/6.7.1; https://upgrade.baiskelicentre.co.ke"
41.90.186.61 - - [23/Jan/2025:07:51:15 +0300] "GET /wp-content/uploads/2021/08/retail-slide-2-2.jpg?id=9525 HTTP/2" 200 210719 "https://baiskelicentre.co.ke/" "Mozilla/5.0 (Linux; Android 13; TECNO KI7 Build/TP1A.220624.014; wv) AppleWebKit/537.36 (KHTML, like Gecko) Version/4.0 Chrome/132.0.6834.90 Mobile Safari/537.36 Instagram 364.0.0.35.86 Android (33/13; 480dpi; 1080x2232; TECNO; TECNO KI7; TECNO-KI7; mt6769; en_US; 687078753; IABMV/1)"
54.36.148.230 - - [23/Jan/2025:07:54:02 +0300] "GET /portfolio/feed/ HTTP/2" 200 15096 "-" "Mozilla/5.0 (compatible; AhrefsBot/7.0; +http://ahrefs.com/robot/)"
185.191.171.4 - - [23/Jan/2025:07:54:21 +0300] "GET /shop/page/6/?opts=show_sku HTTP/1.1" 200 30128 "-" "Mozilla/5.0 (compatible; SemrushBot/7~bl; +http://www.semrush.com/bot.html)"
54.36.149.78 - - [23/Jan/2025:07:54:29 +0300] "GET /wp-content/uploads/2017/06/portfolio-2.jpg HTTP/2" 200 23833 "-" "Mozilla/5.0 (compatible; AhrefsBot/7.0; +http://ahrefs.com/robot/)"
54.36.149.60 - - [23/Jan/2025:07:54:29 +0300] "GET /wp-content/uploads/2017/06/portfolio-6.jpg HTTP/2" 200 22454 "-" "Mozilla/5.0 (compatible; AhrefsBot/7.0; +http://ahrefs.com/robot/)"
54.36.148.63 - - [23/Jan/2025:07:54:29 +0300] "GET /wp-content/uploads/2017/06/portfolio-3.jpg HTTP/2" 200 34720 "-" "Mozilla/5.0 (compatible; AhrefsBot/7.0; +http://ahrefs.com/robot/)"
54.36.148.216 - - [23/Jan/2025:07:54:55 +0300] "GET /wp-content/themes/woodmart/css/parts/portfolio-base.min.css?ver=7.4.3 HTTP/2" 200 804 "-" "Mozilla/5.0 (compatible; AhrefsBot/7.0; +http://ahrefs.com/robot/)"
54.36.148.8 - - [23/Jan/2025:07:54:55 +0300] "GET /wp-content/uploads/2017/06/portfolio-9.jpg HTTP/2" 200 52505 "-" "Mozilla/5.0 (compatible; AhrefsBot/7.0; +http://ahrefs.com/robot/)"
91.121.60.232 - - [23/Jan/2025:07:59:24 +0300] "POST /wp-cron.php?doing_wp_cron=1737608364.3076939582824707031250 HTTP/1.1" 200 0 "-" "WordPress/6.7.1; https://upgrade.baiskelicentre.co.ke"
91.121.60.232 - - [23/Jan/2025:08:02:13 +0300] "POST /wp-cron.php?doing_wp_cron=1737608533.3833260536193847656250 HTTP/1.1" 200 0 "-" "WordPress/6.7.1; https://upgrade.baiskelicentre.co.ke"
91.121.60.232 - - [23/Jan/2025:08:19:57 +0300] "POST /wp-cron.php?doing_wp_cron=1737609596.9604909420013427734375 HTTP/1.1" 200 0 "-" "WordPress/6.7.1; https://upgrade.baiskelicentre.co.ke"
54.36.149.58 - - [23/Jan/2025:08:19:55 +0300] "GET /project-cat/furniture/ HTTP/2" 200 21956 "-" "Mozilla/5.0 (compatible; AhrefsBot/7.0; +http://ahrefs.com/robot/)"
54.36.148.14 - - [23/Jan/2025:08:22:47 +0300] "GET /project-cat/kitchen/ HTTP/2" 200 21983 "-" "Mozilla/5.0 (compatible; AhrefsBot/7.0; +http://ahrefs.com/robot/)"
91.121.60.232 - - [23/Jan/2025:08:22:48 +0300] "POST /wp-cron.php?doing_wp_cron=1737609768.8666760921478271484375 HTTP/1.1" 200 0 "-" "WordPress/6.7.1; https://upgrade.baiskelicentre.co.ke"
102.219.210.201 - - [23/Jan/2025:08:02:51 +0300] "GET /wp-content/uploads/2021/08/retail-slide-2-2.jpg?id=9525 HTTP/2" 200 210719 "https://baiskelicentre.co.ke/" "Mozilla/5.0 (Linux; Android 15; 23129RAA4G Build/AQ3A.240829.003; wv) AppleWebKit/537.36 (KHTML, like Gecko) Version/4.0 Chrome/131.0.6778.261 Mobile Safari/537.36 Instagram 364.0.0.35.86 Android (35/15; 440dpi; 1080x2400; Xiaomi/Redmi; 23129RAA4G; sapphire; qcom; en_GB; 687078753)"
54.36.149.44 - - [23/Jan/2025:08:04:54 +0300] "GET /portfolio/page/2/?woo_ajax=1 HTTP/2" 200 1526 "-" "Mozilla/5.0 (compatible; AhrefsBot/7.0; +http://ahrefs.com/robot/)"
91.121.60.232 - - [23/Jan/2025:08:07:40 +0300] "POST /wp-cron.php?doing_wp_cron=1737608860.2330279350280761718750 HTTP/1.1" 200 0 "-" "WordPress/6.7.1; https://upgrade.baiskelicentre.co.ke"
91.121.60.232 - - [23/Jan/2025:08:10:22 +0300] "POST /wp-cron.php?doing_wp_cron=1737609022.0150279998779296875000 HTTP/1.1" 200 0 "-" "WordPress/6.7.1; https://upgrade.baiskelicentre.co.ke"
54.36.148.98 - - [23/Jan/2025:08:10:20 +0300] "GET /portfolio/venenatis-nam-phasellus/ HTTP/2" 200 22455 "-" "Mozilla/5.0 (compatible; AhrefsBot/7.0; +http://ahrefs.com/robot/)"
91.121.60.232 - - [23/Jan/2025:08:12:55 +0300] "POST /wp-cron.php?doing_wp_cron=1737609175.2902419567108154296875 HTTP/1.1" 200 0 "-" "WordPress/6.7.1; https://upgrade.baiskelicentre.co.ke"
91.121.60.232 - - [23/Jan/2025:08:16:57 +0300] "POST /wp-cron.php?doing_wp_cron=1737609417.4596769809722900390625 HTTP/1.1" 200 0 "-" "WordPress/6.7.1; https://upgrade.baiskelicentre.co.ke"
54.36.148.205 - - [23/Jan/2025:07:54:29 +0300] "GET /wp-content/themes/woodmart/js/scripts/global/photoswipeImages.min.js?ver=7.4.3 HTTP/2" 200 308 "-" "Mozilla/5.0 (compatible; AhrefsBot/7.0; +http://ahrefs.com/robot/)"
54.36.148.147 - - [23/Jan/2025:07:54:29 +0300] "GET /wp-content/uploads/2017/06/portfolio-4.jpg HTTP/2" 200 80516 "-" "Mozilla/5.0 (compatible; AhrefsBot/7.0; +http://ahrefs.com/robot/)"
54.36.148.250 - - [23/Jan/2025:07:54:29 +0300] "GET /wp-content/themes/woodmart/css/parts/mod-page-navigation.min.css?ver=7.4.3 HTTP/2" 200 541 "-" "Mozilla/5.0 (compatible; AhrefsBot/7.0; +http://ahrefs.com/robot/)"
54.36.148.115 - - [23/Jan/2025:07:54:55 +0300] "GET /wp-content/themes/woodmart/css/parts/project-text-hover.min.css?ver=7.4.3 HTTP/2" 200 285 "-" "Mozilla/5.0 (compatible; AhrefsBot/7.0; +http://ahrefs.com/robot/)"
54.36.148.106 - - [23/Jan/2025:07:54:55 +0300] "GET /wp-content/themes/woodmart/js/scripts/portfolio/portfolioPhotoSwipe.min.js?ver=7.4.3 HTTP/2" 200 340 "-" "Mozilla/5.0 (compatible; AhrefsBot/7.0; +http://ahrefs.com/robot/)"
54.36.149.86 - - [23/Jan/2025:07:54:55 +0300] "GET /wp-content/uploads/2017/06/portfolio-8.jpg HTTP/2" 200 80173 "-" "Mozilla/5.0 (compatible; AhrefsBot/7.0; +http://ahrefs.com/robot/)"
54.36.148.240 - - [23/Jan/2025:07:54:55 +0300] "GET /wp-content/uploads/2017/06/portfolio-5.jpg HTTP/2" 200 26575 "-" "Mozilla/5.0 (compatible; AhrefsBot/7.0; +http://ahrefs.com/robot/)"
54.36.148.46 - - [23/Jan/2025:07:54:56 +0300] "GET /wp-content/uploads/2017/06/portfolio-1.jpg HTTP/2" 200 16050 "-" "Mozilla/5.0 (compatible; AhrefsBot/7.0; +http://ahrefs.com/robot/)"
54.36.148.11 - - [23/Jan/2025:07:54:56 +0300] "GET /wp-content/uploads/2017/06/portfolio-7.jpg HTTP/2" 200 17855 "-" "Mozilla/5.0 (compatible; AhrefsBot/7.0; +http://ahrefs.com/robot/)"
91.121.60.232 - - [23/Jan/2025:07:56:43 +0300] "POST /wp-cron.php?doing_wp_cron=1737608203.2549040317535400390625 HTTP/1.1" 200 0 "-" "WordPress/6.7.1; https://upgrade.baiskelicentre.co.ke"
54.36.148.47 - - [23/Jan/2025:07:56:41 +0300] "GET /portfolio/imperdiet-mauris-a-nontin/ HTTP/2" 200 23934 "-" "Mozilla/5.0 (compatible; AhrefsBot/7.0; +http://ahrefs.com/robot/)"
54.36.149.25 - - [23/Jan/2025:07:59:22 +0300] "GET /portfolio/leo-uteu-ullamcorper/ HTTP/2" 200 29266 "-" "Mozilla/5.0 (compatible; AhrefsBot/7.0; +http://ahrefs.com/robot/)"
54.36.148.43 - - [23/Jan/2025:08:02:12 +0300] "GET /portfolio/netus-eu-mollis-hac-dignis/ HTTP/2" 200 24054 "-" "Mozilla/5.0 (compatible; AhrefsBot/7.0; +http://ahrefs.com/robot/)"
91.121.60.232 - - [23/Jan/2025:08:04:55 +0300] "POST /wp-cron.php?doing_wp_cron=1737608695.6878790855407714843750 HTTP/1.1" 200 0 "-" "WordPress/6.7.1; https://upgrade.baiskelicentre.co.ke"
54.36.148.162 - - [23/Jan/2025:08:07:38 +0300] "GET /portfolio/suspendisse-quam-at-vestibulum/ HTTP/2" 200 23164 "-" "Mozilla/5.0 (compatible; AhrefsBot/7.0; +http://ahrefs.com/robot/)"
85.208.96.210 - - [23/Jan/2025:08:12:54 +0300] "GET /robots.txt HTTP/1.1" 200 122 "-" "Mozilla/5.0 (compatible; SemrushBot/7~bl; +http://www.semrush.com/bot.html)"
185.191.171.16 - - [23/Jan/2025:08:12:56 +0300] "GET /shop/page/6/?opts=product_archive_layout_6 HTTP/1.1" 200 29986 "-" "Mozilla/5.0 (compatible; SemrushBot/7~bl; +http://www.semrush.com/bot.html)"
54.36.149.60 - - [23/Jan/2025:08:16:56 +0300] "GET /project-cat/decor/ HTTP/2" 200 22166 "-" "Mozilla/5.0 (compatible; AhrefsBot/7.0; +http://ahrefs.com/robot/)"
54.36.148.225 - - [23/Jan/2025:08:28:08 +0300] "GET /wp-content/themes/woodmart/css/parts/el-brand.min.css?ver=7.4.3 HTTP/2" 200 406 "-" "Mozilla/5.0 (compatible; AhrefsBot/7.0; +http://ahrefs.com/robot/)"
54.36.148.248 - - [23/Jan/2025:08:30:30 +0300] "GET /wp-content/themes/woodmart/css/parts/el-section-title-style-simple-and-brd.min.css?ver=7.4.3 HTTP/2" 200 342 "-" "Mozilla/5.0 (compatible; AhrefsBot/7.0; +http://ahrefs.com/robot/)"
173.252.83.12 - - [23/Jan/2025:08:31:16 +0300] "GET /robots.txt HTTP/2" 200 129 "-" "facebookexternalhit/1.1 (+http://www.facebook.com/externalhit_uatext.php)"
119.8.127.132 - - [23/Jan/2025:08:31:26 +0300] "GET /categories/used-adult-bikes/?per_page=10 HTTP/2" 200 24326 "https://upgrade.baiskelicentre.co.ke/categories/used-adult-bikes/?per_page=10" "Mozilla/5.0 (Windows NT 10.0; Win64; x64) AppleWebKit/537.36 (KHTML, like Gecko) Chrome/104.0.0.0 Safari/537.36"
54.36.149.52 - - [23/Jan/2025:08:33:13 +0300] "GET /wp-content/themes/woodmart/css/parts/el-testimonial-old.min.css?ver=7.4.3 HTTP/2" 200 399 "-" "Mozilla/5.0 (compatible; AhrefsBot/7.0; +http://ahrefs.com/robot/)"
54.36.149.64 - - [23/Jan/2025:08:35:34 +0300] "GET /wp-content/themes/woodmart/css/parts/int-wbp-el-animations.min.css?ver=7.4.3 HTTP/2" 200 678 "-" "Mozilla/5.0 (compatible; AhrefsBot/7.0; +http://ahrefs.com/robot/)"
54.36.149.61 - - [23/Jan/2025:08:40:28 +0300] "GET /wp-content/themes/woodmart/css/parts/woo-categories-loop-layout-masonry.min.css?ver=7.4.3 HTTP/2" 200 145 "-" "Mozilla/5.0 (compatible; AhrefsBot/7.0; +http://ahrefs.com/robot/)"
91.121.60.232 - - [23/Jan/2025:08:42:57 +0300] "POST /wp-cron.php?doing_wp_cron=1737610977.1044890880584716796875 HTTP/1.1" 200 0 "-" "WordPress/6.7.1; https://upgrade.baiskelicentre.co.ke"
85.208.96.200 - - [23/Jan/2025:08:42:50 +0300] "GET /shop/page/5/?opts=login_see_prices HTTP/1.1" 200 29743 "-" "Mozilla/5.0 (compatible; SemrushBot/7~bl; +http://www.semrush.com/bot.html)"
66.249.65.105 - - [23/Jan/2025:08:42:50 +0300] "GET /shop/ HTTP/1.1" 200 25534 "-" "Mozilla/5.0 (Linux; Android 6.0.1; Nexus 5X Build/MMB29P) AppleWebKit/537.36 (KHTML, like Gecko) Chrome/132.0.6834.83 Mobile Safari/537.36 (compatible; Googlebot/2.1; +http://www.google.com/bot.html)"
66.249.65.105 - - [23/Jan/2025:08:43:02 +0300] "GET /wp-content/themes/woodmart/css/parts/header-el-base.min.css?ver=7.4.3 HTTP/1.1" 200 811 "https://upgrade.baiskelicentre.co.ke/shop/" "Mozilla/5.0 (Linux; Android 6.0.1; Nexus 5X Build/MMB29P) AppleWebKit/537.36 (KHTML, like Gecko) Chrome/131.0.6778.264 Mobile Safari/537.36 (compatible; Googlebot/2.1; +http://www.google.com/bot.html)"
66.249.65.104 - - [23/Jan/2025:08:43:02 +0300] "GET /wp-content/themes/woodmart/css/parts/woo-shop-predefined.min.css?ver=7.4.3 HTTP/1.1" 200 285 "https://upgrade.baiskelicentre.co.ke/shop/" "Mozilla/5.0 (Linux; Android 6.0.1; Nexus 5X Build/MMB29P) AppleWebKit/537.36 (KHTML, like Gecko) Chrome/131.0.6778.264 Mobile Safari/537.36 (compatible; Googlebot/2.1; +http://www.google.com/bot.html)"
66.249.65.105 - - [23/Jan/2025:08:43:02 +0300] "GET /wp-content/themes/woodmart/css/parts/woo-categories-loop-nav.min.css?ver=7.4.3 HTTP/1.1" 200 412 "https://upgrade.baiskelicentre.co.ke/shop/" "Mozilla/5.0 (Linux; Android 6.0.1; Nexus 5X Build/MMB29P) AppleWebKit/537.36 (KHTML, like Gecko) Chrome/131.0.6778.264 Mobile Safari/537.36 (compatible; Googlebot/2.1; +http://www.google.com/bot.html)"
66.249.65.104 - - [23/Jan/2025:08:43:03 +0300] "GET /wp-content/themes/woodmart/css/parts/woo-shop-el-filters-area.min.css?ver=7.4.3 HTTP/1.1" 200 169 "https://upgrade.baiskelicentre.co.ke/shop/" "Mozilla/5.0 (Linux; Android 6.0.1; Nexus 5X Build/MMB29P) AppleWebKit/537.36 (KHTML, like Gecko) Chrome/131.0.6778.264 Mobile Safari/537.36 (compatible; Googlebot/2.1; +http://www.google.com/bot.html)"
66.249.65.105 - - [23/Jan/2025:08:43:03 +0300] "GET /wp-content/themes/woodmart/css/parts/woo-widget-active-filters.min.css?ver=7.4.3 HTTP/1.1" 200 165 "https://upgrade.baiskelicentre.co.ke/shop/" "Mozilla/5.0 (Linux; Android 6.0.1; Nexus 5X Build/MMB29P) AppleWebKit/537.36 (KHTML, like Gecko) Chrome/131.0.6778.264 Mobile Safari/537.36 (compatible; Googlebot/2.1; +http://www.google.com/bot.html)"
66.249.65.104 - - [23/Jan/2025:08:43:03 +0300] "GET /wp-content/themes/woodmart/js/scripts/global/hiddenSidebar.min.js?ver=7.4.3 HTTP/1.1" 200 479 "https://upgrade.baiskelicentre.co.ke/shop/" "Mozilla/5.0 (Linux; Android 6.0.1; Nexus 5X Build/MMB29P) AppleWebKit/537.36 (KHTML, like Gecko) Chrome/131.0.6778.264 Mobile Safari/537.36 (compatible; Googlebot/2.1; +http://www.google.com/bot.html)"
66.249.65.105 - - [23/Jan/2025:08:43:04 +0300] "GET /wp-content/themes/woodmart/js/scripts/wc/productsLoadMore.min.js?ver=7.4.3 HTTP/1.1" 200 1608 "https://upgrade.baiskelicentre.co.ke/shop/" "Mozilla/5.0 (Linux; Android 6.0.1; Nexus 5X Build/MMB29P) AppleWebKit/537.36 (KHTML, like Gecko) Chrome/131.0.6778.264 Mobile Safari/537.36 (compatible; Googlebot/2.1; +http://www.google.com/bot.html)"
66.249.65.105 - - [23/Jan/2025:08:43:04 +0300] "POST /?wc-ajax=get_refreshed_fragments HTTP/1.1" 200 420 "https://upgrade.baiskelicentre.co.ke/shop/" "Mozilla/5.0 (Linux; Android 6.0.1; Nexus 5X Build/MMB29P) AppleWebKit/537.36 (KHTML, like Gecko) Chrome/131.0.6778.264 Mobile Safari/537.36 (compatible; Googlebot/2.1; +http://www.google.com/bot.html)"
54.36.149.99 - - [23/Jan/2025:08:43:14 +0300] "GET /wp-content/themes/woodmart/css/parts/woo-categories-loop-old.min.css?ver=7.4.3 HTTP/2" 200 460 "-" "Mozilla/5.0 (compatible; AhrefsBot/7.0; +http://ahrefs.com/robot/)"
54.36.149.44 - - [23/Jan/2025:08:48:56 +0300] "GET /wp-content/themes/woodmart/css/parts/woo-mod-product-labels-rect.min.css?ver=7.4.3 HTTP/2" 200 66 "-" "Mozilla/5.0 (compatible; AhrefsBot/7.0; +http://ahrefs.com/robot/)"
91.121.60.232 - - [23/Jan/2025:08:25:35 +0300] "POST /wp-cron.php?doing_wp_cron=1737609935.0560050010681152343750 HTTP/1.1" 200 0 "-" "WordPress/6.7.1; https://upgrade.baiskelicentre.co.ke"
54.36.149.5 - - [23/Jan/2025:08:25:33 +0300] "GET /project-cat/lighting/ HTTP/2" 200 21806 "-" "Mozilla/5.0 (compatible; AhrefsBot/7.0; +http://ahrefs.com/robot/)"
91.121.60.232 - - [23/Jan/2025:08:31:18 +0300] "POST /wp-cron.php?doing_wp_cron=1737610278.6010930538177490234375 HTTP/1.1" 200 0 "-" "WordPress/6.7.1; https://upgrade.baiskelicentre.co.ke"
69.171.249.7 - - [23/Jan/2025:08:31:19 +0300] "GET /robots.txt HTTP/1.1" 200 122 "-" "facebookexternalhit/1.1 (+http://www.facebook.com/externalhit_uatext.php)"
54.36.148.180 - - [23/Jan/2025:08:38:03 +0300] "GET /wp-content/themes/woodmart/css/parts/lib-magnific-popup.min.css?ver=7.4.3 HTTP/2" 200 909 "-" "Mozilla/5.0 (compatible; AhrefsBot/7.0; +http://ahrefs.com/robot/)"
91.121.60.232 - - [23/Jan/2025:08:42:57 +0300] "POST /wp-cron.php?doing_wp_cron=1737610977.1058640480041503906250 HTTP/1.1" 200 0 "-" "WordPress/6.7.1; https://upgrade.baiskelicentre.co.ke"
66.249.65.104 - - [23/Jan/2025:08:43:02 +0300] "GET /wp-content/themes/woodmart/css/parts/woo-shop-el-products-per-page.min.css?ver=7.4.3 HTTP/1.1" 200 201 "https://upgrade.baiskelicentre.co.ke/shop/" "Mozilla/5.0 (Linux; Android 6.0.1; Nexus 5X Build/MMB29P) AppleWebKit/537.36 (KHTML, like Gecko) Chrome/131.0.6778.264 Mobile Safari/537.36 (compatible; Googlebot/2.1; +http://www.google.com/bot.html)"
66.249.65.104 - - [23/Jan/2025:08:43:02 +0300] "GET /wp-content/themes/woodmart/css/parts/woo-shop-page-title.min.css?ver=7.4.3 HTTP/1.1" 200 221 "https://upgrade.baiskelicentre.co.ke/shop/" "Mozilla/5.0 (Linux; Android 6.0.1; Nexus 5X Build/MMB29P) AppleWebKit/537.36 (KHTML, like Gecko) Chrome/131.0.6778.264 Mobile Safari/537.36 (compatible; Googlebot/2.1; +http://www.google.com/bot.html)"
66.249.65.104 - - [23/Jan/2025:08:43:02 +0300] "GET /wp-content/themes/woodmart/css/parts/woo-categories-loop-nav-mobile-accordion.min.css?ver=7.4.3 HTTP/1.1" 200 386 "https://upgrade.baiskelicentre.co.ke/shop/" "Mozilla/5.0 (Linux; Android 6.0.1; Nexus 5X Build/MMB29P) AppleWebKit/537.36 (KHTML, like Gecko) Chrome/131.0.6778.264 Mobile Safari/537.36 (compatible; Googlebot/2.1; +http://www.google.com/bot.html)"
54.36.148.58 - - [23/Jan/2025:08:45:50 +0300] "GET /wp-content/themes/woodmart/css/parts/woo-mod-add-btn-replace.min.css?ver=7.4.3 HTTP/2" 200 481 "-" "Mozilla/5.0 (compatible; AhrefsBot/7.0; +http://ahrefs.com/robot/)"
54.36.148.19 - - [23/Jan/2025:08:52:30 +0300] "GET /wp-content/themes/woodmart/css/parts/woo-mod-product-labels.min.css?ver=7.4.3 HTTP/2" 200 371 "-" "Mozilla/5.0 (compatible; AhrefsBot/7.0; +http://ahrefs.com/robot/)"
54.36.148.97 - - [23/Jan/2025:08:55:48 +0300] "GET /wp-content/themes/woodmart/css/parts/woo-product-loop-quick.min.css?ver=7.4.3 HTTP/2" 200 574 "-" "Mozilla/5.0 (compatible; AhrefsBot/7.0; +http://ahrefs.com/robot/)"
54.36.148.164 - - [23/Jan/2025:08:58:52 +0300] "GET /wp-content/themes/woodmart/css/parts/woo-product-loop.min.css?ver=7.4.3 HTTP/2" 200 1578 "-" "Mozilla/5.0 (compatible; AhrefsBot/7.0; +http://ahrefs.com/robot/)"
91.121.60.232 - - [23/Jan/2025:09:02:23 +0300] "POST /wp-cron.php?doing_wp_cron=1737612143.3857100009918212890625 HTTP/1.1" 200 0 "-" "WordPress/6.7.1; https://upgrade.baiskelicentre.co.ke"
54.36.148.206 - - [23/Jan/2025:09:02:21 +0300] "GET /categories/used-adult-bikes/?add-to-cart=9768 HTTP/2" 200 24836 "-" "Mozilla/5.0 (compatible; AhrefsBot/7.0; +http://ahrefs.com/robot/)"
91.121.60.232 - - [23/Jan/2025:08:55:11 +0300] "POST /wp-cron.php?doing_wp_cron=1737611711.2505130767822265625000 HTTP/1.1" 200 0 "-" "WordPress/6.7.1; https://upgrade.baiskelicentre.co.ke"
185.191.171.8 - - [23/Jan/2025:08:55:08 +0300] "GET /shop/page/4/?opts=hover_icons HTTP/1.1" 200 29929 "-" "Mozilla/5.0 (compatible; SemrushBot/7~bl; +http://www.semrush.com/bot.html)"
91.121.60.232 - - [23/Jan/2025:09:05:38 +0300] "POST /wp-cron.php?doing_wp_cron=1737612337.9531540870666503906250 HTTP/1.1" 200 0 "-" "WordPress/6.7.1; https://upgrade.baiskelicentre.co.ke"
54.36.148.161 - - [23/Jan/2025:09:05:36 +0300] "GET /project-cat/accessories/ HTTP/2" 200 21941 "-" "Mozilla/5.0 (compatible; AhrefsBot/7.0; +http://ahrefs.com/robot/)"
54.36.148.144 - - [23/Jan/2025:09:08:25 +0300] "GET /portfolio/a-lacus-bibendum-pulvinar/ HTTP/2" 200 25224 "-" "Mozilla/5.0 (compatible; AhrefsBot/7.0; +http://ahrefs.com/robot/)"
