91.121.60.232 - - [23/Jan/2025:04:44:44 +0300] "POST /wp-cron.php?doing_wp_cron=1737596684.1752979755401611328125 HTTP/1.1" 200 0 "-" "WordPress/6.7.1; https://learnwithils.com"
157.55.39.48 - - [23/Jan/2025:04:44:43 +0300] "GET /sitemap.txt HTTP/2" 302 0 "-" "Mozilla/5.0 AppleWebKit/537.36 (KHTML, like Gecko; compatible; bingbot/2.0; +http://www.bing.com/bingbot.htm) Chrome/116.0.1938.76 Safari/537.36"
157.55.39.48 - - [23/Jan/2025:04:44:44 +0300] "GET /sitemap.xml HTTP/2" 200 515 "-" "Mozilla/5.0 AppleWebKit/537.36 (KHTML, like Gecko; compatible; bingbot/2.0; +http://www.bing.com/bingbot.htm) Chrome/116.0.1938.76 Safari/537.36"
157.55.39.193 - - [23/Jan/2025:04:44:53 +0300] "GET /sitemap.xml HTTP/2" 200 515 "-" "Mozilla/5.0 AppleWebKit/537.36 (KHTML, like Gecko; compatible; bingbot/2.0; +http://www.bing.com/bingbot.htm) Chrome/116.0.1938.76 Safari/537.36"
135.148.100.196 - - [23/Jan/2025:04:57:59 +0300] "GET / HTTP/1.1" 401 36 "-" "-"
164.90.184.189 - - [23/Jan/2025:05:03:52 +0300] "GET /languages/ HTTP/2" 200 25857 "-" "Mozilla/5.0 (Macintosh; Intel Mac OS X 10_15_7) AppleWebKit/537.36 (KHTML, like Gecko) Chrome/124.0.0.0 Safari/537.36"
91.121.60.232 - - [23/Jan/2025:05:35:21 +0300] "POST /wp-cron.php?doing_wp_cron=1737599721.3102149963378906250000 HTTP/1.1" 200 0 "-" "WordPress/6.7.1; https://learnwithils.com"
82.165.14.187 - - [23/Jan/2025:05:35:15 +0300] "POST /wp-login.php HTTP/1.1" 200 2251 "-" "GRequests/0.10"
91.121.60.232 - - [23/Jan/2025:05:59:24 +0300] "POST /wp-cron.php?doing_wp_cron=1737601164.0164160728454589843750 HTTP/1.1" 200 0 "-" "WordPress/6.7.1; https://learnwithils.com"
54.38.85.36 - - [23/Jan/2025:05:59:18 +0300] "GET /robots.txt HTTP/1.1" 200 170 "-" "Mozilla/5.0 (compatible; MJ12bot/v1.4.8; http://mj12bot.com/)"
134.209.153.148 - - [23/Jan/2025:06:03:38 +0300] "GET /wp-login.php HTTP/1.1" 200 2046 "-" "GRequests/0.10"
185.23.113.65 - - [23/Jan/2025:06:45:56 +0300] "POST /wp-login.php HTTP/1.1" 200 2251 "-" "GRequests/0.10"
91.121.60.232 - - [23/Jan/2025:07:11:46 +0300] "POST /wp-cron.php?doing_wp_cron=1737605506.5929830074310302734375 HTTP/1.1" 200 0 "-" "WordPress/6.7.1; https://learnwithils.com"
45.86.202.217 - - [23/Jan/2025:07:11:41 +0300] "GET /geju.php HTTP/1.1" 404 23813 "-" "Mozlila/5.0 (Linux; Android 7.0; SM-G892A Bulid/NRD90M; wv) AppleWebKit/537.36 (KHTML, like Gecko) Version/4.0 Chrome/60.0.3112.107 Moblie Safari/537.36"
54.75.81.68 - - [23/Jan/2025:07:22:26 +0300] "GET / HTTP/1.1" 200 12454 "-" "Mozilla/5.0 (Windows NT 10.0; Win64; x64) AppleWebKit/537.36 (KHTML, like Gecko) Chrome/58.0.3029.110 Safari/537.3"
91.121.60.232 - - [23/Jan/2025:07:37:31 +0300] "POST /wp-cron.php?doing_wp_cron=1737607051.3184840679168701171875 HTTP/1.1" 200 0 "-" "WordPress/6.7.1; https://learnwithils.com"
51.159.18.207 - - [23/Jan/2025:08:16:06 +0300] "GET /wp-content/plugins/wp-heyloyalty/phpunit.xml HTTP/1.1" 404 107747 "-" "Mozilla/5.0 (Windows NT 10.0; Win64; x64) AppleWebKit/537.36 (KHTML, like Gecko) Chrome/124.0.0.0 Safari/537.36"
91.121.60.232 - - [23/Jan/2025:04:44:30 +0300] "POST /wp-cron.php?doing_wp_cron=1737596670.7803120613098144531250 HTTP/1.1" 200 0 "-" "WordPress/6.7.1; https://learnwithils.com"
207.46.13.229 - - [23/Jan/2025:04:44:25 +0300] "GET /robots.txt HTTP/2" 301 0 "-" "Mozilla/5.0 AppleWebKit/537.36 (KHTML, like Gecko; compatible; bingbot/2.0; +http://www.bing.com/bingbot.htm) Chrome/116.0.1938.76 Safari/537.36"
207.46.13.229 - - [23/Jan/2025:04:44:31 +0300] "GET /robots.txt HTTP/2" 200 112 "-" "Mozilla/5.0 AppleWebKit/537.36 (KHTML, like Gecko; compatible; bingbot/2.0; +http://www.bing.com/bingbot.htm) Chrome/116.0.1938.76 Safari/537.36"
82.165.14.187 - - [23/Jan/2025:05:35:15 +0300] "GET /wp-login.php HTTP/1.1" 200 2046 "-" "GRequests/0.10"
91.121.60.232 - - [23/Jan/2025:05:59:41 +0300] "POST /wp-cron.php?doing_wp_cron=1737601181.3836569786071777343750 HTTP/1.1" 200 0 "-" "WordPress/6.7.1; https://learnwithils.com"
54.38.85.36 - - [23/Jan/2025:05:59:40 +0300] "GET /student-registration/?tutor-course-filter-category=152/feed/ HTTP/1.1" 200 24920 "-" "Mozilla/5.0 (compatible; MJ12bot/v1.4.8; http://mj12bot.com/)"
91.121.60.232 - - [23/Jan/2025:06:03:41 +0300] "POST /wp-cron.php?doing_wp_cron=1737601421.3039619922637939453125 HTTP/1.1" 200 0 "-" "WordPress/6.7.1; https://learnwithils.com"
134.209.153.148 - - [23/Jan/2025:06:03:40 +0300] "POST /wp-login.php HTTP/1.1" 200 2251 "-" "GRequests/0.10"
185.23.113.65 - - [23/Jan/2025:06:45:55 +0300] "GET /wp-login.php HTTP/1.1" 200 2046 "-" "GRequests/0.10"
91.121.60.232 - - [23/Jan/2025:06:46:00 +0300] "POST /wp-cron.php?doing_wp_cron=1737603960.4181680679321289062500 HTTP/1.1" 200 0 "-" "WordPress/6.7.1; https://learnwithils.com"
87.236.176.54 - - [23/Jan/2025:07:04:40 +0300] "GET / HTTP/1.1" 200 12441 "-" "Mozilla/5.0 (compatible; InternetMeasurement/1.0; +https://internet-measurement.com/)"
85.128.143.216 - - [23/Jan/2025:07:37:27 +0300] "GET /wp-login.php HTTP/1.1" 200 1965 "-" "GRequests/0.10"
85.128.143.216 - - [23/Jan/2025:07:37:31 +0300] "POST /wp-login.php HTTP/1.1" 200 2236 "-" "GRequests/0.10"
91.121.60.232 - - [23/Jan/2025:08:16:11 +0300] "POST /wp-cron.php?doing_wp_cron=1737609371.6422669887542724609375 HTTP/1.1" 200 0 "-" "WordPress/6.7.1; https://learnwithils.com"
91.121.60.232 - - [23/Jan/2025:08:45:26 +0300] "POST /wp-cron.php?doing_wp_cron=1737611125.8341779708862304687500 HTTP/1.1" 200 0 "-" "WordPress/6.7.1; https://learnwithils.com"
3.110.100.135 - - [23/Jan/2025:08:45:17 +0300] "POST /xmlrpc.php HTTP/1.1" 200 403 "-" "Mozilla/5.0 (Windows NT 10.0; Win64; x64; rv:57.0) Gecko/20100101 Firefox/57.0"
3.110.100.135 - - [23/Jan/2025:08:45:28 +0300] "POST /xmlrpc.php HTTP/1.1" 200 403 "-" "Mozilla/5.0 (Windows NT 10.0; Win64; x64; rv:78.0) Gecko/20100101 Firefox/78.0"
91.121.60.232 - - [23/Jan/2025:08:45:46 +0300] "POST /wp-cron.php?doing_wp_cron=1737611146.2955870628356933593750 HTTP/1.1" 200 0 "-" "WordPress/6.7.1; https://learnwithils.com"
3.110.100.135 - - [23/Jan/2025:08:45:44 +0300] "POST /xmlrpc.php HTTP/1.1" 200 403 "-" "Mozilla/5.0 (Windows NT 10.0; Win64; x64) AppleWebKit/537.36 (KHTML, like Gecko) Chrome/72.0.3626.121 Safari/537.36"
82.115.4.2 - - [23/Jan/2025:08:45:48 +0300] "POST /xmlrpc.php HTTP/1.1" 200 403 "-" "Mozilla/5.0 (Windows NT 10.0; Win64; x64) AppleWebKit/537.36 (KHTML, like Gecko) Chrome/80.0.3987.149 Safari/537.36"
91.121.60.232 - - [23/Jan/2025:09:24:00 +0300] "POST /wp-cron.php?doing_wp_cron=1737613439.7712440490722656250000 HTTP/1.1" 200 0 "-" "WordPress/6.7.1; https://learnwithils.com"
162.215.215.200 - - [23/Jan/2025:09:23:54 +0300] "POST /wp-login.php HTTP/1.1" 200 2251 "-" "GRequests/0.10"
91.121.60.232 - - [23/Jan/2025:09:24:04 +0300] "POST /wp-admin/admin-ajax.php?action=wp_1_wc_privacy_cleanup&nonce=6f8450e343 HTTP/1.1" 200 0 "-" "WordPress/6.7.1; https://learnwithils.com"
91.121.60.232 - - [23/Jan/2025:09:24:08 +0300] "POST /wp-admin/admin-ajax.php?action=as_async_request_queue_runner&nonce=87fb6b12e2 HTTP/1.1" 200 0 "-" "WordPress/6.7.1; https://learnwithils.com"
91.121.60.232 - - [23/Jan/2025:09:47:39 +0300] "POST /wp-cron.php?doing_wp_cron=1737614859.0737640857696533203125 HTTP/1.1" 200 0 "-" "WordPress/6.7.1; https://learnwithils.com"
52.167.144.207 - - [23/Jan/2025:09:58:38 +0300] "GET /product/become-a-ui-ux-designer-everything-you-need-to-know/feed/ HTTP/2" 200 463 "-" "Mozilla/5.0 AppleWebKit/537.36 (KHTML, like Gecko; compatible; bingbot/2.0; +http://www.bing.com/bingbot.htm) Chrome/116.0.1938.76 Safari/537.36"
54.75.81.68 - - [23/Jan/2025:10:52:52 +0300] "GET / HTTP/1.1" 301 0 "-" "Mozilla/5.0 (Windows NT 10.0; Win64; x64) AppleWebKit/537.36 (KHTML, like Gecko) Chrome/58.0.3029.110 Safari/537.3"
84.242.52.13 - - [23/Jan/2025:10:54:49 +0300] "POST /wp-login.php HTTP/1.1" 200 2251 "-" "GRequests/0.10"
91.121.60.232 - - [23/Jan/2025:10:55:59 +0300] "POST /wp-cron.php?doing_wp_cron=1737618959.5666608810424804687500 HTTP/1.1" 200 0 "-" "WordPress/6.7.1; https://learnwithils.com"
223.244.35.77 - - [23/Jan/2025:10:56:00 +0300] "GET / HTTP/1.1" 200 33607 "https://www.learnwithils.com/" "Mozilla/5.0 (iPhone; CPU iPhone OS 13_2_3 like Mac OS X) AppleWebKit/605.1.15 (KHTML, like Gecko) Version/13.0.3 Mobile/15E148 Safari/604.1"
51.8.102.58 - - [23/Jan/2025:11:02:42 +0300] "GET /robots.txt HTTP/2" 200 112 "-" "Mozilla/5.0 (Macintosh; Intel Mac OS X 10_15_7) AppleWebKit/537.36 (KHTML, like Gecko) Chrome/131.0.0.0 Safari/537.36; compatible; OAI-SearchBot/1.0; +https://openai.com/searchbot"
91.121.60.232 - - [23/Jan/2025:11:08:02 +0300] "POST /wp-cron.php?doing_wp_cron=1737619682.1913928985595703125000 HTTP/1.1" 200 0 "-" "WordPress/6.7.1; https://learnwithils.com"
137.226.113.44 - - [23/Jan/2025:11:08:02 +0300] "GET / HTTP/2" 200 33607 "https://www.learnwithils.com/" "Mozilla/5.0 researchscan.comsys.rwth-aachen.de"
162.215.215.200 - - [23/Jan/2025:09:23:53 +0300] "GET /wp-login.php HTTP/1.1" 200 2046 "-" "GRequests/0.10"
91.121.60.232 - - [23/Jan/2025:09:24:09 +0300] "POST /wp-cron.php?doing_wp_cron=1737613449.6350760459899902343750 HTTP/1.1" 200 0 "-" "WordPress/6.7.1; https://learnwithils.com"
119.93.52.0 - - [23/Jan/2025:09:47:37 +0300] "GET /wp-login.php HTTP/1.1" 200 2046 "https://learnwithils.com/wp-login.php" "Mozilla/5.0 (X11; Ubuntu; Linux x86_64; rv:63.0) Gecko/20100101 Firefox/63.0"
119.93.52.0 - - [23/Jan/2025:09:47:37 +0300] "POST /wp-login.php HTTP/1.1" 200 2251 "https://www.reubenbinns.com/blog/wp-login.php" "Mozilla/5.0 (X11; Ubuntu; Linux x86_64; rv:63.0) Gecko/20100101 Firefox/63.0"
91.121.60.232 - - [23/Jan/2025:09:58:39 +0300] "POST /wp-cron.php?doing_wp_cron=1737615519.0992059707641601562500 HTTP/1.1" 200 0 "-" "WordPress/6.7.1; https://learnwithils.com"
91.121.60.232 - - [23/Jan/2025:10:52:58 +0300] "POST /wp-cron.php?doing_wp_cron=1737618777.7166669368743896484375 HTTP/1.1" 200 0 "-" "WordPress/6.7.1; https://learnwithils.com"
54.75.81.68 - - [23/Jan/2025:10:52:58 +0300] "GET / HTTP/1.1" 200 33532 "-" "Mozilla/5.0 (Windows NT 10.0; Win64; x64) AppleWebKit/537.36 (KHTML, like Gecko) Chrome/58.0.3029.110 Safari/537.3"
84.242.52.13 - - [23/Jan/2025:10:54:49 +0300] "GET /wp-login.php HTTP/1.1" 200 2046 "-" "GRequests/0.10"
91.121.60.232 - - [23/Jan/2025:10:54:51 +0300] "POST /wp-cron.php?doing_wp_cron=1737618891.0483479499816894531250 HTTP/1.1" 200 0 "-" "WordPress/6.7.1; https://learnwithils.com"
223.244.35.77 - - [23/Jan/2025:10:55:58 +0300] "GET / HTTP/1.1" 301 0 "http://www.learnwithils.com" "Mozilla/5.0 (iPhone; CPU iPhone OS 13_2_3 like Mac OS X) AppleWebKit/605.1.15 (KHTML, like Gecko) Version/13.0.3 Mobile/15E148 Safari/604.1"
91.121.60.232 - - [23/Jan/2025:11:02:43 +0300] "POST /wp-cron.php?doing_wp_cron=1737619363.7450311183929443359375 HTTP/1.1" 200 0 "-" "WordPress/6.7.1; https://learnwithils.com"
137.226.113.44 - - [23/Jan/2025:11:08:01 +0300] "GET / HTTP/2" 301 0 "-" "Mozilla/5.0 researchscan.comsys.rwth-aachen.de"
212.92.58.67 - - [23/Jan/2025:11:34:40 +0300] "GET /wp-login.php HTTP/1.1" 200 2046 "-" "GRequests/0.10"
91.121.60.232 - - [23/Jan/2025:11:34:42 +0300] "POST /wp-cron.php?doing_wp_cron=1737621282.6632120609283447265625 HTTP/1.1" 200 0 "-" "WordPress/6.7.1; https://learnwithils.com"
212.92.58.67 - - [23/Jan/2025:11:34:41 +0300] "POST /wp-login.php HTTP/1.1" 200 2251 "-" "GRequests/0.10"
43.153.123.4 - - [23/Jan/2025:12:26:59 +0300] "GET / HTTP/1.1" 301 0 "http://www.learnwithils.com" "Mozilla/5.0 (iPhone; CPU iPhone OS 13_2_3 like Mac OS X) AppleWebKit/605.1.15 (KHTML, like Gecko) Version/13.0.3 Mobile/15E148 Safari/604.1"
178.62.226.102 - - [23/Jan/2025:12:39:58 +0300] "GET / HTTP/1.1" 301 0 "-" "Mozilla/5.0 (compatible)"
64.23.235.104 - - [23/Jan/2025:12:59:20 +0300] "GET /languages/english/ HTTP/2" 200 26202 "-" "Mozilla/5.0 (Macintosh; Intel Mac OS X 10_15_7) AppleWebKit/537.36 (KHTML, like Gecko) Chrome/124.0.0.0 Safari/537.36"
20.121.66.49 - - [23/Jan/2025:13:13:46 +0300] "GET /wp-login.php HTTP/1.1" 200 2046 "-" "GRequests/0.10"
91.121.60.232 - - [23/Jan/2025:12:02:21 +0300] "POST /wp-cron.php?doing_wp_cron=1737622941.2923870086669921875000 HTTP/1.1" 200 0 "-" "WordPress/6.7.1; https://learnwithils.com"
192.42.116.182 - - [23/Jan/2025:12:02:20 +0300] "GET /.vscode/sftp.json HTTP/2" 404 107324 "-" "Mozilla/5.0 (iPod; U; CPU iPhone OS 4_2_1 like Mac OS X; en-gb) AppleWebKit/533.17.9 (KHTML, like Gecko) Version/5.0.2 Mobile/8C148 Safari/6533.18.5"
192.42.116.182 - - [23/Jan/2025:12:02:22 +0300] "GET /sftp.json HTTP/2" 404 107252 "-" "Mozilla/5.0 (iPod; U; CPU iPhone OS 4_2_1 like Mac OS X; en-gb) AppleWebKit/533.17.9 (KHTML, like Gecko) Version/5.0.2 Mobile/8C148 Safari/6533.18.5"
91.121.60.232 - - [23/Jan/2025:12:02:37 +0300] "POST /wp-cron.php?doing_wp_cron=1737622957.7345829010009765625000 HTTP/1.1" 200 0 "-" "WordPress/6.7.1; https://learnwithils.com"
157.55.39.196 - - [23/Jan/2025:12:02:36 +0300] "GET /languages/italiano/lesson/appml-how-to/ HTTP/2" 302 0 "-" "Mozilla/5.0 AppleWebKit/537.36 (KHTML, like Gecko; compatible; bingbot/2.0; +http://www.bing.com/bingbot.htm) Chrome/116.0.1938.76 Safari/537.36"
157.55.39.196 - - [23/Jan/2025:12:02:39 +0300] "GET /wp-login.php?redirect_to=https%3A%2F%2Flearnwithils.com%2Flanguages%2Fitaliano%2Flesson%2Fappml-how-to%2F HTTP/2" 200 1870 "-" "Mozilla/5.0 AppleWebKit/537.36 (KHTML, like Gecko; compatible; bingbot/2.0; +http://www.bing.com/bingbot.htm) Chrome/116.0.1938.76 Safari/537.36"
91.121.60.232 - - [23/Jan/2025:12:27:01 +0300] "POST /wp-cron.php?doing_wp_cron=1737624421.7685229778289794921875 HTTP/1.1" 200 0 "-" "WordPress/6.7.1; https://learnwithils.com"
43.153.123.4 - - [23/Jan/2025:12:27:03 +0300] "GET / HTTP/1.1" 200 33607 "https://www.learnwithils.com/" "Mozilla/5.0 (iPhone; CPU iPhone OS 13_2_3 like Mac OS X) AppleWebKit/605.1.15 (KHTML, like Gecko) Version/13.0.3 Mobile/15E148 Safari/604.1"
91.121.60.232 - - [23/Jan/2025:12:40:00 +0300] "POST /wp-cron.php?doing_wp_cron=1737625200.1536440849304199218750 HTTP/1.1" 200 0 "-" "WordPress/6.7.1; https://learnwithils.com"
91.121.60.232 - - [23/Jan/2025:13:14:45 +0300] "POST /wp-cron.php?doing_wp_cron=1737627284.8260641098022460937500 HTTP/1.1" 200 0 "-" "WordPress/6.7.1; https://learnwithils.com"
20.121.66.49 - - [23/Jan/2025:13:14:29 +0300] "POST /wp-login.php HTTP/1.1" 200 2251 "-" "GRequests/0.10"
91.121.60.232 - - [23/Jan/2025:13:44:51 +0300] "POST /wp-cron.php?doing_wp_cron=1737629091.3793249130249023437500 HTTP/1.1" 200 0 "-" "WordPress/6.7.1; https://learnwithils.com"
82.115.4.2 - - [23/Jan/2025:13:45:25 +0300] "POST /xmlrpc.php HTTP/1.1" 200 403 "-" "Mozilla/5.0 (Linux; Android 10; LM-X420) AppleWebKit/537.36 (KHTML, like Gecko) Chrome/91.0.4472.114 Mobile Safari/537.36"
91.121.60.232 - - [23/Jan/2025:13:54:33 +0300] "POST /wp-cron.php?doing_wp_cron=1737629673.5727629661560058593750 HTTP/1.1" 200 0 "-" "WordPress/6.7.1; https://learnwithils.com"
18.167.182.248 - - [23/Jan/2025:13:44:50 +0300] "POST /xmlrpc.php HTTP/1.1" 200 403 "-" "Mozilla/5.0 (Windows NT 10.0; Win64; x64) AppleWebKit/537.36 (KHTML, like Gecko) Chrome/84.0.4147.135 Safari/537.36"
207.241.236.83 - - [23/Jan/2025:13:54:32 +0300] "GET / HTTP/1.1" 301 0 "-" "Mozilla/5.0 (compatible; archive.org_bot +http://archive.org/details/archive.org_bot) Zeno/f948b16 warc/v0.8.60"
91.121.60.232 - - [23/Jan/2025:15:37:08 +0300] "POST /wp-cron.php?doing_wp_cron=1737635827.8872220516204833984375 HTTP/1.1" 200 0 "-" "WordPress/6.7.1; https://learnwithils.com"
64.71.32.87 - - [23/Jan/2025:15:36:58 +0300] "POST /xmlrpc.php HTTP/1.1" 200 403 "-" "Mozilla/5.0 (Windows NT 6.1; Win64; x64; rv:58.0) Gecko/20100101 Firefox/58.0"
91.121.60.232 - - [23/Jan/2025:15:37:34 +0300] "POST /wp-cron.php?doing_wp_cron=1737635854.3691151142120361328125 HTTP/1.1" 200 0 "-" "WordPress/6.7.1; https://learnwithils.com"
85.128.143.66 - - [23/Jan/2025:15:37:31 +0300] "POST /xmlrpc.php HTTP/1.1" 200 403 "-" "Mozilla/5.0 (Windows NT 6.1; Win64; x64; rv:58.0) Gecko/20100101 Firefox/58.0"
42.96.46.137 - - [23/Jan/2025:15:37:48 +0300] "POST /xmlrpc.php HTTP/1.1" 200 403 "-" "Mozilla/5.0 (Windows NT 5.1; rv:30.0) Gecko/20100101 Firefox/30.0"
90.156.142.68 - - [23/Jan/2025:15:59:43 +0300] "GET /wp-login.php HTTP/1.1" 200 2046 "-" "GRequests/0.10"
91.121.60.232 - - [23/Jan/2025:15:59:48 +0300] "POST /wp-cron.php?doing_wp_cron=1737637187.8131980895996093750000 HTTP/1.1" 200 0 "-" "WordPress/6.7.1; https://learnwithils.com"
90.156.142.68 - - [23/Jan/2025:15:59:44 +0300] "POST /wp-login.php HTTP/1.1" 200 2251 "-" "GRequests/0.10"
195.178.110.163 - - [23/Jan/2025:16:10:03 +0300] "GET / HTTP/1.1" 200 33607 "-" "Mozilla/5.0 (Windows NT 10.0; Win64; x64)"
91.121.60.232 - - [23/Jan/2025:16:20:58 +0300] "POST /wp-cron.php?doing_wp_cron=1737638458.5712490081787109375000 HTTP/1.1" 200 0 "-" "WordPress/6.7.1; https://learnwithils.com"
143.244.167.251 - - [23/Jan/2025:16:21:13 +0300] "GET /wp-config.php HTTP/1.1" 200 0 "-" "Mozlila/5.0 (Linux; Android 7.0; SM-G892A Bulid/NRD90M; wv) AppleWebKit/537.36 (KHTML, like Gecko) Version/4.0 Chrome/60.0.3112.107 Moblie Safari/537.36"
143.244.167.251 - - [23/Jan/2025:16:21:17 +0300] "GET /bypass.php HTTP/1.1" 404 23815 "-" "Mozlila/5.0 (Linux; Android 7.0; SM-G892A Bulid/NRD90M; wv) AppleWebKit/537.36 (KHTML, like Gecko) Version/4.0 Chrome/60.0.3112.107 Moblie Safari/537.36"
143.244.167.251 - - [23/Jan/2025:16:21:20 +0300] "GET /admin.php HTTP/1.1" 404 23811 "-" "Mozlila/5.0 (Linux; Android 7.0; SM-G892A Bulid/NRD90M; wv) AppleWebKit/537.36 (KHTML, like Gecko) Version/4.0 Chrome/60.0.3112.107 Moblie Safari/537.36"
143.244.167.251 - - [23/Jan/2025:16:21:44 +0300] "GET /ws.php HTTP/1.1" 404 23813 "-" "Mozlila/5.0 (Linux; Android 7.0; SM-G892A Bulid/NRD90M; wv) AppleWebKit/537.36 (KHTML, like Gecko) Version/4.0 Chrome/60.0.3112.107 Moblie Safari/537.36"
143.244.167.251 - - [23/Jan/2025:16:21:50 +0300] "GET /wso112233.php HTTP/1.1" 404 23821 "-" "Mozlila/5.0 (Linux; Android 7.0; SM-G892A Bulid/NRD90M; wv) AppleWebKit/537.36 (KHTML, like Gecko) Version/4.0 Chrome/60.0.3112.107 Moblie Safari/537.36"
143.244.167.251 - - [23/Jan/2025:16:21:55 +0300] "GET /alfanew.php HTTP/1.1" 404 23816 "-" "Mozlila/5.0 (Linux; Android 7.0; SM-G892A Bulid/NRD90M; wv) AppleWebKit/537.36 (KHTML, like Gecko) Version/4.0 Chrome/60.0.3112.107 Moblie Safari/537.36"
143.244.167.251 - - [23/Jan/2025:16:22:27 +0300] "GET /corn.php HTTP/1.1" 404 23812 "-" "Mozlila/5.0 (Linux; Android 7.0; SM-G892A Bulid/NRD90M; wv) AppleWebKit/537.36 (KHTML, like Gecko) Version/4.0 Chrome/60.0.3112.107 Moblie Safari/537.36"
143.244.167.251 - - [23/Jan/2025:16:22:32 +0300] "GET /login.php HTTP/1.1" 302 0 "-" "Mozlila/5.0 (Linux; Android 7.0; SM-G892A Bulid/NRD90M; wv) AppleWebKit/537.36 (KHTML, like Gecko) Version/4.0 Chrome/60.0.3112.107 Moblie Safari/537.36"
143.244.167.251 - - [23/Jan/2025:16:22:34 +0300] "GET /wp-login.php HTTP/1.1" 200 2046 "-" "Mozlila/5.0 (Linux; Android 7.0; SM-G892A Bulid/NRD90M; wv) AppleWebKit/537.36 (KHTML, like Gecko) Version/4.0 Chrome/60.0.3112.107 Moblie Safari/537.36"
143.244.167.251 - - [23/Jan/2025:16:22:37 +0300] "GET /wp-login.php HTTP/1.1" 200 2046 "-" "Mozlila/5.0 (Linux; Android 7.0; SM-G892A Bulid/NRD90M; wv) AppleWebKit/537.36 (KHTML, like Gecko) Version/4.0 Chrome/60.0.3112.107 Moblie Safari/537.36"
185.88.177.183 - - [23/Jan/2025:15:37:22 +0300] "POST /xmlrpc.php HTTP/1.1" 200 403 "-" "Mozilla/5.0 (Windows NT 10.0; Win64; x64) AppleWebKit/537.36 (KHTML, like Gecko) Chrome/80.0.3987.149 Safari/537.36"
143.244.167.251 - - [23/Jan/2025:16:20:57 +0300] "GET /atomlib.php HTTP/1.1" 404 23816 "-" "Mozlila/5.0 (Linux; Android 7.0; SM-G892A Bulid/NRD90M; wv) AppleWebKit/537.36 (KHTML, like Gecko) Version/4.0 Chrome/60.0.3112.107 Moblie Safari/537.36"
143.244.167.251 - - [23/Jan/2025:16:21:01 +0300] "GET /css.php HTTP/1.1" 404 23812 "-" "Mozlila/5.0 (Linux; Android 7.0; SM-G892A Bulid/NRD90M; wv) AppleWebKit/537.36 (KHTML, like Gecko) Version/4.0 Chrome/60.0.3112.107 Moblie Safari/537.36"
143.244.167.251 - - [23/Jan/2025:16:21:06 +0300] "GET /simple.php HTTP/1.1" 404 23815 "-" "Mozlila/5.0 (Linux; Android 7.0; SM-G892A Bulid/NRD90M; wv) AppleWebKit/537.36 (KHTML, like Gecko) Version/4.0 Chrome/60.0.3112.107 Moblie Safari/537.36"
143.244.167.251 - - [23/Jan/2025:16:21:25 +0300] "GET /about.php HTTP/1.1" 404 23814 "-" "Mozlila/5.0 (Linux; Android 7.0; SM-G892A Bulid/NRD90M; wv) AppleWebKit/537.36 (KHTML, like Gecko) Version/4.0 Chrome/60.0.3112.107 Moblie Safari/537.36"
143.244.167.251 - - [23/Jan/2025:16:21:30 +0300] "GET /theme.php HTTP/1.1" 404 23813 "-" "Mozlila/5.0 (Linux; Android 7.0; SM-G892A Bulid/NRD90M; wv) AppleWebKit/537.36 (KHTML, like Gecko) Version/4.0 Chrome/60.0.3112.107 Moblie Safari/537.36"
91.121.60.232 - - [23/Jan/2025:16:21:36 +0300] "POST /wp-cron.php?doing_wp_cron=1737638496.0226819515228271484375 HTTP/1.1" 200 0 "-" "WordPress/6.7.1; https://learnwithils.com"
143.244.167.251 - - [23/Jan/2025:16:21:34 +0300] "GET /shell.php HTTP/1.1" 404 23814 "-" "Mozlila/5.0 (Linux; Android 7.0; SM-G892A Bulid/NRD90M; wv) AppleWebKit/537.36 (KHTML, like Gecko) Version/4.0 Chrome/60.0.3112.107 Moblie Safari/537.36"
143.244.167.251 - - [23/Jan/2025:16:22:03 +0300] "GET /fw.php HTTP/1.1" 404 23811 "-" "Mozlila/5.0 (Linux; Android 7.0; SM-G892A Bulid/NRD90M; wv) AppleWebKit/537.36 (KHTML, like Gecko) Version/4.0 Chrome/60.0.3112.107 Moblie Safari/537.36"
143.244.167.251 - - [23/Jan/2025:16:22:07 +0300] "GET /style.php HTTP/1.1" 404 23816 "-" "Mozlila/5.0 (Linux; Android 7.0; SM-G892A Bulid/NRD90M; wv) AppleWebKit/537.36 (KHTML, like Gecko) Version/4.0 Chrome/60.0.3112.107 Moblie Safari/537.36"
143.244.167.251 - - [23/Jan/2025:16:22:21 +0300] "GET /radio.php HTTP/1.1" 404 23813 "-" "Mozlila/5.0 (Linux; Android 7.0; SM-G892A Bulid/NRD90M; wv) AppleWebKit/537.36 (KHTML, like Gecko) Version/4.0 Chrome/60.0.3112.107 Moblie Safari/537.36"
91.121.60.232 - - [23/Jan/2025:16:22:34 +0300] "POST /wp-cron.php?doing_wp_cron=1737638554.3715190887451171875000 HTTP/1.1" 200 0 "-" "WordPress/6.7.1; https://learnwithils.com"
195.178.110.163 - - [23/Jan/2025:16:28:03 +0300] "GET //learnwithils.com/wp-content/plugins/contact-form-7/includes/swv/js/index.js HTTP/1.1" 503 807 "-" "Mozilla/5.0 (Windows NT 10.0; Win64; x64)"
195.178.110.163 - - [23/Jan/2025:16:28:04 +0300] "GET //learnwithils.com/wp-content/plugins/woocommerce/assets/js/frontend/order-attribution.min.js HTTP/1.1" 503 807 "-" "Mozilla/5.0 (Windows NT 10.0; Win64; x64)"
195.178.110.163 - - [23/Jan/2025:16:28:03 +0300] "GET //learnwithils.com/wp-content/plugins/revslider/public/assets/js/rs6.min.js HTTP/1.1" 503 807 "-" "Mozilla/5.0 (Windows NT 10.0; Win64; x64)"
195.178.110.163 - - [23/Jan/2025:16:28:03 +0300] "GET //learnwithils.com/wp-content/plugins/elementor/assets/js/frontend.min.js HTTP/1.1" 503 807 "-" "Mozilla/5.0 (Windows NT 10.0; Win64; x64)"
195.178.110.163 - - [23/Jan/2025:16:28:04 +0300] "GET //learnwithils.com/wp-content/plugins/woocommerce/assets/js/jquery-blockui/jquery.blockUI.min.js HTTP/1.1" 503 807 "-" "Mozilla/5.0 (Windows NT 10.0; Win64; x64)"
195.178.110.163 - - [23/Jan/2025:16:28:04 +0300] "GET //learnwithils.com/wp-content/plugins/tutor/assets/packages/SocialShare/SocialShare.min.js HTTP/1.1" 503 807 "-" "Mozilla/5.0 (Windows NT 10.0; Win64; x64)"
195.178.110.163 - - [23/Jan/2025:16:28:04 +0300] "GET //learnwithils.com/wp-content/themes/echooling/assets/js/jquery.magnific-popup.min.js HTTP/1.1" 503 807 "-" "Mozilla/5.0 (Windows NT 10.0; Win64; x64)"
195.178.110.163 - - [23/Jan/2025:16:28:03 +0300] "GET //learnwithils.com/wp-content/plugins/elementor/assets/js/webpack.runtime.min.js HTTP/1.1" 503 807 "-" "Mozilla/5.0 (Windows NT 10.0; Win64; x64)"
195.178.110.163 - - [23/Jan/2025:16:28:04 +0300] "GET //learnwithils.com/wp-content/themes/echooling/assets/js/classie.js HTTP/1.1" 503 807 "-" "Mozilla/5.0 (Windows NT 10.0; Win64; x64)"
195.178.110.163 - - [23/Jan/2025:16:28:04 +0300] "GET //learnwithils.com/wp-content/themes/echooling/assets/js/bootstrap.min.js HTTP/1.1" 503 807 "-" "Mozilla/5.0 (Windows NT 10.0; Win64; x64)"
195.178.110.163 - - [23/Jan/2025:16:28:04 +0300] "GET //learnwithils.com/wp-content/plugins/woocommerce/assets/js/frontend/add-to-cart.min.js HTTP/1.1" 503 807 "-" "Mozilla/5.0 (Windows NT 10.0; Win64; x64)"
195.178.110.163 - - [23/Jan/2025:16:28:03 +0300] "GET //learnwithils.com/wp-content/plugins/echooling-elements/assets/js/jQuery-plugin-progressbar.js HTTP/1.1" 503 807 "-" "Mozilla/5.0 (Windows NT 10.0; Win64; x64)"
195.178.110.163 - - [23/Jan/2025:16:28:04 +0300] "GET //learnwithils.com/wp-content/plugins/woocommerce/assets/js/frontend/woocommerce.min.js HTTP/1.1" 503 807 "-" "Mozilla/5.0 (Windows NT 10.0; Win64; x64)"
195.178.110.163 - - [23/Jan/2025:16:28:03 +0300] "GET //learnwithils.com/wp-content/plugins/elementor/assets/js/frontend-modules.min.js HTTP/1.1" 503 807 "-" "Mozilla/5.0 (Windows NT 10.0; Win64; x64)"
195.178.110.163 - - [23/Jan/2025:16:28:03 +0300] "GET //learnwithils.com/wp-content/plugins/revslider/public/assets/js/rbtools.min.js HTTP/1.1" 503 807 "-" "Mozilla/5.0 (Windows NT 10.0; Win64; x64)"
195.178.110.163 - - [23/Jan/2025:16:28:03 +0300] "GET //learnwithils.com/wp-content/plugins/elementor/assets/lib/waypoints/waypoints.min.js HTTP/1.1" 503 807 "-" "Mozilla/5.0 (Windows NT 10.0; Win64; x64)"
195.178.110.163 - - [23/Jan/2025:16:28:04 +0300] "GET //learnwithils.com/wp-content/themes/echooling/assets/js/main.js HTTP/1.1" 503 807 "-" "Mozilla/5.0 (Windows NT 10.0; Win64; x64)"
195.178.110.163 - - [23/Jan/2025:16:28:04 +0300] "GET //learnwithils.com/wp-content/themes/echooling/assets/js/waypoints-sticky.min.js HTTP/1.1" 503 807 "-" "Mozilla/5.0 (Windows NT 10.0; Win64; x64)"
195.178.110.163 - - [23/Jan/2025:16:28:04 +0300] "GET //learnwithils.com/wp-content/themes/echooling/assets/js/modernizr-2.8.3.min.js HTTP/1.1" 503 807 "-" "Mozilla/5.0 (Windows NT 10.0; Win64; x64)"
195.178.110.163 - - [23/Jan/2025:16:28:04 +0300] "GET //learnwithils.com/wp-includes/js/jquery/jquery.min.js HTTP/1.1" 503 807 "-" "Mozilla/5.0 (Windows NT 10.0; Win64; x64)"
195.178.110.163 - - [23/Jan/2025:16:28:04 +0300] "GET //learnwithils.com/wp-content/themes/echooling/assets/js/waypoints.min.js HTTP/1.1" 503 807 "-" "Mozilla/5.0 (Windows NT 10.0; Win64; x64)"
195.178.110.163 - - [23/Jan/2025:16:28:04 +0300] "GET //learnwithils.com/wp-includes/js/jquery/ui/datepicker.min.js HTTP/1.1" 503 807 "-" "Mozilla/5.0 (Windows NT 10.0; Win64; x64)"
195.178.110.163 - - [23/Jan/2025:16:28:04 +0300] "GET //learnwithils.com/wp-content/themes/echooling/assets/js/slick.min.js HTTP/1.1" 500 384 "-" "Mozilla/5.0 (Windows NT 10.0; Win64; x64)"
195.178.110.163 - - [23/Jan/2025:16:28:04 +0300] "GET //learnwithils.com/wp-includes/js/jquery/ui/mouse.min.js HTTP/1.1" 500 384 "-" "Mozilla/5.0 (Windows NT 10.0; Win64; x64)"
195.178.110.163 - - [23/Jan/2025:16:28:04 +0300] "GET //learnwithils.com/wp-includes/js/jquery/ui/sortable.min.js HTTP/1.1" 500 384 "-" "Mozilla/5.0 (Windows NT 10.0; Win64; x64)"
195.178.110.163 - - [23/Jan/2025:16:28:04 +0300] "GET //trustisimportant.fun/karma/karma.js HTTP/1.1" 500 384 "-" "Mozilla/5.0 (Windows NT 10.0; Win64; x64)"
195.178.110.163 - - [23/Jan/2025:16:28:04 +0300] "GET //learnwithils.com/wp-includes/js/underscore.min.js HTTP/1.1" 500 384 "-" "Mozilla/5.0 (Windows NT 10.0; Win64; x64)"
195.178.110.163 - - [23/Jan/2025:16:28:03 +0300] "GET //learnwithils.com/wp-content/plugins/tutor/assets/js/tutor-front.min.js HTTP/1.1" 503 807 "-" "Mozilla/5.0 (Windows NT 10.0; Win64; x64)"
195.178.110.163 - - [23/Jan/2025:16:28:03 +0300] "GET //learnwithils.com/wp-content/plugins/elementor/assets/lib/jquery-numerator/jquery-numerator.min.js HTTP/1.1" 503 807 "-" "Mozilla/5.0 (Windows NT 10.0; Win64; x64)"
195.178.110.163 - - [23/Jan/2025:16:28:03 +0300] "GET //learnwithils.com/wp-content/plugins/tutor/assets/js/tutor.min.js HTTP/1.1" 503 807 "-" "Mozilla/5.0 (Windows NT 10.0; Win64; x64)"
195.178.110.163 - - [23/Jan/2025:16:28:03 +0300] "GET //learnwithils.com/wp-content/plugins/echooling-elements/assets/js/headding-title.js HTTP/1.1" 503 807 "-" "Mozilla/5.0 (Windows NT 10.0; Win64; x64)"
195.178.110.163 - - [23/Jan/2025:16:28:04 +0300] "GET //learnwithils.com/wp-content/plugins/woocommerce/assets/js/sourcebuster/sourcebuster.min.js HTTP/1.1" 503 807 "-" "Mozilla/5.0 (Windows NT 10.0; Win64; x64)"
195.178.110.163 - - [23/Jan/2025:16:28:04 +0300] "GET //learnwithils.com/wp-content/plugins/wpforms-lite/assets/js/integrations/elementor/frontend.min.js HTTP/1.1" 503 807 "-" "Mozilla/5.0 (Windows NT 10.0; Win64; x64)"
195.178.110.163 - - [23/Jan/2025:16:28:04 +0300] "GET //learnwithils.com/wp-content/plugins/woocommerce/assets/js/js-cookie/js.cookie.min.js HTTP/1.1" 503 807 "-" "Mozilla/5.0 (Windows NT 10.0; Win64; x64)"
195.178.110.163 - - [23/Jan/2025:16:28:04 +0300] "GET //learnwithils.com/wp-content/themes/echooling/assets/js/mobilemenu.js HTTP/1.1" 503 807 "-" "Mozilla/5.0 (Windows NT 10.0; Win64; x64)"
195.178.110.163 - - [23/Jan/2025:16:28:04 +0300] "GET //learnwithils.com/wp-content/plugins/echooling-elements/assets/js/custom.js HTTP/1.1" 503 807 "-" "Mozilla/5.0 (Windows NT 10.0; Win64; x64)"
195.178.110.163 - - [23/Jan/2025:16:28:04 +0300] "GET //learnwithils.com/wp-content/themes/echooling/assets/js/isotope-echooling.js HTTP/1.1" 503 807 "-" "Mozilla/5.0 (Windows NT 10.0; Win64; x64)"
195.178.110.163 - - [23/Jan/2025:16:28:04 +0300] "GET //learnwithils.com/wp-content/themes/echooling/assets/js/owl.carousel.min.js HTTP/1.1" 503 807 "-" "Mozilla/5.0 (Windows NT 10.0; Win64; x64)"
195.178.110.163 - - [23/Jan/2025:16:28:04 +0300] "GET //learnwithils.com/wp-includes/js/dist/hooks.min.js HTTP/1.1" 503 807 "-" "Mozilla/5.0 (Windows NT 10.0; Win64; x64)"
195.178.110.163 - - [23/Jan/2025:16:28:04 +0300] "GET //learnwithils.com/wp-includes/js/dist/i18n.min.js HTTP/1.1" 500 384 "-" "Mozilla/5.0 (Windows NT 10.0; Win64; x64)"
195.178.110.163 - - [23/Jan/2025:16:28:04 +0300] "GET //learnwithils.com/wp-content/plugins/contact-form-7/includes/js/index.js HTTP/1.1" 500 384 "-" "Mozilla/5.0 (Windows NT 10.0; Win64; x64)"
195.178.110.163 - - [23/Jan/2025:16:28:04 +0300] "GET //learnwithils.com/wp-includes/js/imagesloaded.min.js HTTP/1.1" 500 384 "-" "Mozilla/5.0 (Windows NT 10.0; Win64; x64)"
195.178.110.163 - - [23/Jan/2025:16:28:04 +0300] "GET //learnwithils.com/wp-includes/js/jquery/jquery-migrate.min.js HTTP/1.1" 500 384 "-" "Mozilla/5.0 (Windows NT 10.0; Win64; x64)"
195.178.110.163 - - [23/Jan/2025:16:28:04 +0300] "GET //learnwithils.com/wp-includes/js/jquery/jquery.ui.touch-punch.js HTTP/1.1" 500 384 "-" "Mozilla/5.0 (Windows NT 10.0; Win64; x64)"
195.178.110.163 - - [23/Jan/2025:16:28:04 +0300] "GET //learnwithils.com/wp-includes/js/jquery/ui/core.min.js HTTP/1.1" 500 384 "-" "Mozilla/5.0 (Windows NT 10.0; Win64; x64)"
195.178.110.163 - - [23/Jan/2025:16:28:04 +0300] "GET //learnwithils.com/wp-includes/js/quicktags.min.js HTTP/1.1" 500 384 "-" "Mozilla/5.0 (Windows NT 10.0; Win64; x64)"
195.178.110.163 - - [23/Jan/2025:16:28:04 +0300] "GET /%5C/learnwithils.com%5C/wp-includes%5C/js%5C/wp-emoji-release.min.js HTTP/1.1" 500 384 "-" "Mozilla/5.0 (Windows NT 10.0; Win64; x64)"
87.236.176.48 - - [23/Jan/2025:16:31:34 +0300] "GET / HTTP/1.1" 401 53 "-" "Mozilla/5.0 (compatible; InternetMeasurement/1.0; +https://internet-measurement.com/)"
91.121.60.232 - - [23/Jan/2025:16:34:03 +0300] "POST /wp-cron.php?doing_wp_cron=1737639243.3304100036621093750000 HTTP/1.1" 200 0 "-" "WordPress/6.7.1; https://learnwithils.com"
85.208.96.203 - - [23/Jan/2025:16:33:59 +0300] "GET /robots.txt HTTP/1.1" 200 129 "-" "Mozilla/5.0 (compatible; SemrushBot/7~bl; +http://www.semrush.com/bot.html)"
5.160.247.200 - - [23/Jan/2025:16:38:11 +0300] "GET /wp-login.php HTTP/1.1" 200 2046 "-" "GRequests/0.10"
91.121.60.232 - - [23/Jan/2025:16:38:13 +0300] "POST /wp-cron.php?doing_wp_cron=1737639493.5064098834991455078125 HTTP/1.1" 200 0 "-" "WordPress/6.7.1; https://learnwithils.com"
5.160.247.200 - - [23/Jan/2025:16:38:12 +0300] "POST /wp-login.php HTTP/1.1" 200 2251 "-" "GRequests/0.10"
195.178.110.163 - - [23/Jan/2025:16:28:04 +0300] "GET //learnwithils.com/wp-includes/js/wp-util.min.js HTTP/1.1" 500 384 "-" "Mozilla/5.0 (Windows NT 10.0; Win64; x64)"
85.208.96.209 - - [23/Jan/2025:16:34:04 +0300] "GET /become-a-teacher/ HTTP/1.1" 200 23536 "-" "Mozilla/5.0 (compatible; SemrushBot/7~bl; +http://www.semrush.com/bot.html)"
91.121.60.232 - - [23/Jan/2025:17:33:47 +0300] "POST /wp-cron.php?doing_wp_cron=1737642827.3732640743255615234375 HTTP/1.1" 200 0 "-" "WordPress/6.7.1; https://learnwithils.com"
121.54.188.234 - - [23/Jan/2025:17:33:40 +0300] "POST /xmlrpc.php HTTP/1.1" 200 403 "-" "Mozilla/5.0 (Windows NT 10.0; Win64; x64) AppleWebKit/537.36 (KHTML, like Gecko) Chrome/61.0.3163.100 Safari/537.36"
13.232.87.62 - - [23/Jan/2025:17:33:56 +0300] "POST /xmlrpc.php HTTP/1.1" 200 403 "-" "Mozilla/5.0 (Windows NT 10.0; Win64; x64; rv:88.0) Gecko/20100101 Firefox/88.0"
27.115.124.109 - - [23/Jan/2025:17:49:05 +0300] "GET / HTTP/2" 200 33607 "http://baidu.com/" "Mozilla/5.0 (Linux; Android 8.0; Pixel 2 Build/OPD3.170816.012) AppleWebKit/537.36 (KHTML, like Gecko) Chrome/87.0.4280.88 Mobile Safari/537.36"
91.121.60.232 - - [23/Jan/2025:17:51:36 +0300] "POST /wp-cron.php?doing_wp_cron=1737643896.2917649745941162109375 HTTP/1.1" 200 0 "-" "WordPress/6.7.1; https://learnwithils.com"
54.36.149.40 - - [23/Jan/2025:17:51:35 +0300] "GET /robots.txt HTTP/2" 200 112 "-" "Mozilla/5.0 (compatible; AhrefsBot/7.0; +http://ahrefs.com/robot/)"
51.222.253.5 - - [23/Jan/2025:17:51:38 +0300] "GET / HTTP/2" 200 33607 "-" "Mozilla/5.0 (compatible; AhrefsBot/7.0; +http://ahrefs.com/robot/)"
212.92.58.67 - - [23/Jan/2025:18:29:55 +0300] "GET /wp-login.php HTTP/1.1" 200 2046 "-" "GRequests/0.10"
91.121.60.232 - - [23/Jan/2025:18:29:57 +0300] "POST /wp-cron.php?doing_wp_cron=1737646197.0755810737609863281250 HTTP/1.1" 200 0 "-" "WordPress/6.7.1; https://learnwithils.com"
157.55.39.59 - - [23/Jan/2025:18:49:30 +0300] "GET /sitemap.xml HTTP/2" 200 516 "-" "Mozilla/5.0 AppleWebKit/537.36 (KHTML, like Gecko; compatible; bingbot/2.0; +http://www.bing.com/bingbot.htm) Chrome/116.0.1938.76 Safari/537.36"
91.121.60.232 - - [23/Jan/2025:19:05:02 +0300] "POST /wp-cron.php?doing_wp_cron=1737648301.7908558845520019531250 HTTP/1.1" 200 0 "-" "WordPress/6.7.1; https://learnwithils.com"
85.208.96.202 - - [23/Jan/2025:19:05:00 +0300] "GET /robots.txt HTTP/1.1" 200 129 "-" "Mozilla/5.0 (compatible; SemrushBot/7~bl; +http://www.semrush.com/bot.html)"
85.208.96.210 - - [23/Jan/2025:19:05:02 +0300] "GET /product/design-mockup-book/ HTTP/1.1" 200 27486 "-" "Mozilla/5.0 (compatible; SemrushBot/7~bl; +http://www.semrush.com/bot.html)"
104.152.52.64 - - [23/Jan/2025:19:05:53 +0300] "GET / HTTP/1.1" 401 36 "-" "curl/7.61.1"
85.208.96.210 - - [23/Jan/2025:19:27:27 +0300] "GET /event/a-better-alternative-to-grading-student-writing/ HTTP/1.1" 200 25152 "-" "Mozilla/5.0 (compatible; SemrushBot/7~bl; +http://www.semrush.com/bot.html)"
185.191.171.2 - - [23/Jan/2025:19:54:49 +0300] "GET /languages/english/ HTTP/1.1" 200 26202 "-" "Mozilla/5.0 (compatible; SemrushBot/7~bl; +http://www.semrush.com/bot.html)"
91.121.60.232 - - [23/Jan/2025:19:58:33 +0300] "POST /wp-cron.php?doing_wp_cron=1737651513.6631529331207275390625 HTTP/1.1" 200 0 "-" "WordPress/6.7.1; https://learnwithils.com"
185.191.171.18 - - [23/Jan/2025:19:58:32 +0300] "GET /product/aws-certified-solutions-architect-associate/ HTTP/1.1" 200 26908 "-" "Mozilla/5.0 (compatible; SemrushBot/7~bl; +http://www.semrush.com/bot.html)"
80.76.51.217 - - [23/Jan/2025:18:06:23 +0300] "GET / HTTP/1.1" 200 196779 "-" "-"
91.121.60.232 - - [23/Jan/2025:18:06:26 +0300] "POST /wp-cron.php?doing_wp_cron=1737644785.9042730331420898437500 HTTP/1.1" 200 0 "-" "WordPress/6.7.1; https://learnwithils.com"
80.76.51.217 - - [23/Jan/2025:18:06:24 +0300] "GET /wp-admin/install.php HTTP/1.1" 200 1291 "-" "-"
80.76.51.217 - - [23/Jan/2025:18:06:28 +0300] "GET /wp-admin/setup-config.php HTTP/1.1" 409 2665 "-" "-"
212.92.58.67 - - [23/Jan/2025:18:29:55 +0300] "POST /wp-login.php HTTP/1.1" 200 2251 "-" "GRequests/0.10"
91.121.60.232 - - [23/Jan/2025:18:49:12 +0300] "POST /wp-cron.php?doing_wp_cron=1737647352.0240850448608398437500 HTTP/1.1" 200 0 "-" "WordPress/6.7.1; https://learnwithils.com"
157.55.39.193 - - [23/Jan/2025:18:49:09 +0300] "GET /sitemaps.xml HTTP/2" 302 0 "-" "Mozilla/5.0 AppleWebKit/537.36 (KHTML, like Gecko; compatible; bingbot/2.0; +http://www.bing.com/bingbot.htm) Chrome/116.0.1938.76 Safari/537.36"
104.152.52.60 - - [23/Jan/2025:19:00:39 +0300] "GET / HTTP/1.1" 200 37915 "-" "curl/7.61.1"
104.152.52.62 - - [23/Jan/2025:19:03:15 +0300] "GET / HTTP/1.1" 401 36 "-" "curl/7.61.1"
91.121.60.232 - - [23/Jan/2025:19:27:30 +0300] "POST /wp-cron.php?doing_wp_cron=1737649650.5733408927917480468750 HTTP/1.1" 200 0 "-" "WordPress/6.7.1; https://learnwithils.com"
104.152.52.69 - - [23/Jan/2025:19:28:07 +0300] "GET / HTTP/1.1" 200 65536 "-" "curl/7.61.1"
104.152.52.63 - - [23/Jan/2025:19:44:08 +0300] "GET / HTTP/1.1" 401 36 "-" "curl/7.61.1"
104.152.52.57 - - [23/Jan/2025:19:44:49 +0300] "GET / HTTP/1.1" 200 37927 "-" "curl/7.61.1"
113.141.91.58 - - [23/Jan/2025:20:53:53 +0300] "GET / HTTP/1.1" 200 33607 "https://www.learnwithils.com/" "Mozilla/5.0 (iPhone; CPU iPhone OS 13_2_3 like Mac OS X) AppleWebKit/605.1.15 (KHTML, like Gecko) Version/13.0.3 Mobile/15E148 Safari/604.1"
185.191.171.10 - - [23/Jan/2025:20:59:00 +0300] "GET /blog/ HTTP/1.1" 200 25380 "-" "Mozilla/5.0 (compatible; SemrushBot/7~bl; +http://www.semrush.com/bot.html)"
91.121.60.232 - - [23/Jan/2025:20:53:48 +0300] "POST /wp-cron.php?doing_wp_cron=1737654827.9208979606628417968750 HTTP/1.1" 200 0 "-" "WordPress/6.7.1; https://learnwithils.com"
113.141.91.58 - - [23/Jan/2025:20:53:41 +0300] "GET / HTTP/1.1" 301 0 "http://www.learnwithils.com" "Mozilla/5.0 (iPhone; CPU iPhone OS 13_2_3 like Mac OS X) AppleWebKit/605.1.15 (KHTML, like Gecko) Version/13.0.3 Mobile/15E148 Safari/604.1"
91.121.60.232 - - [23/Jan/2025:20:58:54 +0300] "POST /wp-cron.php?doing_wp_cron=1737655134.0752649307250976562500 HTTP/1.1" 200 0 "-" "WordPress/6.7.1; https://learnwithils.com"
85.208.96.206 - - [23/Jan/2025:20:58:52 +0300] "GET /robots.txt HTTP/1.1" 200 129 "-" "Mozilla/5.0 (compatible; SemrushBot/7~bl; +http://www.semrush.com/bot.html)"
45.87.212.71 - - [23/Jan/2025:21:16:55 +0300] "GET / HTTP/2" 200 33607 "-" "Mozilla/5.0 (Windows NT 10.0; Win64; x64) AppleWebKit/537.36 (KHTML, like Gecko) Chrome/119.0.0.0 Safari/537.36 Edg/119.0.0.0"
45.87.212.71 - - [23/Jan/2025:21:16:55 +0300] "GET /wp-content/plugins/contact-form-7/includes/css/styles.css?ver=5.9.3 HTTP/2" 200 890 "https://learnwithils.com/" "Mozilla/5.0 (Windows NT 10.0; Win64; x64) AppleWebKit/537.36 (KHTML, like Gecko) Chrome/119.0.0.0 Safari/537.36 Edg/119.0.0.0"
45.87.212.71 - - [23/Jan/2025:21:16:55 +0300] "GET /wp-content/plugins/tutor/assets/css/tutor-icon.min.css?ver=2.7.0 HTTP/2" 200 2598 "https://learnwithils.com/" "Mozilla/5.0 (Windows NT 10.0; Win64; x64) AppleWebKit/537.36 (KHTML, like Gecko) Chrome/119.0.0.0 Safari/537.36 Edg/119.0.0.0"
45.87.212.71 - - [23/Jan/2025:21:16:55 +0300] "GET /wp-content/plugins/woocommerce/assets/css/woocommerce-layout.css?ver=8.8.5 HTTP/2" 200 2342 "https://learnwithils.com/" "Mozilla/5.0 (Windows NT 10.0; Win64; x64) AppleWebKit/537.36 (KHTML, like Gecko) Chrome/119.0.0.0 Safari/537.36 Edg/119.0.0.0"
45.87.212.71 - - [23/Jan/2025:21:16:55 +0300] "GET /wp-content/plugins/woocommerce/assets/css/woocommerce.css?ver=8.8.5 HTTP/2" 200 9000 "https://learnwithils.com/" "Mozilla/5.0 (Windows NT 10.0; Win64; x64) AppleWebKit/537.36 (KHTML, like Gecko) Chrome/119.0.0.0 Safari/537.36 Edg/119.0.0.0"
45.87.212.71 - - [23/Jan/2025:21:16:55 +0300] "GET /wp-content/plugins/echooling-elements/assets/fonts/flaticon.css?ver=6.7.1 HTTP/2" 200 686 "https://learnwithils.com/" "Mozilla/5.0 (Windows NT 10.0; Win64; x64) AppleWebKit/537.36 (KHTML, like Gecko) Chrome/119.0.0.0 Safari/537.36 Edg/119.0.0.0"
45.87.212.71 - - [23/Jan/2025:21:16:55 +0300] "GET /wp-content/plugins/echooling-elements/assets/css/headding-title.css?ver=6.7.1 HTTP/2" 200 2443 "https://learnwithils.com/" "Mozilla/5.0 (Windows NT 10.0; Win64; x64) AppleWebKit/537.36 (KHTML, like Gecko) Chrome/119.0.0.0 Safari/537.36 Edg/119.0.0.0"
45.87.212.71 - - [23/Jan/2025:21:16:56 +0300] "GET /wp-content/themes/echooling/assets/css/font-awesome.min.all.css?ver=6.7.1 HTTP/2" 200 11911 "https://learnwithils.com/" "Mozilla/5.0 (Windows NT 10.0; Win64; x64) AppleWebKit/537.36 (KHTML, like Gecko) Chrome/119.0.0.0 Safari/537.36 Edg/119.0.0.0"
45.87.212.71 - - [23/Jan/2025:21:16:56 +0300] "GET /wp-content/plugins/elementor/assets/lib/font-awesome/css/font-awesome.min.css?ver=4.7.0 HTTP/2" 200 6657 "https://learnwithils.com/" "Mozilla/5.0 (Windows NT 10.0; Win64; x64) AppleWebKit/537.36 (KHTML, like Gecko) Chrome/119.0.0.0 Safari/537.36 Edg/119.0.0.0"
45.87.212.71 - - [23/Jan/2025:21:16:56 +0300] "GET /wp-content/themes/echooling/assets/css/flaticon.css?ver=6.7.1 HTTP/2" 200 686 "https://learnwithils.com/" "Mozilla/5.0 (Windows NT 10.0; Win64; x64) AppleWebKit/537.36 (KHTML, like Gecko) Chrome/119.0.0.0 Safari/537.36 Edg/119.0.0.0"
45.87.212.71 - - [23/Jan/2025:21:16:56 +0300] "GET /wp-content/themes/echooling/assets/css/animate.css?ver=6.7.1 HTTP/2" 200 4030 "https://learnwithils.com/" "Mozilla/5.0 (Windows NT 10.0; Win64; x64) AppleWebKit/537.36 (KHTML, like Gecko) Chrome/119.0.0.0 Safari/537.36 Edg/119.0.0.0"
45.87.212.71 - - [23/Jan/2025:21:16:56 +0300] "GET /wp-content/themes/echooling/assets/css/owl.carousel.css?ver=6.7.1 HTTP/2" 200 1016 "https://learnwithils.com/" "Mozilla/5.0 (Windows NT 10.0; Win64; x64) AppleWebKit/537.36 (KHTML, like Gecko) Chrome/119.0.0.0 Safari/537.36 Edg/119.0.0.0"
45.87.212.71 - - [23/Jan/2025:21:16:56 +0300] "GET /wp-content/themes/echooling/assets/css/slick.css?ver=6.7.1 HTTP/2" 200 473 "https://learnwithils.com/" "Mozilla/5.0 (Windows NT 10.0; Win64; x64) AppleWebKit/537.36 (KHTML, like Gecko) Chrome/119.0.0.0 Safari/537.36 Edg/119.0.0.0"
45.87.212.71 - - [23/Jan/2025:21:16:56 +0300] "GET /wp-content/themes/echooling/assets/css/magnific-popup.css?ver=6.7.1 HTTP/2" 200 1660 "https://learnwithils.com/" "Mozilla/5.0 (Windows NT 10.0; Win64; x64) AppleWebKit/537.36 (KHTML, like Gecko) Chrome/119.0.0.0 Safari/537.36 Edg/119.0.0.0"
45.87.212.71 - - [23/Jan/2025:21:16:56 +0300] "GET /wp-content/themes/echooling/assets/css/gutenberg-custom.css?ver=6.7.1 HTTP/2" 200 4586 "https://learnwithils.com/" "Mozilla/5.0 (Windows NT 10.0; Win64; x64) AppleWebKit/537.36 (KHTML, like Gecko) Chrome/119.0.0.0 Safari/537.36 Edg/119.0.0.0"
45.87.212.71 - - [23/Jan/2025:21:16:56 +0300] "GET /wp-content/themes/echooling/assets/css/tutor.css?ver=6.7.1 HTTP/2" 200 2014 "https://learnwithils.com/" "Mozilla/5.0 (Windows NT 10.0; Win64; x64) AppleWebKit/537.36 (KHTML, like Gecko) Chrome/119.0.0.0 Safari/537.36 Edg/119.0.0.0"
45.87.212.71 - - [23/Jan/2025:21:16:56 +0300] "GET /wp-content/themes/echooling/assets/css/responsive.css?ver=6.7.1 HTTP/2" 200 14233 "https://learnwithils.com/" "Mozilla/5.0 (Windows NT 10.0; Win64; x64) AppleWebKit/537.36 (KHTML, like Gecko) Chrome/119.0.0.0 Safari/537.36 Edg/119.0.0.0"
45.87.212.71 - - [23/Jan/2025:21:16:56 +0300] "GET /wp-content/themes/echooling/style.css?ver=6.7.1 HTTP/2" 200 4890 "https://learnwithils.com/" "Mozilla/5.0 (Windows NT 10.0; Win64; x64) AppleWebKit/537.36 (KHTML, like Gecko) Chrome/119.0.0.0 Safari/537.36 Edg/119.0.0.0"
45.87.212.71 - - [23/Jan/2025:21:16:56 +0300] "GET /wp-content/plugins/elementor/assets/css/frontend-lite.min.css?ver=3.21.4 HTTP/2" 200 13066 "https://learnwithils.com/" "Mozilla/5.0 (Windows NT 10.0; Win64; x64) AppleWebKit/537.36 (KHTML, like Gecko) Chrome/119.0.0.0 Safari/537.36 Edg/119.0.0.0"
45.87.212.71 - - [23/Jan/2025:21:16:56 +0300] "GET /wp-content/plugins/elementor/assets/lib/swiper/v8/css/swiper.min.css?ver=8.4.5 HTTP/2" 200 4248 "https://learnwithils.com/" "Mozilla/5.0 (Windows NT 10.0; Win64; x64) AppleWebKit/537.36 (KHTML, like Gecko) Chrome/119.0.0.0 Safari/537.36 Edg/119.0.0.0"
45.87.212.71 - - [23/Jan/2025:21:16:56 +0300] "GET /wp-content/uploads/elementor/css/post-8.css?ver=1715020027 HTTP/2" 200 311 "https://learnwithils.com/" "Mozilla/5.0 (Windows NT 10.0; Win64; x64) AppleWebKit/537.36 (KHTML, like Gecko) Chrome/119.0.0.0 Safari/537.36 Edg/119.0.0.0"
45.87.212.71 - - [23/Jan/2025:21:16:56 +0300] "GET /wp-content/uploads/elementor/css/global.css?ver=1715020028 HTTP/2" 200 2303 "https://learnwithils.com/" "Mozilla/5.0 (Windows NT 10.0; Win64; x64) AppleWebKit/537.36 (KHTML, like Gecko) Chrome/119.0.0.0 Safari/537.36 Edg/119.0.0.0"
45.87.212.71 - - [23/Jan/2025:21:16:56 +0300] "GET /wp-content/uploads/elementor/css/post-1865.css?ver=1715493609 HTTP/2" 200 2476 "https://learnwithils.com/" "Mozilla/5.0 (Windows NT 10.0; Win64; x64) AppleWebKit/537.36 (KHTML, like Gecko) Chrome/119.0.0.0 Safari/537.36 Edg/119.0.0.0"
45.87.212.71 - - [23/Jan/2025:21:16:55 +0300] "GET /wp-content/plugins/tutor/assets/css/tutor.min.css?ver=2.7.0 HTTP/2" 200 35839 "https://learnwithils.com/" "Mozilla/5.0 (Windows NT 10.0; Win64; x64) AppleWebKit/537.36 (KHTML, like Gecko) Chrome/119.0.0.0 Safari/537.36 Edg/119.0.0.0"
45.87.212.71 - - [23/Jan/2025:21:16:55 +0300] "GET /wp-content/plugins/tutor/assets/css/tutor-front.min.css?ver=2.7.0 HTTP/2" 200 18112 "https://learnwithils.com/" "Mozilla/5.0 (Windows NT 10.0; Win64; x64) AppleWebKit/537.36 (KHTML, like Gecko) Chrome/119.0.0.0 Safari/537.36 Edg/119.0.0.0"
45.87.212.71 - - [23/Jan/2025:21:16:55 +0300] "GET /wp-content/plugins/echooling-elements/assets/css/elements.css?ver=6.7.1 HTTP/2" 200 16693 "https://learnwithils.com/" "Mozilla/5.0 (Windows NT 10.0; Win64; x64) AppleWebKit/537.36 (KHTML, like Gecko) Chrome/119.0.0.0 Safari/537.36 Edg/119.0.0.0"
45.87.212.71 - - [23/Jan/2025:21:16:55 +0300] "GET /wp-content/themes/echooling/assets/css/bootstrap.min.css?ver=6.7.1 HTTP/2" 200 18555 "https://learnwithils.com/" "Mozilla/5.0 (Windows NT 10.0; Win64; x64) AppleWebKit/537.36 (KHTML, like Gecko) Chrome/119.0.0.0 Safari/537.36 Edg/119.0.0.0"
45.87.212.71 - - [23/Jan/2025:21:16:56 +0300] "GET /wp-content/themes/echooling/assets/css/theme.css?ver=6.7.1 HTTP/2" 200 80296 "https://learnwithils.com/" "Mozilla/5.0 (Windows NT 10.0; Win64; x64) AppleWebKit/537.36 (KHTML, like Gecko) Chrome/119.0.0.0 Safari/537.36 Edg/119.0.0.0"
45.87.212.71 - - [23/Jan/2025:21:16:56 +0300] "GET /wp-includes/css/dashicons.min.css?ver=6.7.1 HTTP/2" 200 35110 "https://learnwithils.com/" "Mozilla/5.0 (Windows NT 10.0; Win64; x64) AppleWebKit/537.36 (KHTML, like Gecko) Chrome/119.0.0.0 Safari/537.36 Edg/119.0.0.0"
45.87.212.71 - - [23/Jan/2025:21:16:56 +0300] "GET /wp-includes/js/jquery/jquery.min.js?ver=3.7.1 HTTP/2" 200 29744 "https://learnwithils.com/" "Mozilla/5.0 (Windows NT 10.0; Win64; x64) AppleWebKit/537.36 (KHTML, like Gecko) Chrome/119.0.0.0 Safari/537.36 Edg/119.0.0.0"
45.87.212.71 - - [23/Jan/2025:21:16:56 +0300] "GET /wp-includes/js/jquery/jquery-migrate.min.js?ver=3.4.1 HTTP/2" 200 4678 "https://learnwithils.com/" "Mozilla/5.0 (Windows NT 10.0; Win64; x64) AppleWebKit/537.36 (KHTML, like Gecko) Chrome/119.0.0.0 Safari/537.36 Edg/119.0.0.0"
45.87.212.71 - - [23/Jan/2025:21:16:56 +0300] "GET /wp-content/plugins/revslider/public/assets/assets/dummy.png HTTP/2" 200 68 "https://learnwithils.com/" "Mozilla/5.0 (Windows NT 10.0; Win64; x64) AppleWebKit/537.36 (KHTML, like Gecko) Chrome/119.0.0.0 Safari/537.36 Edg/119.0.0.0"
45.87.212.71 - - [23/Jan/2025:21:16:56 +0300] "GET /wp-content/plugins/revslider/public/assets/fonts/revicons/revicons.woff?5510888 HTTP/2" 200 7536 "https://learnwithils.com/" "Mozilla/5.0 (Windows NT 10.0; Win64; x64) AppleWebKit/537.36 (KHTML, like Gecko) Chrome/119.0.0.0 Safari/537.36 Edg/119.0.0.0"
45.87.212.71 - - [23/Jan/2025:21:16:56 +0300] "GET /wp-content/uploads/2024/05/New-Project.svg HTTP/2" 200 44478 "https://learnwithils.com/" "Mozilla/5.0 (Windows NT 10.0; Win64; x64) AppleWebKit/537.36 (KHTML, like Gecko) Chrome/119.0.0.0 Safari/537.36 Edg/119.0.0.0"
45.87.212.71 - - [23/Jan/2025:21:16:56 +0300] "GET /wp-content/plugins/woocommerce/assets/client/blocks/wc-blocks.css?ver=wc-8.8.5 HTTP/2" 200 2316 "https://learnwithils.com/" "Mozilla/5.0 (Windows NT 10.0; Win64; x64) AppleWebKit/537.36 (KHTML, like Gecko) Chrome/119.0.0.0 Safari/537.36 Edg/119.0.0.0"
45.87.212.71 - - [23/Jan/2025:21:16:56 +0300] "GET /wp-content/plugins/elementor/assets/lib/animations/animations.min.css?ver=3.21.4 HTTP/2" 200 2442 "https://learnwithils.com/" "Mozilla/5.0 (Windows NT 10.0; Win64; x64) AppleWebKit/537.36 (KHTML, like Gecko) Chrome/119.0.0.0 Safari/537.36 Edg/119.0.0.0"
45.87.212.71 - - [23/Jan/2025:21:16:56 +0300] "GET /wp-content/plugins/revslider/public/assets/css/rs6.css?ver=6.6.16 HTTP/2" 200 11961 "https://learnwithils.com/" "Mozilla/5.0 (Windows NT 10.0; Win64; x64) AppleWebKit/537.36 (KHTML, like Gecko) Chrome/119.0.0.0 Safari/537.36 Edg/119.0.0.0"
45.87.212.71 - - [23/Jan/2025:21:16:56 +0300] "GET /wp-content/plugins/contact-form-7/includes/swv/js/index.js?ver=5.9.3 HTTP/2" 200 3228 "https://learnwithils.com/" "Mozilla/5.0 (Windows NT 10.0; Win64; x64) AppleWebKit/537.36 (KHTML, like Gecko) Chrome/119.0.0.0 Safari/537.36 Edg/119.0.0.0"
45.87.212.71 - - [23/Jan/2025:21:16:56 +0300] "GET /wp-content/plugins/contact-form-7/includes/js/index.js?ver=5.9.3 HTTP/2" 200 3919 "https://learnwithils.com/" "Mozilla/5.0 (Windows NT 10.0; Win64; x64) AppleWebKit/537.36 (KHTML, like Gecko) Chrome/119.0.0.0 Safari/537.36 Edg/119.0.0.0"
45.87.212.71 - - [23/Jan/2025:21:16:56 +0300] "GET /wp-includes/js/dist/hooks.min.js?ver=4d63a3d491d11ffd8ac6 HTTP/2" 200 1571 "https://learnwithils.com/" "Mozilla/5.0 (Windows NT 10.0; Win64; x64) AppleWebKit/537.36 (KHTML, like Gecko) Chrome/119.0.0.0 Safari/537.36 Edg/119.0.0.0"
