159.89.230.4 - - [23/Jan/2025:22:24:16 +0300] "GET /wp-includes/class-wpdb.php HTTP/1.1" 200 0 "binance.com" "Mozilla/5.0 (Windows NT 10.0; Win64; x64) AppleWebKit/537.36 (KHTML, like Gecko) Chrome/90.0.4430.85 Safari/537.36"
159.89.230.4 - - [23/Jan/2025:22:24:24 +0300] "GET /wp-includes/fonts.php HTTP/1.1" 200 0 "binance.com" "Mozilla/5.0 (Windows NT 10.0; Win64; x64) AppleWebKit/537.36 (KHTML, like Gecko) Chrome/90.0.4430.85 Safari/537.36"
159.89.230.4 - - [23/Jan/2025:22:24:32 +0300] "GET /wp-includes/global-styles-and-settings.php HTTP/1.1" 200 0 "binance.com" "Mozilla/5.0 (Windows NT 10.0; Win64; x64) AppleWebKit/537.36 (KHTML, like Gecko) Chrome/90.0.4430.85 Safari/537.36"
159.89.230.4 - - [23/Jan/2025:22:24:36 +0300] "GET /wp-includes/https-detection.php HTTP/1.1" 200 0 "binance.com" "Mozilla/5.0 (Windows NT 10.0; Win64; x64) AppleWebKit/537.36 (KHTML, like Gecko) Chrome/90.0.4430.85 Safari/537.36"
159.89.230.4 - - [23/Jan/2025:22:24:48 +0300] "GET /wp-includes/robots-template.php HTTP/1.1" 200 0 "binance.com" "Mozilla/5.0 (Windows NT 10.0; Win64; x64) AppleWebKit/537.36 (KHTML, like Gecko) Chrome/90.0.4430.85 Safari/537.36"
159.89.230.4 - - [23/Jan/2025:22:25:03 +0300] "GET /wp-includes/style-engine.php HTTP/1.1" 200 0 "binance.com" "Mozilla/5.0 (Windows NT 10.0; Win64; x64) AppleWebKit/537.36 (KHTML, like Gecko) Chrome/90.0.4430.85 Safari/537.36"
159.89.230.4 - - [23/Jan/2025:22:25:10 +0300] "GET /wp-includes/template-canvas.php HTTP/1.1" 500 0 "binance.com" "Mozilla/5.0 (Windows NT 10.0; Win64; x64) AppleWebKit/537.36 (KHTML, like Gecko) Chrome/90.0.4430.85 Safari/537.36"
159.89.230.4 - - [23/Jan/2025:22:25:23 +0300] "GET /wp-includes/theme-templates.php HTTP/1.1" 200 0 "binance.com" "Mozilla/5.0 (Windows NT 10.0; Win64; x64) AppleWebKit/537.36 (KHTML, like Gecko) Chrome/90.0.4430.85 Safari/537.36"
159.89.230.4 - - [23/Jan/2025:22:25:26 +0300] "GET /wp-includes/wp-options.php HTTP/1.1" 200 0 "binance.com" "Mozilla/5.0 (Windows NT 10.0; Win64; x64) AppleWebKit/537.36 (KHTML, like Gecko) Chrome/90.0.4430.85 Safari/537.36"
159.89.230.4 - - [23/Jan/2025:22:25:30 +0300] "GET /wp-includes/zip.php HTTP/1.1" 200 0 "binance.com" "Mozilla/5.0 (Windows NT 10.0; Win64; x64) AppleWebKit/537.36 (KHTML, like Gecko) Chrome/90.0.4430.85 Safari/537.36"
159.89.230.4 - - [23/Jan/2025:22:25:33 +0300] "GET /wp-includes/ID3/ HTTP/1.1" 200 1624 "binance.com" "Mozilla/5.0 (Windows NT 10.0; Win64; x64) AppleWebKit/537.36 (KHTML, like Gecko) Chrome/90.0.4430.85 Safari/537.36"
159.89.230.4 - - [23/Jan/2025:22:25:36 +0300] "GET /wp-includes/ID3/ HTTP/1.1" 200 1624 "binance.com" "Mozilla/5.0 (Windows NT 10.0; Win64; x64) AppleWebKit/537.36 (KHTML, like Gecko) Chrome/90.0.4430.85 Safari/537.36"
159.89.230.4 - - [23/Jan/2025:22:25:41 +0300] "GET /wp-includes/IXR/ HTTP/1.1" 200 1475 "binance.com" "Mozilla/5.0 (Windows NT 10.0; Win64; x64) AppleWebKit/537.36 (KHTML, like Gecko) Chrome/90.0.4430.85 Safari/537.36"
159.89.230.4 - - [23/Jan/2025:22:25:46 +0300] "GET /wp-includes/PHPMailer/ HTTP/1.1" 200 845 "binance.com" "Mozilla/5.0 (Windows NT 10.0; Win64; x64) AppleWebKit/537.36 (KHTML, like Gecko) Chrome/90.0.4430.85 Safari/537.36"
159.89.230.4 - - [23/Jan/2025:22:25:50 +0300] "GET /wp-includes/PHPMailer/ HTTP/1.1" 200 845 "binance.com" "Mozilla/5.0 (Windows NT 10.0; Win64; x64) AppleWebKit/537.36 (KHTML, like Gecko) Chrome/90.0.4430.85 Safari/537.36"
159.89.230.4 - - [23/Jan/2025:22:25:51 +0300] "GET /wp-includes/Text/ HTTP/1.1" 200 859 "binance.com" "Mozilla/5.0 (Windows NT 10.0; Win64; x64) AppleWebKit/537.36 (KHTML, like Gecko) Chrome/90.0.4430.85 Safari/537.36"
159.89.230.4 - - [23/Jan/2025:22:25:59 +0300] "GET /wp-includes/Text/ HTTP/1.1" 200 859 "binance.com" "Mozilla/5.0 (Windows NT 10.0; Win64; x64) AppleWebKit/537.36 (KHTML, like Gecko) Chrome/90.0.4430.85 Safari/537.36"
159.89.230.4 - - [23/Jan/2025:22:26:44 +0300] "GET /wp-includes/Text/Diff/Renderer/ HTTP/1.1" 200 784 "binance.com" "Mozilla/5.0 (Windows NT 10.0; Win64; x64) AppleWebKit/537.36 (KHTML, like Gecko) Chrome/90.0.4430.85 Safari/537.36"
159.89.230.4 - - [23/Jan/2025:22:24:42 +0300] "GET /wp-includes/https-migration.php HTTP/1.1" 200 0 "binance.com" "Mozilla/5.0 (Windows NT 10.0; Win64; x64) AppleWebKit/537.36 (KHTML, like Gecko) Chrome/90.0.4430.85 Safari/537.36"
159.89.230.4 - - [23/Jan/2025:22:24:56 +0300] "GET /wp-includes/script-modules.php HTTP/1.1" 200 0 "binance.com" "Mozilla/5.0 (Windows NT 10.0; Win64; x64) AppleWebKit/537.36 (KHTML, like Gecko) Chrome/90.0.4430.85 Safari/537.36"
159.89.230.4 - - [23/Jan/2025:22:25:18 +0300] "GET /wp-includes/theme-previews.php HTTP/1.1" 200 0 "binance.com" "Mozilla/5.0 (Windows NT 10.0; Win64; x64) AppleWebKit/537.36 (KHTML, like Gecko) Chrome/90.0.4430.85 Safari/537.36"
159.89.230.4 - - [23/Jan/2025:22:25:39 +0300] "GET /wp-includes/IXR/ HTTP/1.1" 200 1475 "binance.com" "Mozilla/5.0 (Windows NT 10.0; Win64; x64) AppleWebKit/537.36 (KHTML, like Gecko) Chrome/90.0.4430.85 Safari/537.36"
159.89.230.4 - - [23/Jan/2025:22:26:11 +0300] "GET /wp-includes/Text/Diff/ HTTP/1.1" 200 863 "binance.com" "Mozilla/5.0 (Windows NT 10.0; Win64; x64) AppleWebKit/537.36 (KHTML, like Gecko) Chrome/90.0.4430.85 Safari/537.36"
159.89.230.4 - - [23/Jan/2025:22:26:16 +0300] "GET /wp-includes/Text/Diff/ HTTP/1.1" 200 863 "binance.com" "Mozilla/5.0 (Windows NT 10.0; Win64; x64) AppleWebKit/537.36 (KHTML, like Gecko) Chrome/90.0.4430.85 Safari/537.36"
159.89.230.4 - - [23/Jan/2025:22:26:22 +0300] "GET /wp-includes/Text/Diff/Engine/ HTTP/1.1" 200 878 "binance.com" "Mozilla/5.0 (Windows NT 10.0; Win64; x64) AppleWebKit/537.36 (KHTML, like Gecko) Chrome/90.0.4430.85 Safari/537.36"
159.89.230.4 - - [23/Jan/2025:22:26:30 +0300] "GET /wp-includes/Text/Diff/Engine/ HTTP/1.1" 200 878 "binance.com" "Mozilla/5.0 (Windows NT 10.0; Win64; x64) AppleWebKit/537.36 (KHTML, like Gecko) Chrome/90.0.4430.85 Safari/537.36"
159.89.230.4 - - [23/Jan/2025:22:26:38 +0300] "GET /wp-includes/Text/Diff/Renderer/ HTTP/1.1" 200 784 "binance.com" "Mozilla/5.0 (Windows NT 10.0; Win64; x64) AppleWebKit/537.36 (KHTML, like Gecko) Chrome/90.0.4430.85 Safari/537.36"
159.89.230.4 - - [23/Jan/2025:22:26:48 +0300] "GET /wp-includes/blocks/ HTTP/1.1" 200 22 "binance.com" "Mozilla/5.0 (Windows NT 10.0; Win64; x64) AppleWebKit/537.36 (KHTML, like Gecko) Chrome/90.0.4430.85 Safari/537.36"
159.89.230.4 - - [23/Jan/2025:22:26:51 +0300] "GET /wp-includes/pomo/ HTTP/1.1" 200 1292 "binance.com" "Mozilla/5.0 (Windows NT 10.0; Win64; x64) AppleWebKit/537.36 (KHTML, like Gecko) Chrome/90.0.4430.85 Safari/537.36"
159.89.230.4 - - [23/Jan/2025:22:26:54 +0300] "GET /wp-includes/pomo/ HTTP/1.1" 200 1292 "binance.com" "Mozilla/5.0 (Windows NT 10.0; Win64; x64) AppleWebKit/537.36 (KHTML, like Gecko) Chrome/90.0.4430.85 Safari/537.36"
159.89.230.4 - - [23/Jan/2025:22:26:58 +0300] "GET /wp-includes/sitemaps/ HTTP/1.1" 200 1343 "binance.com" "Mozilla/5.0 (Windows NT 10.0; Win64; x64) AppleWebKit/537.36 (KHTML, like Gecko) Chrome/90.0.4430.85 Safari/537.36"
159.89.230.4 - - [23/Jan/2025:22:27:02 +0300] "GET /wp-includes/sitemaps/providers/ HTTP/1.1" 200 943 "binance.com" "Mozilla/5.0 (Windows NT 10.0; Win64; x64) AppleWebKit/537.36 (KHTML, like Gecko) Chrome/90.0.4430.85 Safari/537.36"
159.89.230.4 - - [23/Jan/2025:22:27:03 +0300] "GET /wp-includes/widgets/ HTTP/1.1" 200 1855 "binance.com" "Mozilla/5.0 (Windows NT 10.0; Win64; x64) AppleWebKit/537.36 (KHTML, like Gecko) Chrome/90.0.4430.85 Safari/537.36"
159.89.230.4 - - [23/Jan/2025:22:27:14 +0300] "GET /wp-includes/fonts/ HTTP/1.1" 200 1458 "binance.com" "Mozilla/5.0 (Windows NT 10.0; Win64; x64) AppleWebKit/537.36 (KHTML, like Gecko) Chrome/90.0.4430.85 Safari/537.36"
159.89.230.4 - - [23/Jan/2025:22:27:15 +0300] "GET /wp-includes/fonts/class-wp-font-collection.php HTTP/1.1" 200 0 "binance.com" "Mozilla/5.0 (Windows NT 10.0; Win64; x64) AppleWebKit/537.36 (KHTML, like Gecko) Chrome/90.0.4430.85 Safari/537.36"
159.89.230.4 - - [23/Jan/2025:22:26:56 +0300] "GET /wp-includes/sitemaps/ HTTP/1.1" 200 1343 "binance.com" "Mozilla/5.0 (Windows NT 10.0; Win64; x64) AppleWebKit/537.36 (KHTML, like Gecko) Chrome/90.0.4430.85 Safari/537.36"
159.89.230.4 - - [23/Jan/2025:22:27:00 +0300] "GET /wp-includes/sitemaps/providers/ HTTP/1.1" 200 943 "binance.com" "Mozilla/5.0 (Windows NT 10.0; Win64; x64) AppleWebKit/537.36 (KHTML, like Gecko) Chrome/90.0.4430.85 Safari/537.36"
159.89.230.4 - - [23/Jan/2025:22:27:05 +0300] "GET /wp-includes/widgets/ HTTP/1.1" 200 1855 "binance.com" "Mozilla/5.0 (Windows NT 10.0; Win64; x64) AppleWebKit/537.36 (KHTML, like Gecko) Chrome/90.0.4430.85 Safari/537.36"
159.89.230.4 - - [23/Jan/2025:22:27:07 +0300] "GET /wp-includes/widgets/class-wp-widget-block.php HTTP/1.1" 500 0 "binance.com" "Mozilla/5.0 (Windows NT 10.0; Win64; x64) AppleWebKit/537.36 (KHTML, like Gecko) Chrome/90.0.4430.85 Safari/537.36"
159.89.230.4 - - [23/Jan/2025:22:27:09 +0300] "GET /wp-includes/css/ HTTP/1.1" 200 2337 "binance.com" "Mozilla/5.0 (Windows NT 10.0; Win64; x64) AppleWebKit/537.36 (KHTML, like Gecko) Chrome/90.0.4430.85 Safari/537.36"
159.89.230.4 - - [23/Jan/2025:22:27:10 +0300] "GET /wp-includes/css/dist/ HTTP/1.1" 200 1383 "binance.com" "Mozilla/5.0 (Windows NT 10.0; Win64; x64) AppleWebKit/537.36 (KHTML, like Gecko) Chrome/90.0.4430.85 Safari/537.36"
159.89.230.4 - - [23/Jan/2025:22:27:12 +0300] "GET /wp-includes/fonts/ HTTP/1.1" 200 1458 "binance.com" "Mozilla/5.0 (Windows NT 10.0; Win64; x64) AppleWebKit/537.36 (KHTML, like Gecko) Chrome/90.0.4430.85 Safari/537.36"
159.89.230.4 - - [23/Jan/2025:22:27:17 +0300] "GET /wp-includes/fonts/class-wp-font-face.php HTTP/1.1" 200 0 "binance.com" "Mozilla/5.0 (Windows NT 10.0; Win64; x64) AppleWebKit/537.36 (KHTML, like Gecko) Chrome/90.0.4430.85 Safari/537.36"
159.89.230.4 - - [23/Jan/2025:22:27:19 +0300] "GET /wp-includes/fonts/class-wp-font-library.php HTTP/1.1" 200 0 "binance.com" "Mozilla/5.0 (Windows NT 10.0; Win64; x64) AppleWebKit/537.36 (KHTML, like Gecko) Chrome/90.0.4430.85 Safari/537.36"
159.89.230.4 - - [23/Jan/2025:22:27:25 +0300] "GET /wp-includes/images/ HTTP/1.1" 200 1994 "binance.com" "Mozilla/5.0 (Windows NT 10.0; Win64; x64) AppleWebKit/537.36 (KHTML, like Gecko) Chrome/90.0.4430.85 Safari/537.36"
159.89.230.4 - - [23/Jan/2025:22:27:31 +0300] "GET /wp-includes/images/crystal/ HTTP/1.1" 200 1405 "binance.com" "Mozilla/5.0 (Windows NT 10.0; Win64; x64) AppleWebKit/537.36 (KHTML, like Gecko) Chrome/90.0.4430.85 Safari/537.36"
91.121.60.232 - - [23/Jan/2025:22:27:44 +0300] "POST /wp-cron.php?doing_wp_cron=1737660464.5298330783843994140625 HTTP/1.1" 200 0 "-" "WordPress/6.7.1; https://learnwithils.com"
159.89.230.4 - - [23/Jan/2025:22:28:00 +0300] "GET /wp-includes/js/codemirror/ HTTP/1.1" 200 1344 "binance.com" "Mozilla/5.0 (Windows NT 10.0; Win64; x64) AppleWebKit/537.36 (KHTML, like Gecko) Chrome/90.0.4430.85 Safari/537.36"
159.89.230.4 - - [23/Jan/2025:22:28:15 +0300] "GET /.well-known/ HTTP/1.1" 200 759 "binance.com" "Mozilla/5.0 (Windows NT 10.0; Win64; x64) AppleWebKit/537.36 (KHTML, like Gecko) Chrome/90.0.4430.85 Safari/537.36"
91.121.60.232 - - [23/Jan/2025:22:34:54 +0300] "POST /wp-cron.php?doing_wp_cron=1737660894.5970931053161621093750 HTTP/1.1" 200 0 "-" "WordPress/6.7.1; https://learnwithils.com"
66.249.65.225 - - [23/Jan/2025:22:34:53 +0300] "GET /robots.txt HTTP/1.1" 200 112 "-" "Mozilla/5.0 (compatible; Googlebot/2.1; +http://www.google.com/bot.html)"
66.249.65.225 - - [23/Jan/2025:22:35:20 +0300] "GET /wp-includes/js/jquery/jquery.min.js?ver=3.7.1 HTTP/1.1" 200 29744 "https://learnwithils.com/shop/" "Mozilla/5.0 (Linux; Android 6.0.1; Nexus 5X Build/MMB29P) AppleWebKit/537.36 (KHTML, like Gecko) Chrome/131.0.6778.264 Mobile Safari/537.36 (compatible; Googlebot/2.1; +http://www.google.com/bot.html)"
159.89.230.4 - - [23/Jan/2025:22:27:16 +0300] "GET /wp-includes/fonts/class-wp-font-face-resolver.php HTTP/1.1" 200 0 "binance.com" "Mozilla/5.0 (Windows NT 10.0; Win64; x64) AppleWebKit/537.36 (KHTML, like Gecko) Chrome/90.0.4430.85 Safari/537.36"
159.89.230.4 - - [23/Jan/2025:22:27:20 +0300] "GET /wp-includes/fonts/class-wp-font-utils.php HTTP/1.1" 200 0 "binance.com" "Mozilla/5.0 (Windows NT 10.0; Win64; x64) AppleWebKit/537.36 (KHTML, like Gecko) Chrome/90.0.4430.85 Safari/537.36"
159.89.230.4 - - [23/Jan/2025:22:27:35 +0300] "GET /wp-includes/images/media/ HTTP/1.1" 200 1475 "binance.com" "Mozilla/5.0 (Windows NT 10.0; Win64; x64) AppleWebKit/537.36 (KHTML, like Gecko) Chrome/90.0.4430.85 Safari/537.36"
159.89.230.4 - - [23/Jan/2025:22:27:38 +0300] "GET /wp-includes/images/smilies/ HTTP/1.1" 200 1669 "binance.com" "Mozilla/5.0 (Windows NT 10.0; Win64; x64) AppleWebKit/537.36 (KHTML, like Gecko) Chrome/90.0.4430.85 Safari/537.36"
159.89.230.4 - - [23/Jan/2025:22:27:43 +0300] "GET /wp-includes/images/wlw/ HTTP/1.1" 404 23885 "binance.com" "Mozilla/5.0 (Windows NT 10.0; Win64; x64) AppleWebKit/537.36 (KHTML, like Gecko) Chrome/90.0.4430.85 Safari/537.36"
159.89.230.4 - - [23/Jan/2025:22:27:52 +0300] "GET /wp-includes/js/ HTTP/1.1" 200 4619 "binance.com" "Mozilla/5.0 (Windows NT 10.0; Win64; x64) AppleWebKit/537.36 (KHTML, like Gecko) Chrome/90.0.4430.85 Safari/537.36"
159.89.230.4 - - [23/Jan/2025:22:28:06 +0300] "GET /wp-includes/js/plupload/ HTTP/1.1" 200 1373 "binance.com" "Mozilla/5.0 (Windows NT 10.0; Win64; x64) AppleWebKit/537.36 (KHTML, like Gecko) Chrome/90.0.4430.85 Safari/537.36"
66.249.65.224 - - [23/Jan/2025:22:35:11 +0300] "GET /shop/ HTTP/1.1" 200 24942 "-" "Mozilla/5.0 (Linux; Android 6.0.1; Nexus 5X Build/MMB29P) AppleWebKit/537.36 (KHTML, like Gecko) Chrome/132.0.6834.83 Mobile Safari/537.36 (compatible; Googlebot/2.1; +http://www.google.com/bot.html)"
66.249.65.224 - - [23/Jan/2025:22:35:21 +0300] "GET /wp-content/uploads/2024/05/New-Project.svg HTTP/1.1" 200 44478 "https://learnwithils.com/shop/" "Mozilla/5.0 (Linux; Android 6.0.1; Nexus 5X Build/MMB29P) AppleWebKit/537.36 (KHTML, like Gecko) Chrome/131.0.6778.264 Mobile Safari/537.36 (compatible; Googlebot/2.1; +http://www.google.com/bot.html)"
66.249.65.224 - - [23/Jan/2025:22:35:21 +0300] "GET /wp-content/plugins/tutor/assets/css/tutor.min.css?ver=2.7.0 HTTP/1.1" 200 35839 "https://learnwithils.com/shop/" "Mozilla/5.0 (Linux; Android 6.0.1; Nexus 5X Build/MMB29P) AppleWebKit/537.36 (KHTML, like Gecko) Chrome/131.0.6778.264 Mobile Safari/537.36 (compatible; Googlebot/2.1; +http://www.google.com/bot.html)"
66.249.65.224 - - [23/Jan/2025:22:35:21 +0300] "GET /wp-content/plugins/contact-form-7/includes/swv/js/index.js?ver=5.9.3 HTTP/1.1" 200 3228 "https://learnwithils.com/shop/" "Mozilla/5.0 (Linux; Android 6.0.1; Nexus 5X Build/MMB29P) AppleWebKit/537.36 (KHTML, like Gecko) Chrome/131.0.6778.264 Mobile Safari/537.36 (compatible; Googlebot/2.1; +http://www.google.com/bot.html)"
66.249.65.224 - - [23/Jan/2025:22:35:21 +0300] "GET /wp-content/plugins/echooling-elements/assets/css/headding-title.css?ver=6.7.1 HTTP/1.1" 200 2443 "https://learnwithils.com/shop/" "Mozilla/5.0 (Linux; Android 6.0.1; Nexus 5X Build/MMB29P) AppleWebKit/537.36 (KHTML, like Gecko) Chrome/131.0.6778.264 Mobile Safari/537.36 (compatible; Googlebot/2.1; +http://www.google.com/bot.html)"
66.249.65.224 - - [23/Jan/2025:22:35:24 +0300] "GET /wp-content/plugins/contact-form-7/includes/css/styles.css?ver=5.9.3 HTTP/1.1" 200 890 "https://learnwithils.com/shop/" "Mozilla/5.0 (Linux; Android 6.0.1; Nexus 5X Build/MMB29P) AppleWebKit/537.36 (KHTML, like Gecko) Chrome/131.0.6778.264 Mobile Safari/537.36 (compatible; Googlebot/2.1; +http://www.google.com/bot.html)"
66.249.65.224 - - [23/Jan/2025:22:35:25 +0300] "GET /wp-includes/js/quicktags.min.js?ver=6.7.1 HTTP/1.1" 200 3331 "https://learnwithils.com/shop/" "Mozilla/5.0 (Linux; Android 6.0.1; Nexus 5X Build/MMB29P) AppleWebKit/537.36 (KHTML, like Gecko) Chrome/131.0.6778.264 Mobile Safari/537.36 (compatible; Googlebot/2.1; +http://www.google.com/bot.html)"
66.249.65.224 - - [23/Jan/2025:22:35:26 +0300] "GET /wp-includes/js/jquery/jquery.ui.touch-punch.js?ver=0.2.2 HTTP/1.1" 200 509 "https://learnwithils.com/shop/" "Mozilla/5.0 (Linux; Android 6.0.1; Nexus 5X Build/MMB29P) AppleWebKit/537.36 (KHTML, like Gecko) Chrome/131.0.6778.264 Mobile Safari/537.36 (compatible; Googlebot/2.1; +http://www.google.com/bot.html)"
66.249.65.224 - - [23/Jan/2025:22:35:27 +0300] "GET /wp-content/plugins/echooling-elements/assets/js/jQuery-plugin-progressbar.js?ver=201513434 HTTP/1.1" 200 1677 "https://learnwithils.com/shop/" "Mozilla/5.0 (Linux; Android 6.0.1; Nexus 5X Build/MMB29P) AppleWebKit/537.36 (KHTML, like Gecko) Chrome/131.0.6778.264 Mobile Safari/537.36 (compatible; Googlebot/2.1; +http://www.google.com/bot.html)"
66.249.65.224 - - [23/Jan/2025:22:35:28 +0300] "GET /wp-includes/js/jquery/ui/datepicker.min.js?ver=1.13.3 HTTP/1.1" 200 10506 "https://learnwithils.com/shop/" "Mozilla/5.0 (Linux; Android 6.0.1; Nexus 5X Build/MMB29P) AppleWebKit/537.36 (KHTML, like Gecko) Chrome/131.0.6778.264 Mobile Safari/537.36 (compatible; Googlebot/2.1; +http://www.google.com/bot.html)"
66.249.65.224 - - [23/Jan/2025:22:35:28 +0300] "GET /wp-content/themes/echooling/assets/js/bootstrap.min.js?ver=20151215 HTTP/1.1" 200 12513 "https://learnwithils.com/shop/" "Mozilla/5.0 (Linux; Android 6.0.1; Nexus 5X Build/MMB29P) AppleWebKit/537.36 (KHTML, like Gecko) Chrome/131.0.6778.264 Mobile Safari/537.36 (compatible; Googlebot/2.1; +http://www.google.com/bot.html)"
66.249.65.224 - - [23/Jan/2025:22:35:29 +0300] "GET /wp-content/plugins/tutor/assets/packages/SocialShare/SocialShare.min.js?ver=2.7.0 HTTP/1.1" 200 4813 "https://learnwithils.com/shop/" "Mozilla/5.0 (Linux; Android 6.0.1; Nexus 5X Build/MMB29P) AppleWebKit/537.36 (KHTML, like Gecko) Chrome/131.0.6778.264 Mobile Safari/537.36 (compatible; Googlebot/2.1; +http://www.google.com/bot.html)"
66.249.65.224 - - [23/Jan/2025:22:35:30 +0300] "GET /wp-content/plugins/woocommerce/assets/js/js-cookie/js.cookie.min.js?ver=2.1.4-wc.8.8.5 HTTP/1.1" 200 760 "https://learnwithils.com/shop/" "Mozilla/5.0 (Linux; Android 6.0.1; Nexus 5X Build/MMB29P) AppleWebKit/537.36 (KHTML, like Gecko) Chrome/131.0.6778.264 Mobile Safari/537.36 (compatible; Googlebot/2.1; +http://www.google.com/bot.html)"
66.249.65.224 - - [23/Jan/2025:22:35:30 +0300] "GET /wp-content/themes/echooling/assets/js/waypoints-sticky.min.js?ver=20151215 HTTP/1.1" 200 553 "https://learnwithils.com/shop/" "Mozilla/5.0 (Linux; Android 6.0.1; Nexus 5X Build/MMB29P) AppleWebKit/537.36 (KHTML, like Gecko) Chrome/131.0.6778.264 Mobile Safari/537.36 (compatible; Googlebot/2.1; +http://www.google.com/bot.html)"
66.249.65.224 - - [23/Jan/2025:22:35:31 +0300] "GET /wp-content/themes/echooling/assets/js/isotope-echooling.js?ver=20151215 HTTP/1.1" 200 9597 "https://learnwithils.com/shop/" "Mozilla/5.0 (Linux; Android 6.0.1; Nexus 5X Build/MMB29P) AppleWebKit/537.36 (KHTML, like Gecko) Chrome/131.0.6778.264 Mobile Safari/537.36 (compatible; Googlebot/2.1; +http://www.google.com/bot.html)"
66.249.65.224 - - [23/Jan/2025:22:35:32 +0300] "GET /wp-content/themes/echooling/assets/js/classie.js?ver=201513434 HTTP/1.1" 200 616 "https://learnwithils.com/shop/" "Mozilla/5.0 (Linux; Android 6.0.1; Nexus 5X Build/MMB29P) AppleWebKit/537.36 (KHTML, like Gecko) Chrome/131.0.6778.264 Mobile Safari/537.36 (compatible; Googlebot/2.1; +http://www.google.com/bot.html)"
66.249.65.225 - - [23/Jan/2025:22:35:20 +0300] "GET /wp-includes/css/dist/block-library/style.min.css?ver=6.7.1 HTTP/1.1" 200 14225 "https://learnwithils.com/shop/" "Mozilla/5.0 (Linux; Android 6.0.1; Nexus 5X Build/MMB29P) AppleWebKit/537.36 (KHTML, like Gecko) Chrome/131.0.6778.264 Mobile Safari/537.36 (compatible; Googlebot/2.1; +http://www.google.com/bot.html)"
66.249.65.225 - - [23/Jan/2025:22:35:22 +0300] "GET /wp-content/themes/echooling/assets/css/tutor.css?ver=6.7.1 HTTP/1.1" 200 2014 "https://learnwithils.com/shop/" "Mozilla/5.0 (Linux; Android 6.0.1; Nexus 5X Build/MMB29P) AppleWebKit/537.36 (KHTML, like Gecko) Chrome/131.0.6778.264 Mobile Safari/537.36 (compatible; Googlebot/2.1; +http://www.google.com/bot.html)"
66.249.65.225 - - [23/Jan/2025:22:35:23 +0300] "GET /wp-content/themes/echooling/assets/css/gutenberg-custom.css?ver=6.7.1 HTTP/1.1" 200 4586 "https://learnwithils.com/shop/" "Mozilla/5.0 (Linux; Android 6.0.1; Nexus 5X Build/MMB29P) AppleWebKit/537.36 (KHTML, like Gecko) Chrome/131.0.6778.264 Mobile Safari/537.36 (compatible; Googlebot/2.1; +http://www.google.com/bot.html)"
66.249.65.225 - - [23/Jan/2025:22:35:24 +0300] "GET /wp-content/plugins/echooling-elements/assets/css/elements.css?ver=6.7.1 HTTP/1.1" 200 16693 "https://learnwithils.com/shop/" "Mozilla/5.0 (Linux; Android 6.0.1; Nexus 5X Build/MMB29P) AppleWebKit/537.36 (KHTML, like Gecko) Chrome/131.0.6778.264 Mobile Safari/537.36 (compatible; Googlebot/2.1; +http://www.google.com/bot.html)"
20.171.207.58 - - [23/Jan/2025:22:36:38 +0300] "GET /robots.txt HTTP/2" 200 112 "-" "Mozilla/5.0 AppleWebKit/537.36 (KHTML, like Gecko; compatible; GPTBot/1.2; +https://openai.com/gptbot)"
4.227.36.87 - - [23/Jan/2025:22:37:04 +0300] "GET / HTTP/2" 200 33607 "-" "Mozilla/5.0 AppleWebKit/537.36 (KHTML, like Gecko; compatible; GPTBot/1.2; +https://openai.com/gptbot)"
4.227.36.87 - - [23/Jan/2025:22:37:33 +0300] "GET /wp-content/themes/echooling/assets/js/jquery.magnific-popup.min.js?ver=20151215 HTTP/2" 200 7056 "-" "Mozilla/5.0 AppleWebKit/537.36 (KHTML, like Gecko; compatible; GPTBot/1.2; +https://openai.com/gptbot)"
91.121.60.232 - - [23/Jan/2025:22:37:37 +0300] "POST /wp-cron.php?doing_wp_cron=1737661057.3028280735015869140625 HTTP/1.1" 200 0 "-" "WordPress/6.7.1; https://learnwithils.com"
4.227.36.87 - - [23/Jan/2025:22:37:35 +0300] "GET /xmlrpc.php?rsd HTTP/2" 200 295 "-" "Mozilla/5.0 AppleWebKit/537.36 (KHTML, like Gecko; compatible; GPTBot/1.2; +https://openai.com/gptbot)"
4.227.36.87 - - [23/Jan/2025:22:37:38 +0300] "GET /feed/ HTTP/2" 200 3209 "-" "Mozilla/5.0 AppleWebKit/537.36 (KHTML, like Gecko; compatible; GPTBot/1.2; +https://openai.com/gptbot)"
4.227.36.87 - - [23/Jan/2025:22:37:41 +0300] "GET /enroll-now/ HTTP/2" 200 27651 "-" "Mozilla/5.0 AppleWebKit/537.36 (KHTML, like Gecko; compatible; GPTBot/1.2; +https://openai.com/gptbot)"
4.227.36.87 - - [23/Jan/2025:22:37:59 +0300] "GET /wp-content/themes/echooling/assets/js/%url% HTTP/2" 404 20053 "-" "Mozilla/5.0 AppleWebKit/537.36 (KHTML, like Gecko; compatible; GPTBot/1.2; +https://openai.com/gptbot)"
4.227.36.87 - - [23/Jan/2025:22:38:02 +0300] "GET /xmlrpc.php HTTP/2" 405 100 "-" "Mozilla/5.0 AppleWebKit/537.36 (KHTML, like Gecko; compatible; GPTBot/1.2; +https://openai.com/gptbot)"
4.227.36.87 - - [23/Jan/2025:22:38:05 +0300] "GET /?p=4970 HTTP/2" 301 0 "-" "Mozilla/5.0 AppleWebKit/537.36 (KHTML, like Gecko; compatible; GPTBot/1.2; +https://openai.com/gptbot)"
4.227.36.87 - - [23/Jan/2025:22:38:09 +0300] "GET /wp-json/oembed/1.0/embed?url=https%3A%2F%2Flearnwithils.com%2Fenroll-now%2F HTTP/2" 200 1029 "-" "Mozilla/5.0 AppleWebKit/537.36 (KHTML, like Gecko; compatible; GPTBot/1.2; +https://openai.com/gptbot)"
4.227.36.87 - - [23/Jan/2025:22:38:13 +0300] "GET /wp-json/oembed/1.0/embed?format=xml&url=https%3A%2F%2Flearnwithils.com%2Fenroll-now%2F HTTP/2" 200 1075 "-" "Mozilla/5.0 AppleWebKit/537.36 (KHTML, like Gecko; compatible; GPTBot/1.2; +https://openai.com/gptbot)"
4.227.36.87 - - [23/Jan/2025:22:38:18 +0300] "GET /wp-json/wp/v2/pages/4970 HTTP/2" 200 3572 "-" "Mozilla/5.0 AppleWebKit/537.36 (KHTML, like Gecko; compatible; GPTBot/1.2; +https://openai.com/gptbot)"
4.227.36.87 - - [23/Jan/2025:22:38:24 +0300] "GET /wp-content/uploads/elementor/css/post-4970.css?ver=1715349834 HTTP/2" 200 759 "-" "Mozilla/5.0 AppleWebKit/537.36 (KHTML, like Gecko; compatible; GPTBot/1.2; +https://openai.com/gptbot)"
91.121.60.232 - - [23/Jan/2025:22:38:42 +0300] "POST /wp-cron.php?doing_wp_cron=1737661122.5303590297698974609375 HTTP/1.1" 200 0 "-" "WordPress/6.7.1; https://learnwithils.com"
4.227.36.87 - - [23/Jan/2025:22:38:40 +0300] "GET /wp-json/oembed/1.0/t.value HTTP/2" 404 105 "-" "Mozilla/5.0 AppleWebKit/537.36 (KHTML, like Gecko; compatible; GPTBot/1.2; +https://openai.com/gptbot)"
91.121.60.232 - - [23/Jan/2025:22:42:04 +0300] "POST /wp-cron.php?doing_wp_cron=1737661324.2533020973205566406250 HTTP/1.1" 200 0 "-" "WordPress/6.7.1; https://learnwithils.com"
54.75.81.68 - - [23/Jan/2025:22:43:46 +0300] "GET / HTTP/1.1" 200 12443 "-" "Mozilla/5.0 (Windows NT 10.0; Win64; x64) AppleWebKit/537.36 (KHTML, like Gecko) Chrome/58.0.3029.110 Safari/537.3"
91.121.60.232 - - [23/Jan/2025:23:28:16 +0300] "POST /wp-cron.php?doing_wp_cron=1737664096.2946290969848632812500 HTTP/1.1" 200 0 "-" "WordPress/6.7.1; https://learnwithils.com"
185.36.81.55 - - [23/Jan/2025:23:38:37 +0300] "GET /contact/ HTTP/1.1" 200 27756 "-" "Mozilla/5.0 (Macintosh; Intel Mac OS X 12_5) AppleWebKit/537.36 (KHTML, like Gecko) Chrome/114.0.0.0 YaBrowser/22.7.0 Yowser/2.5 Safari/537.36"
185.36.81.55 - - [23/Jan/2025:23:38:41 +0300] "GET /wp-content/plugins/contact-form-7/includes/js/index.js?ver=5.9.3 HTTP/1.1" 200 3919 "https://learnwithils.com/contact/" "Mozilla/5.0 (Macintosh; Intel Mac OS X 12_5) AppleWebKit/537.36 (KHTML, like Gecko) Chrome/114.0.0.0 YaBrowser/22.7.0 Yowser/2.5 Safari/537.36"
185.36.81.55 - - [23/Jan/2025:23:38:47 +0300] "POST /wp-json/contact-form-7/v1/contact-forms/2673/feedback HTTP/1.1" 500 1124 "https://learnwithils.com/contact/" "Mozilla/5.0 (Macintosh; Intel Mac OS X 12_5) AppleWebKit/537.36 (KHTML, like Gecko) Chrome/114.0.0.0 YaBrowser/22.7.0 Yowser/2.5 Safari/537.36"
147.185.132.10 - - [23/Jan/2025:23:40:49 +0300] "GET / HTTP/1.1" 401 36 "-" "Expanse, a Palo Alto Networks company, searches across the global IPv4 space multiple times per day to identify customers' presences on the Internet. If you would like to be excluded from our scans, please send IP addresses/domains to: scaninfo@paloaltonetworks.com"
66.249.65.224 - - [23/Jan/2025:22:35:33 +0300] "GET /wp-content/themes/echooling/assets/js/jquery.magnific-popup.min.js?ver=20151215 HTTP/1.1" 200 7056 "https://learnwithils.com/shop/" "Mozilla/5.0 (Linux; Android 6.0.1; Nexus 5X Build/MMB29P) AppleWebKit/537.36 (KHTML, like Gecko) Chrome/131.0.6778.264 Mobile Safari/537.36 (compatible; Googlebot/2.1; +http://www.google.com/bot.html)"
66.249.65.224 - - [23/Jan/2025:22:35:34 +0300] "GET /wp-content/plugins/woocommerce/assets/js/sourcebuster/sourcebuster.min.js?ver=8.8.5 HTTP/1.1" 200 4348 "https://learnwithils.com/shop/" "Mozilla/5.0 (Linux; Android 6.0.1; Nexus 5X Build/MMB29P) AppleWebKit/537.36 (KHTML, like Gecko) Chrome/131.0.6778.264 Mobile Safari/537.36 (compatible; Googlebot/2.1; +http://www.google.com/bot.html)"
91.121.60.232 - - [23/Jan/2025:22:36:40 +0300] "POST /wp-cron.php?doing_wp_cron=1737661000.0030219554901123046875 HTTP/1.1" 200 0 "-" "WordPress/6.7.1; https://learnwithils.com"
185.191.171.11 - - [23/Jan/2025:22:42:02 +0300] "GET /robots.txt HTTP/1.1" 200 129 "-" "Mozilla/5.0 (compatible; SemrushBot/7~bl; +http://www.semrush.com/bot.html)"
85.208.96.193 - - [23/Jan/2025:22:42:05 +0300] "GET /event/machine-learning-night-fastaily-part-1/ HTTP/1.1" 200 25140 "-" "Mozilla/5.0 (compatible; SemrushBot/7~bl; +http://www.semrush.com/bot.html)"
66.249.65.225 - - [23/Jan/2025:23:28:10 +0300] "GET /rt-testimonials/william-sara/ HTTP/1.1" 200 23869 "-" "Mozilla/5.0 (Linux; Android 6.0.1; Nexus 5X Build/MMB29P) AppleWebKit/537.36 (KHTML, like Gecko) Chrome/132.0.6834.83 Mobile Safari/537.36 (compatible; Googlebot/2.1; +http://www.google.com/bot.html)"
66.249.65.225 - - [23/Jan/2025:23:28:20 +0300] "GET /wp-content/themes/echooling/assets/css/tutor.css?ver=6.7.1 HTTP/1.1" 200 2014 "https://learnwithils.com/rt-testimonials/william-sara/" "Mozilla/5.0 (Linux; Android 6.0.1; Nexus 5X Build/MMB29P) AppleWebKit/537.36 (KHTML, like Gecko) Chrome/131.0.6778.264 Mobile Safari/537.36 (compatible; Googlebot/2.1; +http://www.google.com/bot.html)"
66.249.65.224 - - [23/Jan/2025:23:28:20 +0300] "GET /wp-includes/css/dist/block-library/style.min.css?ver=6.7.1 HTTP/1.1" 200 14225 "https://learnwithils.com/rt-testimonials/william-sara/" "Mozilla/5.0 (Linux; Android 6.0.1; Nexus 5X Build/MMB29P) AppleWebKit/537.36 (KHTML, like Gecko) Chrome/131.0.6778.264 Mobile Safari/537.36 (compatible; Googlebot/2.1; +http://www.google.com/bot.html)"
66.249.65.225 - - [23/Jan/2025:23:28:20 +0300] "GET /wp-content/themes/echooling/assets/css/font-awesome.min.all.css?ver=6.7.1 HTTP/1.1" 200 11911 "https://learnwithils.com/rt-testimonials/william-sara/" "Mozilla/5.0 (Linux; Android 6.0.1; Nexus 5X Build/MMB29P) AppleWebKit/537.36 (KHTML, like Gecko) Chrome/131.0.6778.264 Mobile Safari/537.36 (compatible; Googlebot/2.1; +http://www.google.com/bot.html)"
91.121.60.232 - - [23/Jan/2025:23:38:39 +0300] "POST /wp-cron.php?doing_wp_cron=1737664719.3740549087524414062500 HTTP/1.1" 200 0 "-" "WordPress/6.7.1; https://learnwithils.com"
5.160.247.200 - - [24/Jan/2025:00:35:33 +0300] "POST /wp-login.php HTTP/1.1" 200 2251 "-" "GRequests/0.10"
34.86.137.37 - - [24/Jan/2025:00:46:31 +0300] "GET / HTTP/1.1" 200 196779 "-" "Mozilla/5.0 (Windows NT 10.0; Win64; x64) AppleWebKit/537.36 (KHTML, like Gecko) Chrome/78.0.3904.108 Safari/537.36"
91.121.60.232 - - [24/Jan/2025:00:46:32 +0300] "POST /wp-cron.php?doing_wp_cron=1737668792.3715939521789550781250 HTTP/1.1" 200 0 "-" "WordPress/6.7.1; https://learnwithils.com"
34.86.137.37 - - [24/Jan/2025:00:46:31 +0300] "GET //wp-includes/wlwmanifest.xml HTTP/1.1" 301 0 "-" "Mozilla/5.0 (Windows NT 10.0; Win64; x64) AppleWebKit/537.36 (KHTML, like Gecko) Chrome/78.0.3904.108 Safari/537.36"
34.86.137.37 - - [24/Jan/2025:00:46:32 +0300] "GET //xmlrpc.php?rsd HTTP/1.1" 200 810 "-" "Mozilla/5.0 (Windows NT 10.0; Win64; x64) AppleWebKit/537.36 (KHTML, like Gecko) Chrome/78.0.3904.108 Safari/537.36"
34.86.137.37 - - [24/Jan/2025:00:46:34 +0300] "GET //?author=1 HTTP/1.1" 301 0 "-" "Mozilla/5.0 (Windows NT 10.0; Win64; x64) AppleWebKit/537.36 (KHTML, like Gecko) Chrome/78.0.3904.108 Safari/537.36"
34.86.137.37 - - [24/Jan/2025:00:46:35 +0300] "GET //?author=2 HTTP/1.1" 301 0 "-" "Mozilla/5.0 (Windows NT 10.0; Win64; x64) AppleWebKit/537.36 (KHTML, like Gecko) Chrome/78.0.3904.108 Safari/537.36"
34.86.137.37 - - [24/Jan/2025:00:46:36 +0300] "GET //wp-json/wp/v2/users/ HTTP/1.1" 200 1279 "-" "Mozilla/5.0 (Windows NT 10.0; Win64; x64) AppleWebKit/537.36 (KHTML, like Gecko) Chrome/78.0.3904.108 Safari/537.36"
34.86.137.37 - - [24/Jan/2025:00:46:37 +0300] "POST //xmlrpc.php HTTP/1.1" 200 401 "-" "Mozilla/5.0 (Windows NT 10.0; Win64; x64) AppleWebKit/537.36 (KHTML, like Gecko) Chrome/78.0.3904.108 Safari/537.36"
34.86.137.37 - - [24/Jan/2025:00:46:38 +0300] "POST //xmlrpc.php HTTP/1.1" 200 401 "-" "Mozilla/5.0 (Windows NT 10.0; Win64; x64) AppleWebKit/537.36 (KHTML, like Gecko) Chrome/78.0.3904.108 Safari/537.36"
34.86.137.37 - - [24/Jan/2025:00:46:40 +0300] "POST //xmlrpc.php HTTP/1.1" 200 401 "-" "Mozilla/5.0 (Windows NT 10.0; Win64; x64) AppleWebKit/537.36 (KHTML, like Gecko) Chrome/78.0.3904.108 Safari/537.36"
34.86.137.37 - - [24/Jan/2025:00:46:41 +0300] "POST //xmlrpc.php HTTP/1.1" 200 401 "-" "Mozilla/5.0 (Windows NT 10.0; Win64; x64) AppleWebKit/537.36 (KHTML, like Gecko) Chrome/78.0.3904.108 Safari/537.36"
34.86.137.37 - - [24/Jan/2025:00:46:42 +0300] "POST //xmlrpc.php HTTP/1.1" 200 401 "-" "Mozilla/5.0 (Windows NT 10.0; Win64; x64) AppleWebKit/537.36 (KHTML, like Gecko) Chrome/78.0.3904.108 Safari/537.36"
34.86.137.37 - - [24/Jan/2025:00:46:43 +0300] "POST //xmlrpc.php HTTP/1.1" 200 401 "-" "Mozilla/5.0 (Windows NT 10.0; Win64; x64) AppleWebKit/537.36 (KHTML, like Gecko) Chrome/78.0.3904.108 Safari/537.36"
34.86.137.37 - - [24/Jan/2025:00:46:46 +0300] "POST //xmlrpc.php HTTP/1.1" 200 401 "-" "Mozilla/5.0 (Windows NT 10.0; Win64; x64) AppleWebKit/537.36 (KHTML, like Gecko) Chrome/78.0.3904.108 Safari/537.36"
34.86.137.37 - - [24/Jan/2025:00:46:48 +0300] "POST //xmlrpc.php HTTP/1.1" 200 401 "-" "Mozilla/5.0 (Windows NT 10.0; Win64; x64) AppleWebKit/537.36 (KHTML, like Gecko) Chrome/78.0.3904.108 Safari/537.36"
34.86.137.37 - - [24/Jan/2025:00:46:51 +0300] "POST //xmlrpc.php HTTP/1.1" 200 401 "-" "Mozilla/5.0 (Windows NT 10.0; Win64; x64) AppleWebKit/537.36 (KHTML, like Gecko) Chrome/78.0.3904.108 Safari/537.36"
34.86.137.37 - - [24/Jan/2025:00:46:56 +0300] "POST //xmlrpc.php HTTP/1.1" 200 401 "-" "Mozilla/5.0 (Windows NT 10.0; Win64; x64) AppleWebKit/537.36 (KHTML, like Gecko) Chrome/78.0.3904.108 Safari/537.36"
34.86.137.37 - - [24/Jan/2025:00:47:02 +0300] "POST //xmlrpc.php HTTP/1.1" 200 401 "-" "Mozilla/5.0 (Windows NT 10.0; Win64; x64) AppleWebKit/537.36 (KHTML, like Gecko) Chrome/78.0.3904.108 Safari/537.36"
34.86.137.37 - - [24/Jan/2025:00:47:08 +0300] "POST //xmlrpc.php HTTP/1.1" 200 401 "-" "Mozilla/5.0 (Windows NT 10.0; Win64; x64) AppleWebKit/537.36 (KHTML, like Gecko) Chrome/78.0.3904.108 Safari/537.36"
34.86.137.37 - - [24/Jan/2025:00:47:17 +0300] "POST //xmlrpc.php HTTP/1.1" 200 401 "-" "Mozilla/5.0 (Windows NT 10.0; Win64; x64) AppleWebKit/537.36 (KHTML, like Gecko) Chrome/78.0.3904.108 Safari/537.36"
34.86.137.37 - - [24/Jan/2025:00:47:33 +0300] "POST //xmlrpc.php HTTP/1.1" 200 401 "-" "Mozilla/5.0 (Windows NT 10.0; Win64; x64) AppleWebKit/537.36 (KHTML, like Gecko) Chrome/78.0.3904.108 Safari/537.36"
34.86.137.37 - - [24/Jan/2025:00:47:47 +0300] "POST //xmlrpc.php HTTP/1.1" 200 401 "-" "Mozilla/5.0 (Windows NT 10.0; Win64; x64) AppleWebKit/537.36 (KHTML, like Gecko) Chrome/78.0.3904.108 Safari/537.36"
34.86.137.37 - - [24/Jan/2025:00:48:03 +0300] "POST //xmlrpc.php HTTP/1.1" 200 401 "-" "Mozilla/5.0 (Windows NT 10.0; Win64; x64) AppleWebKit/537.36 (KHTML, like Gecko) Chrome/78.0.3904.108 Safari/537.36"
34.86.137.37 - - [24/Jan/2025:00:48:17 +0300] "POST //xmlrpc.php HTTP/1.1" 200 401 "-" "Mozilla/5.0 (Windows NT 10.0; Win64; x64) AppleWebKit/537.36 (KHTML, like Gecko) Chrome/78.0.3904.108 Safari/537.36"
34.86.137.37 - - [24/Jan/2025:00:48:36 +0300] "POST //xmlrpc.php HTTP/1.1" 200 401 "-" "Mozilla/5.0 (Windows NT 10.0; Win64; x64) AppleWebKit/537.36 (KHTML, like Gecko) Chrome/78.0.3904.108 Safari/537.36"
34.86.137.37 - - [24/Jan/2025:00:48:48 +0300] "POST //xmlrpc.php HTTP/1.1" 200 401 "-" "Mozilla/5.0 (Windows NT 10.0; Win64; x64) AppleWebKit/537.36 (KHTML, like Gecko) Chrome/78.0.3904.108 Safari/537.36"
34.86.137.37 - - [24/Jan/2025:00:49:02 +0300] "POST //xmlrpc.php HTTP/1.1" 200 401 "-" "Mozilla/5.0 (Windows NT 10.0; Win64; x64) AppleWebKit/537.36 (KHTML, like Gecko) Chrome/78.0.3904.108 Safari/537.36"
34.86.137.37 - - [24/Jan/2025:00:49:17 +0300] "POST //xmlrpc.php HTTP/1.1" 200 401 "-" "Mozilla/5.0 (Windows NT 10.0; Win64; x64) AppleWebKit/537.36 (KHTML, like Gecko) Chrome/78.0.3904.108 Safari/537.36"
91.121.60.232 - - [24/Jan/2025:00:49:48 +0300] "POST /wp-cron.php?doing_wp_cron=1737668988.3897750377655029296875 HTTP/1.1" 200 0 "-" "WordPress/6.7.1; https://learnwithils.com"
34.86.137.37 - - [24/Jan/2025:00:49:32 +0300] "POST //xmlrpc.php HTTP/1.1" 200 401 "-" "Mozilla/5.0 (Windows NT 10.0; Win64; x64) AppleWebKit/537.36 (KHTML, like Gecko) Chrome/78.0.3904.108 Safari/537.36"
34.86.137.37 - - [24/Jan/2025:00:49:49 +0300] "POST //xmlrpc.php HTTP/1.1" 200 401 "-" "Mozilla/5.0 (Windows NT 10.0; Win64; x64) AppleWebKit/537.36 (KHTML, like Gecko) Chrome/78.0.3904.108 Safari/537.36"
34.86.137.37 - - [24/Jan/2025:00:50:02 +0300] "POST //xmlrpc.php HTTP/1.1" 200 401 "-" "Mozilla/5.0 (Windows NT 10.0; Win64; x64) AppleWebKit/537.36 (KHTML, like Gecko) Chrome/78.0.3904.108 Safari/537.36"
34.86.137.37 - - [24/Jan/2025:00:50:17 +0300] "POST //xmlrpc.php HTTP/1.1" 200 401 "-" "Mozilla/5.0 (Windows NT 10.0; Win64; x64) AppleWebKit/537.36 (KHTML, like Gecko) Chrome/78.0.3904.108 Safari/537.36"
34.86.137.37 - - [24/Jan/2025:00:50:33 +0300] "POST //xmlrpc.php HTTP/1.1" 200 401 "-" "Mozilla/5.0 (Windows NT 10.0; Win64; x64) AppleWebKit/537.36 (KHTML, like Gecko) Chrome/78.0.3904.108 Safari/537.36"
34.86.137.37 - - [24/Jan/2025:00:50:48 +0300] "POST //xmlrpc.php HTTP/1.1" 200 401 "-" "Mozilla/5.0 (Windows NT 10.0; Win64; x64) AppleWebKit/537.36 (KHTML, like Gecko) Chrome/78.0.3904.108 Safari/537.36"
34.86.137.37 - - [24/Jan/2025:00:51:02 +0300] "POST //xmlrpc.php HTTP/1.1" 200 401 "-" "Mozilla/5.0 (Windows NT 10.0; Win64; x64) AppleWebKit/537.36 (KHTML, like Gecko) Chrome/78.0.3904.108 Safari/537.36"
34.86.137.37 - - [24/Jan/2025:00:51:17 +0300] "POST //xmlrpc.php HTTP/1.1" 200 401 "-" "Mozilla/5.0 (Windows NT 10.0; Win64; x64) AppleWebKit/537.36 (KHTML, like Gecko) Chrome/78.0.3904.108 Safari/537.36"
34.86.137.37 - - [24/Jan/2025:00:51:32 +0300] "POST //xmlrpc.php HTTP/1.1" 200 401 "-" "Mozilla/5.0 (Windows NT 10.0; Win64; x64) AppleWebKit/537.36 (KHTML, like Gecko) Chrome/78.0.3904.108 Safari/537.36"
34.86.137.37 - - [24/Jan/2025:00:51:47 +0300] "POST //xmlrpc.php HTTP/1.1" 200 401 "-" "Mozilla/5.0 (Windows NT 10.0; Win64; x64) AppleWebKit/537.36 (KHTML, like Gecko) Chrome/78.0.3904.108 Safari/537.36"
34.86.137.37 - - [24/Jan/2025:00:52:02 +0300] "POST //xmlrpc.php HTTP/1.1" 200 401 "-" "Mozilla/5.0 (Windows NT 10.0; Win64; x64) AppleWebKit/537.36 (KHTML, like Gecko) Chrome/78.0.3904.108 Safari/537.36"
34.86.137.37 - - [24/Jan/2025:00:52:18 +0300] "POST //xmlrpc.php HTTP/1.1" 200 401 "-" "Mozilla/5.0 (Windows NT 10.0; Win64; x64) AppleWebKit/537.36 (KHTML, like Gecko) Chrome/78.0.3904.108 Safari/537.36"
34.86.137.37 - - [24/Jan/2025:00:52:32 +0300] "POST //xmlrpc.php HTTP/1.1" 200 401 "-" "Mozilla/5.0 (Windows NT 10.0; Win64; x64) AppleWebKit/537.36 (KHTML, like Gecko) Chrome/78.0.3904.108 Safari/537.36"
34.86.137.37 - - [24/Jan/2025:00:52:47 +0300] "POST //xmlrpc.php HTTP/1.1" 200 401 "-" "Mozilla/5.0 (Windows NT 10.0; Win64; x64) AppleWebKit/537.36 (KHTML, like Gecko) Chrome/78.0.3904.108 Safari/537.36"
34.86.137.37 - - [24/Jan/2025:00:53:02 +0300] "POST //xmlrpc.php HTTP/1.1" 200 401 "-" "Mozilla/5.0 (Windows NT 10.0; Win64; x64) AppleWebKit/537.36 (KHTML, like Gecko) Chrome/78.0.3904.108 Safari/537.36"
34.86.137.37 - - [24/Jan/2025:00:53:17 +0300] "POST //xmlrpc.php HTTP/1.1" 200 401 "-" "Mozilla/5.0 (Windows NT 10.0; Win64; x64) AppleWebKit/537.36 (KHTML, like Gecko) Chrome/78.0.3904.108 Safari/537.36"
91.121.60.232 - - [24/Jan/2025:00:53:47 +0300] "POST /wp-cron.php?doing_wp_cron=1737669227.3918430805206298828125 HTTP/1.1" 200 0 "-" "WordPress/6.7.1; https://learnwithils.com"
34.86.137.37 - - [24/Jan/2025:00:53:31 +0300] "POST //xmlrpc.php HTTP/1.1" 200 401 "-" "Mozilla/5.0 (Windows NT 10.0; Win64; x64) AppleWebKit/537.36 (KHTML, like Gecko) Chrome/78.0.3904.108 Safari/537.36"
34.86.137.37 - - [24/Jan/2025:00:53:47 +0300] "POST //xmlrpc.php HTTP/1.1" 200 401 "-" "Mozilla/5.0 (Windows NT 10.0; Win64; x64) AppleWebKit/537.36 (KHTML, like Gecko) Chrome/78.0.3904.108 Safari/537.36"
34.86.137.37 - - [24/Jan/2025:00:54:02 +0300] "POST //xmlrpc.php HTTP/1.1" 200 401 "-" "Mozilla/5.0 (Windows NT 10.0; Win64; x64) AppleWebKit/537.36 (KHTML, like Gecko) Chrome/78.0.3904.108 Safari/537.36"
34.86.137.37 - - [24/Jan/2025:00:54:17 +0300] "POST //xmlrpc.php HTTP/1.1" 200 401 "-" "Mozilla/5.0 (Windows NT 10.0; Win64; x64) AppleWebKit/537.36 (KHTML, like Gecko) Chrome/78.0.3904.108 Safari/537.36"
34.86.137.37 - - [24/Jan/2025:00:54:32 +0300] "POST //xmlrpc.php HTTP/1.1" 200 401 "-" "Mozilla/5.0 (Windows NT 10.0; Win64; x64) AppleWebKit/537.36 (KHTML, like Gecko) Chrome/78.0.3904.108 Safari/537.36"
34.86.137.37 - - [24/Jan/2025:00:54:48 +0300] "POST //xmlrpc.php HTTP/1.1" 200 401 "-" "Mozilla/5.0 (Windows NT 10.0; Win64; x64) AppleWebKit/537.36 (KHTML, like Gecko) Chrome/78.0.3904.108 Safari/537.36"
34.86.137.37 - - [24/Jan/2025:00:55:02 +0300] "POST //xmlrpc.php HTTP/1.1" 200 401 "-" "Mozilla/5.0 (Windows NT 10.0; Win64; x64) AppleWebKit/537.36 (KHTML, like Gecko) Chrome/78.0.3904.108 Safari/537.36"
34.86.137.37 - - [24/Jan/2025:00:55:18 +0300] "POST //xmlrpc.php HTTP/1.1" 200 401 "-" "Mozilla/5.0 (Windows NT 10.0; Win64; x64) AppleWebKit/537.36 (KHTML, like Gecko) Chrome/78.0.3904.108 Safari/537.36"
34.86.137.37 - - [24/Jan/2025:00:55:32 +0300] "POST //xmlrpc.php HTTP/1.1" 200 401 "-" "Mozilla/5.0 (Windows NT 10.0; Win64; x64) AppleWebKit/537.36 (KHTML, like Gecko) Chrome/78.0.3904.108 Safari/537.36"
34.86.137.37 - - [24/Jan/2025:00:55:47 +0300] "POST //xmlrpc.php HTTP/1.1" 200 401 "-" "Mozilla/5.0 (Windows NT 10.0; Win64; x64) AppleWebKit/537.36 (KHTML, like Gecko) Chrome/78.0.3904.108 Safari/537.36"
34.86.137.37 - - [24/Jan/2025:00:56:02 +0300] "POST //xmlrpc.php HTTP/1.1" 200 401 "-" "Mozilla/5.0 (Windows NT 10.0; Win64; x64) AppleWebKit/537.36 (KHTML, like Gecko) Chrome/78.0.3904.108 Safari/537.36"
34.86.137.37 - - [24/Jan/2025:00:56:17 +0300] "POST //xmlrpc.php HTTP/1.1" 200 401 "-" "Mozilla/5.0 (Windows NT 10.0; Win64; x64) AppleWebKit/537.36 (KHTML, like Gecko) Chrome/78.0.3904.108 Safari/537.36"
91.121.60.232 - - [24/Jan/2025:00:56:47 +0300] "POST /wp-cron.php?doing_wp_cron=1737669407.2250719070434570312500 HTTP/1.1" 200 0 "-" "WordPress/6.7.1; https://learnwithils.com"
34.86.137.37 - - [24/Jan/2025:00:56:32 +0300] "POST //xmlrpc.php HTTP/1.1" 200 401 "-" "Mozilla/5.0 (Windows NT 10.0; Win64; x64) AppleWebKit/537.36 (KHTML, like Gecko) Chrome/78.0.3904.108 Safari/537.36"
34.86.137.37 - - [24/Jan/2025:00:56:47 +0300] "POST //xmlrpc.php HTTP/1.1" 200 401 "-" "Mozilla/5.0 (Windows NT 10.0; Win64; x64) AppleWebKit/537.36 (KHTML, like Gecko) Chrome/78.0.3904.108 Safari/537.36"
34.86.137.37 - - [24/Jan/2025:00:57:02 +0300] "POST //xmlrpc.php HTTP/1.1" 200 401 "-" "Mozilla/5.0 (Windows NT 10.0; Win64; x64) AppleWebKit/537.36 (KHTML, like Gecko) Chrome/78.0.3904.108 Safari/537.36"
34.86.137.37 - - [24/Jan/2025:00:57:17 +0300] "POST //xmlrpc.php HTTP/1.1" 200 401 "-" "Mozilla/5.0 (Windows NT 10.0; Win64; x64) AppleWebKit/537.36 (KHTML, like Gecko) Chrome/78.0.3904.108 Safari/537.36"
91.121.60.232 - - [24/Jan/2025:00:57:47 +0300] "POST /wp-cron.php?doing_wp_cron=1737669467.0271298885345458984375 HTTP/1.1" 200 0 "-" "WordPress/6.7.1; https://learnwithils.com"
34.86.137.37 - - [24/Jan/2025:00:57:32 +0300] "POST //xmlrpc.php HTTP/1.1" 200 401 "-" "Mozilla/5.0 (Windows NT 10.0; Win64; x64) AppleWebKit/537.36 (KHTML, like Gecko) Chrome/78.0.3904.108 Safari/537.36"
34.86.137.37 - - [24/Jan/2025:00:57:47 +0300] "POST //xmlrpc.php HTTP/1.1" 200 401 "-" "Mozilla/5.0 (Windows NT 10.0; Win64; x64) AppleWebKit/537.36 (KHTML, like Gecko) Chrome/78.0.3904.108 Safari/537.36"
34.86.137.37 - - [24/Jan/2025:00:58:02 +0300] "POST //xmlrpc.php HTTP/1.1" 200 401 "-" "Mozilla/5.0 (Windows NT 10.0; Win64; x64) AppleWebKit/537.36 (KHTML, like Gecko) Chrome/78.0.3904.108 Safari/537.36"
34.86.137.37 - - [24/Jan/2025:00:58:17 +0300] "POST //xmlrpc.php HTTP/1.1" 200 401 "-" "Mozilla/5.0 (Windows NT 10.0; Win64; x64) AppleWebKit/537.36 (KHTML, like Gecko) Chrome/78.0.3904.108 Safari/537.36"
91.121.60.232 - - [24/Jan/2025:00:58:47 +0300] "POST /wp-cron.php?doing_wp_cron=1737669527.0438389778137207031250 HTTP/1.1" 200 0 "-" "WordPress/6.7.1; https://learnwithils.com"
34.86.137.37 - - [24/Jan/2025:00:58:32 +0300] "POST //xmlrpc.php HTTP/1.1" 200 401 "-" "Mozilla/5.0 (Windows NT 10.0; Win64; x64) AppleWebKit/537.36 (KHTML, like Gecko) Chrome/78.0.3904.108 Safari/537.36"
34.86.137.37 - - [24/Jan/2025:00:58:47 +0300] "POST //xmlrpc.php HTTP/1.1" 200 401 "-" "Mozilla/5.0 (Windows NT 10.0; Win64; x64) AppleWebKit/537.36 (KHTML, like Gecko) Chrome/78.0.3904.108 Safari/537.36"
34.86.137.37 - - [24/Jan/2025:00:59:02 +0300] "POST //xmlrpc.php HTTP/1.1" 200 401 "-" "Mozilla/5.0 (Windows NT 10.0; Win64; x64) AppleWebKit/537.36 (KHTML, like Gecko) Chrome/78.0.3904.108 Safari/537.36"
91.121.60.232 - - [24/Jan/2025:01:18:07 +0300] "POST /wp-cron.php?doing_wp_cron=1737670687.6685180664062500000000 HTTP/1.1" 200 0 "-" "WordPress/6.7.1; https://learnwithils.com"
85.208.96.193 - - [24/Jan/2025:01:18:04 +0300] "GET /robots.txt HTTP/1.1" 200 129 "-" "Mozilla/5.0 (compatible; SemrushBot/7~bl; +http://www.semrush.com/bot.html)"
91.121.60.232 - - [24/Jan/2025:01:27:27 +0300] "POST /wp-cron.php?doing_wp_cron=1737671247.7683238983154296875000 HTTP/1.1" 200 0 "-" "WordPress/6.7.1; https://learnwithils.com"
207.46.13.64 - - [24/Jan/2025:01:27:26 +0300] "GET /sitemap.txt HTTP/2" 302 0 "-" "Mozilla/5.0 AppleWebKit/537.36 (KHTML, like Gecko; compatible; bingbot/2.0; +http://www.bing.com/bingbot.htm) Chrome/116.0.1938.76 Safari/537.36"
207.46.13.64 - - [24/Jan/2025:01:27:28 +0300] "GET /sitemap.xml HTTP/2" 200 517 "-" "Mozilla/5.0 AppleWebKit/537.36 (KHTML, like Gecko; compatible; bingbot/2.0; +http://www.bing.com/bingbot.htm) Chrome/116.0.1938.76 Safari/537.36"
207.46.13.78 - - [24/Jan/2025:01:27:36 +0300] "GET /sitemap.xml HTTP/2" 200 517 "-" "Mozilla/5.0 AppleWebKit/537.36 (KHTML, like Gecko; compatible; bingbot/2.0; +http://www.bing.com/bingbot.htm) Chrome/116.0.1938.76 Safari/537.36"
91.121.60.232 - - [24/Jan/2025:01:33:21 +0300] "POST /wp-cron.php?doing_wp_cron=1737671601.3295159339904785156250 HTTP/1.1" 200 0 "-" "WordPress/6.7.1; https://learnwithils.com"
85.208.96.205 - - [24/Jan/2025:01:33:18 +0300] "GET /why-schools-should-continue-to-use-remote-learning/ HTTP/1.1" 200 27048 "-" "Mozilla/5.0 (compatible; SemrushBot/7~bl; +http://www.semrush.com/bot.html)"
173.252.87.2 - - [24/Jan/2025:01:55:57 +0300] "GET /robots.txt HTTP/2" 200 170 "-" "facebookexternalhit/1.1 (+http://www.facebook.com/externalhit_uatext.php)"
31.13.115.114 - - [24/Jan/2025:01:55:59 +0300] "GET /robots.txt HTTP/1.1" 200 129 "-" "facebookexternalhit/1.1 (+http://www.facebook.com/externalhit_uatext.php)"
57.141.0.26 - - [24/Jan/2025:01:59:38 +0300] "GET /sitemap HTTP/2" 404 107236 "-" "meta-externalagent/1.1 (+https://developers.facebook.com/docs/sharing/webmasters/crawler)"
157.55.39.52 - - [24/Jan/2025:02:09:49 +0300] "GET /wp-content/plugins/contact-form-7/includes/js/index.js?ver=5.9.3 HTTP/2" 200 3919 "-" "Mozilla/5.0 AppleWebKit/537.36 (KHTML, like Gecko; compatible; bingbot/2.0; +http://www.bing.com/bingbot.htm) Chrome/116.0.1938.76 Safari/537.36"
157.55.39.52 - - [24/Jan/2025:02:09:49 +0300] "GET /wp-content/plugins/echooling-elements/assets/css/headding-title.css?ver=6.7.1 HTTP/2" 200 2443 "-" "Mozilla/5.0 AppleWebKit/537.36 (KHTML, like Gecko; compatible; bingbot/2.0; +http://www.bing.com/bingbot.htm) Chrome/116.0.1938.76 Safari/537.36"
157.55.39.52 - - [24/Jan/2025:02:09:49 +0300] "GET /wp-content/plugins/elementor/assets/js/frontend.min.js?ver=3.21.4 HTTP/2" 200 11814 "-" "Mozilla/5.0 AppleWebKit/537.36 (KHTML, like Gecko; compatible; bingbot/2.0; +http://www.bing.com/bingbot.htm) Chrome/116.0.1938.76 Safari/537.36"
157.55.39.52 - - [24/Jan/2025:02:09:50 +0300] "GET /wp-content/plugins/tutor/assets/css/tutor-front.min.css?ver=2.7.0 HTTP/2" 200 18112 "-" "Mozilla/5.0 AppleWebKit/537.36 (KHTML, like Gecko; compatible; bingbot/2.0; +http://www.bing.com/bingbot.htm) Chrome/116.0.1938.76 Safari/537.36"
157.55.39.52 - - [24/Jan/2025:02:09:50 +0300] "GET /wp-content/plugins/tutor/assets/packages/SocialShare/SocialShare.min.js?ver=2.7.0 HTTP/2" 200 4813 "-" "Mozilla/5.0 AppleWebKit/537.36 (KHTML, like Gecko; compatible; bingbot/2.0; +http://www.bing.com/bingbot.htm) Chrome/116.0.1938.76 Safari/537.36"
157.55.39.52 - - [24/Jan/2025:02:09:51 +0300] "GET /wp-content/plugins/woocommerce/assets/client/blocks/wc-blocks.css?ver=wc-8.8.5 HTTP/2" 200 2316 "-" "Mozilla/5.0 AppleWebKit/537.36 (KHTML, like Gecko; compatible; bingbot/2.0; +http://www.bing.com/bingbot.htm) Chrome/116.0.1938.76 Safari/537.36"
157.55.39.52 - - [24/Jan/2025:02:09:51 +0300] "GET /wp-content/plugins/woocommerce/assets/css/woocommerce-layout.css?ver=8.8.5 HTTP/2" 200 2342 "-" "Mozilla/5.0 AppleWebKit/537.36 (KHTML, like Gecko; compatible; bingbot/2.0; +http://www.bing.com/bingbot.htm) Chrome/116.0.1938.76 Safari/537.36"
157.55.39.52 - - [24/Jan/2025:02:09:51 +0300] "GET /wp-content/plugins/tutor/assets/js/tutor.min.js?ver=2.7.0 HTTP/2" 200 104825 "-" "Mozilla/5.0 AppleWebKit/537.36 (KHTML, like Gecko; compatible; bingbot/2.0; +http://www.bing.com/bingbot.htm) Chrome/116.0.1938.76 Safari/537.36"
157.55.39.52 - - [24/Jan/2025:02:09:52 +0300] "GET /wp-content/plugins/revslider/public/assets/js/rbtools.min.js?ver=6.6.16 HTTP/2" 200 59937 "-" "Mozilla/5.0 AppleWebKit/537.36 (KHTML, like Gecko; compatible; bingbot/2.0; +http://www.bing.com/bingbot.htm) Chrome/116.0.1938.76 Safari/537.36"
157.55.39.52 - - [24/Jan/2025:02:09:52 +0300] "GET /wp-content/plugins/woocommerce/assets/js/jquery-blockui/jquery.blockUI.min.js?ver=2.7.0-wc.8.8.5 HTTP/2" 200 3277 "-" "Mozilla/5.0 AppleWebKit/537.36 (KHTML, like Gecko; compatible; bingbot/2.0; +http://www.bing.com/bingbot.htm) Chrome/116.0.1938.76 Safari/537.36"
157.55.39.52 - - [24/Jan/2025:02:09:53 +0300] "GET /wp-content/themes/echooling/assets/css/animate.css?ver=6.7.1 HTTP/2" 200 4030 "-" "Mozilla/5.0 AppleWebKit/537.36 (KHTML, like Gecko; compatible; bingbot/2.0; +http://www.bing.com/bingbot.htm) Chrome/116.0.1938.76 Safari/537.36"
157.55.39.52 - - [24/Jan/2025:02:09:53 +0300] "GET /wp-content/themes/echooling/assets/css/bootstrap.min.css?ver=6.7.1 HTTP/2" 200 18555 "-" "Mozilla/5.0 AppleWebKit/537.36 (KHTML, like Gecko; compatible; bingbot/2.0; +http://www.bing.com/bingbot.htm) Chrome/116.0.1938.76 Safari/537.36"
157.55.39.52 - - [24/Jan/2025:02:09:53 +0300] "GET /wp-content/themes/echooling/assets/js/classie.js?ver=201513434 HTTP/2" 200 616 "-" "Mozilla/5.0 AppleWebKit/537.36 (KHTML, like Gecko; compatible; bingbot/2.0; +http://www.bing.com/bingbot.htm) Chrome/116.0.1938.76 Safari/537.36"
157.55.39.52 - - [24/Jan/2025:02:09:54 +0300] "GET /wp-content/themes/echooling/assets/css/magnific-popup.css?ver=6.7.1 HTTP/2" 200 1660 "-" "Mozilla/5.0 AppleWebKit/537.36 (KHTML, like Gecko; compatible; bingbot/2.0; +http://www.bing.com/bingbot.htm) Chrome/116.0.1938.76 Safari/537.36"
157.55.39.52 - - [24/Jan/2025:02:09:54 +0300] "GET /wp-content/themes/echooling/assets/js/main.js?ver=201513434 HTTP/2" 200 5218 "-" "Mozilla/5.0 AppleWebKit/537.36 (KHTML, like Gecko; compatible; bingbot/2.0; +http://www.bing.com/bingbot.htm) Chrome/116.0.1938.76 Safari/537.36"
