31.141.37.226 - - [23/Jan/2025:11:27:14 +0300] "GET /muoroto-fm/image/app_images/1e8a153acc9808f8e86e251e67d76d7f.jpeg HTTP/1.1" 200 94947 "-" "Dart/2.19 (dart:io)"
31.141.37.226 - - [23/Jan/2025:11:27:18 +0300] "GET /muoroto-fm/image/app_images/41a743f51e8413d6b280a050463c56ea.jpeg HTTP/1.1" 200 182382 "-" "Dart/2.19 (dart:io)"
31.141.37.226 - - [23/Jan/2025:11:27:21 +0300] "GET /muoroto-fm/image/app_images/d9351b752c8367458961b74b43df65f7.jpeg HTTP/1.1" 200 241473 "-" "Dart/2.19 (dart:io)"
91.121.60.232 - - [23/Jan/2025:11:29:05 +0300] "GET /radio-kaya/send-push HTTP/2" 200 70 "-" "curl/7.61.1"
84.175.93.246 - - [23/Jan/2025:11:30:12 +0300] "GET /radio-kaya/news-podcast/1 HTTP/1.1" 200 2076 "-" "Dart/3.5 (dart:io)"
91.121.60.232 - - [23/Jan/2025:11:31:04 +0300] "GET /tuliza-fm/send-push HTTP/2" 200 70 "-" "curl/7.61.1"
91.121.60.232 - - [23/Jan/2025:11:31:04 +0300] "GET /radio-kaya/send-push HTTP/2" 200 70 "-" "curl/7.61.1"
91.121.60.232 - - [23/Jan/2025:11:32:08 +0300] "GET /tuliza-fm/send-push HTTP/2" 200 70 "-" "curl/7.61.1"
105.161.103.101 - - [23/Jan/2025:11:32:32 +0300] "GET /muoroto-fm/image/app_images/fdea79dad7176ac458fe99927786d3fe.jpeg HTTP/1.1" 200 11477 "-" "Dart/2.19 (dart:io)"
105.161.103.101 - - [23/Jan/2025:11:32:34 +0300] "GET /muoroto-fm/image/app_images/36347d0febcb9f5cdb48f1f5bd83ae52.jpeg HTTP/1.1" 200 190575 "-" "Dart/2.19 (dart:io)"
105.161.103.101 - - [23/Jan/2025:11:32:38 +0300] "GET /muoroto-fm/image/app_images/4bfe541a3dc19b6a64cbfddc9ad4d62d.jpeg HTTP/1.1" 200 13475 "-" "Dart/2.19 (dart:io)"
105.161.103.101 - - [23/Jan/2025:11:32:42 +0300] "GET /muoroto-fm/image/app_images/6594a2859ed4334fce7305e50a84feee.jpeg HTTP/1.1" 200 13330 "-" "Dart/2.19 (dart:io)"
91.121.60.232 - - [23/Jan/2025:11:33:10 +0300] "GET /tuliza-fm/send-push HTTP/2" 200 70 "-" "curl/7.61.1"
154.159.254.91 - - [23/Jan/2025:11:33:56 +0300] "GET /muoroto-fm/image/app_images/fdea79dad7176ac458fe99927786d3fe.jpeg HTTP/1.1" 200 11477 "-" "Dart/2.19 (dart:io)"
91.121.60.232 - - [23/Jan/2025:11:34:08 +0300] "GET /radio-kaya/send-push HTTP/2" 200 70 "-" "curl/7.61.1"
105.160.50.115 - - [23/Jan/2025:11:34:09 +0300] "GET /muoroto-fm/image/app_images/36347d0febcb9f5cdb48f1f5bd83ae52.jpeg HTTP/1.1" 200 190575 "-" "Dart/2.19 (dart:io)"
105.160.50.115 - - [23/Jan/2025:11:34:13 +0300] "GET /muoroto-fm/image/app_images/4bfe541a3dc19b6a64cbfddc9ad4d62d.jpeg HTTP/1.1" 200 13475 "-" "Dart/2.19 (dart:io)"
105.160.50.115 - - [23/Jan/2025:11:34:17 +0300] "GET /muoroto-fm/image/app_images/6594a2859ed4334fce7305e50a84feee.jpeg HTTP/1.1" 200 13330 "-" "Dart/2.19 (dart:io)"
105.160.50.115 - - [23/Jan/2025:11:34:21 +0300] "GET /muoroto-fm/image/app_images/1e8a153acc9808f8e86e251e67d76d7f.jpeg HTTP/1.1" 200 94947 "-" "Dart/2.19 (dart:io)"
105.160.50.115 - - [23/Jan/2025:11:34:25 +0300] "GET /muoroto-fm/image/app_images/41a743f51e8413d6b280a050463c56ea.jpeg HTTP/1.1" 200 182382 "-" "Dart/2.19 (dart:io)"
105.160.86.33 - - [23/Jan/2025:11:34:25 +0300] "GET /tuliza-fm/image/app_images/5fd1fc8f6d15c950cf64e43ffd97b177.jpeg HTTP/1.1" 200 74238 "-" "Dart/2.19 (dart:io)"
105.160.86.33 - - [23/Jan/2025:11:34:26 +0300] "GET /tuliza-fm/image/app_images/7ea371241bf05bc00af8d36d501ba878.jpeg HTTP/1.1" 200 72612 "-" "Dart/2.19 (dart:io)"
105.160.50.115 - - [23/Jan/2025:11:34:29 +0300] "GET /muoroto-fm/image/app_images/d9351b752c8367458961b74b43df65f7.jpeg HTTP/1.1" 200 241473 "-" "Dart/2.19 (dart:io)"
105.160.86.33 - - [23/Jan/2025:11:34:29 +0300] "GET /tuliza-fm/image/app_images/b3230d82d21e084a595f7e9badd31721.jpeg HTTP/1.1" 200 82204 "-" "Dart/2.19 (dart:io)"
105.160.50.115 - - [23/Jan/2025:11:34:33 +0300] "GET /muoroto-fm/image/app_images/76117a3cc6d8fdf1ccb3aef44a59f8ec.jpeg HTTP/1.1" 200 121424 "-" "Dart/2.19 (dart:io)"
105.160.86.33 - - [23/Jan/2025:11:34:33 +0300] "GET /tuliza-fm/image/app_images/e64bb5f5e70843df0926e762cc93ee15.jpeg HTTP/1.1" 200 109023 "-" "Dart/2.19 (dart:io)"
105.160.86.33 - - [23/Jan/2025:11:34:38 +0300] "GET /tuliza-fm/image/app_images/4f4aa949a6d64a2dbacfca1ed5ac536b.jpeg HTTP/1.1" 200 71731 "-" "Dart/2.19 (dart:io)"
172.56.105.172 - - [23/Jan/2025:11:35:04 +0300] "GET /muoroto-fm/image/app_images/4bfe541a3dc19b6a64cbfddc9ad4d62d.jpeg HTTP/1.1" 200 13475 "-" "Dart/2.19 (dart:io)"
172.56.105.172 - - [23/Jan/2025:11:35:07 +0300] "GET /muoroto-fm/image/app_images/6594a2859ed4334fce7305e50a84feee.jpeg HTTP/1.1" 200 13330 "-" "Dart/2.19 (dart:io)"
91.121.60.232 - - [23/Jan/2025:11:35:08 +0300] "GET /tuliza-fm/send-push HTTP/2" 200 70 "-" "curl/7.61.1"
91.121.60.232 - - [23/Jan/2025:11:35:08 +0300] "GET /radio-kaya/send-push HTTP/2" 200 70 "-" "curl/7.61.1"
73.193.120.253 - - [23/Jan/2025:11:35:54 +0300] "GET /muoroto-fm/assets/img/logo.png HTTP/1.1" 200 92381 "-" "Dart/2.19 (dart:io)"
73.193.120.253 - - [23/Jan/2025:11:35:54 +0300] "GET /muoroto-fm/image/app_images/fdea79dad7176ac458fe99927786d3fe.jpeg HTTP/1.1" 200 11477 "-" "Dart/2.19 (dart:io)"
73.193.120.253 - - [23/Jan/2025:11:35:54 +0300] "GET /muoroto-fm/news-podcast/1 HTTP/1.1" 200 229 "-" "Dart/2.19 (dart:io)"
73.193.120.253 - - [23/Jan/2025:11:35:57 +0300] "GET /muoroto-fm/image/app_images/36347d0febcb9f5cdb48f1f5bd83ae52.jpeg HTTP/1.1" 200 190575 "-" "Dart/2.19 (dart:io)"
73.193.120.253 - - [23/Jan/2025:11:36:01 +0300] "GET /muoroto-fm/image/app_images/4bfe541a3dc19b6a64cbfddc9ad4d62d.jpeg HTTP/1.1" 200 13475 "-" "Dart/2.19 (dart:io)"
95.184.89.133 - - [23/Jan/2025:11:36:10 +0300] "GET /radio-kaya/image/app_images/ca2add8f43f3cdf6afff29778d58ab41.jpeg HTTP/1.1" 200 173948 "-" "Dart/3.5 (dart:io)"
91.121.60.232 - - [23/Jan/2025:11:36:11 +0300] "GET /tuliza-fm/send-push HTTP/2" 200 70 "-" "curl/7.61.1"
95.184.89.133 - - [23/Jan/2025:11:36:14 +0300] "GET /radio-kaya/image/app_images/6c1e8d00f6d26186e58248de3ce5b63d.jpeg HTTP/1.1" 200 176955 "-" "Dart/3.5 (dart:io)"
95.184.89.133 - - [23/Jan/2025:11:36:19 +0300] "GET /radio-kaya/image/app_images/53c6d090de1ac1fc79a5be96aef1b723.jpeg HTTP/1.1" 200 189675 "-" "Dart/3.5 (dart:io)"
95.184.89.133 - - [23/Jan/2025:11:36:24 +0300] "GET /radio-kaya/image/app_images/d0e07da0396d97c124f28a72f9c582ed.jpeg HTTP/1.1" 200 231755 "-" "Dart/3.5 (dart:io)"
95.184.89.133 - - [23/Jan/2025:11:35:10 +0300] "GET /radio-kaya/image/app_images/ca2add8f43f3cdf6afff29778d58ab41.jpeg HTTP/1.1" 200 173948 "-" "Dart/3.5 (dart:io)"
95.184.89.133 - - [23/Jan/2025:11:35:14 +0300] "GET /radio-kaya/image/app_images/6c1e8d00f6d26186e58248de3ce5b63d.jpeg HTTP/1.1" 200 176955 "-" "Dart/3.5 (dart:io)"
95.184.89.133 - - [23/Jan/2025:11:35:19 +0300] "GET /radio-kaya/image/app_images/53c6d090de1ac1fc79a5be96aef1b723.jpeg HTTP/1.1" 200 189675 "-" "Dart/3.5 (dart:io)"
95.184.89.133 - - [23/Jan/2025:11:35:24 +0300] "GET /radio-kaya/image/app_images/d0e07da0396d97c124f28a72f9c582ed.jpeg HTTP/1.1" 200 231755 "-" "Dart/3.5 (dart:io)"
95.184.89.133 - - [23/Jan/2025:11:35:29 +0300] "GET /radio-kaya/image/app_images/ae92195b33b098288be00c0c0f15fd6f.jpeg HTTP/1.1" 200 71512 "-" "Dart/3.5 (dart:io)"
95.184.89.133 - - [23/Jan/2025:11:35:34 +0300] "GET /radio-kaya/image/app_images/e6523160b707eea607fc6f999a09a94c.jpeg HTTP/1.1" 200 211291 "-" "Dart/3.5 (dart:io)"
95.184.89.133 - - [23/Jan/2025:11:35:40 +0300] "GET /radio-kaya/image/app_images/e83168c87b139aac4a42eae24c67ad3a.jpeg HTTP/1.1" 200 401010 "-" "Dart/3.5 (dart:io)"
95.184.89.133 - - [23/Jan/2025:11:35:44 +0300] "GET /radio-kaya/image/app_images/cf8c510fbe97e70405b84b770d2b4ea7.jpeg HTTP/1.1" 200 301037 "-" "Dart/3.5 (dart:io)"
95.184.89.133 - - [23/Jan/2025:11:35:49 +0300] "GET /radio-kaya/image/app_images/e6aff8951c6fede61f120ef52f6cea42.jpeg HTTP/1.1" 200 8071081 "-" "Dart/3.5 (dart:io)"
95.184.89.133 - - [23/Jan/2025:11:35:55 +0300] "GET /radio-kaya/image/app_images/230bef51dbd5f9be8e5be7939434f68b.jpeg HTTP/1.1" 200 145026 "-" "Dart/3.5 (dart:io)"
95.184.89.133 - - [23/Jan/2025:11:35:59 +0300] "GET /radio-kaya/image/app_images/b8bb6104f88200aafbea532743a313ec.jpeg HTTP/1.1" 200 97711 "-" "Dart/3.5 (dart:io)"
95.184.89.133 - - [23/Jan/2025:11:36:04 +0300] "GET /radio-kaya/image/app_images/00063af6a5c3be4d885d3c4eeca12d58.jpeg HTTP/1.1" 500 2271 "-" "Dart/3.5 (dart:io)"
91.121.60.232 - - [23/Jan/2025:11:36:11 +0300] "GET /radio-kaya/send-push HTTP/2" 200 70 "-" "curl/7.61.1"
154.159.254.91 - - [23/Jan/2025:11:37:02 +0300] "GET /muoroto-fm/image/app_images/36347d0febcb9f5cdb48f1f5bd83ae52.jpeg HTTP/1.1" 200 190575 "-" "Dart/2.19 (dart:io)"
91.121.60.232 - - [23/Jan/2025:11:37:04 +0300] "GET /radio-kaya/send-push HTTP/2" 200 70 "-" "curl/7.61.1"
91.121.60.232 - - [23/Jan/2025:11:37:04 +0300] "GET /tuliza-fm/send-push HTTP/2" 200 70 "-" "curl/7.61.1"
91.121.60.232 - - [23/Jan/2025:11:38:04 +0300] "GET /tuliza-fm/send-push HTTP/2" 200 70 "-" "curl/7.61.1"
91.121.60.232 - - [23/Jan/2025:11:38:04 +0300] "GET /radio-kaya/send-push HTTP/2" 200 70 "-" "curl/7.61.1"
91.121.60.232 - - [23/Jan/2025:11:39:05 +0300] "GET /radio-kaya/send-push HTTP/2" 200 70 "-" "curl/7.61.1"
91.121.60.232 - - [23/Jan/2025:11:39:05 +0300] "GET /tuliza-fm/send-push HTTP/2" 200 70 "-" "curl/7.61.1"
31.141.37.226 - - [23/Jan/2025:11:40:52 +0300] "GET /muoroto-fm/image/app_images/76117a3cc6d8fdf1ccb3aef44a59f8ec.jpeg HTTP/1.1" 200 121424 "-" "Dart/2.19 (dart:io)"
31.141.37.226 - - [23/Jan/2025:11:40:54 +0300] "GET /muoroto-fm/image/app_images/fdea79dad7176ac458fe99927786d3fe.jpeg HTTP/1.1" 200 11477 "-" "Dart/2.19 (dart:io)"
31.141.37.226 - - [23/Jan/2025:11:40:58 +0300] "GET /muoroto-fm/image/app_images/36347d0febcb9f5cdb48f1f5bd83ae52.jpeg HTTP/1.1" 200 190575 "-" "Dart/2.19 (dart:io)"
31.141.37.226 - - [23/Jan/2025:11:41:02 +0300] "GET /muoroto-fm/image/app_images/4bfe541a3dc19b6a64cbfddc9ad4d62d.jpeg HTTP/1.1" 200 13475 "-" "Dart/2.19 (dart:io)"
91.121.60.232 - - [23/Jan/2025:11:41:06 +0300] "GET /tuliza-fm/send-push HTTP/2" 200 70 "-" "curl/7.61.1"
31.141.37.226 - - [23/Jan/2025:11:41:06 +0300] "GET /muoroto-fm/image/app_images/6594a2859ed4334fce7305e50a84feee.jpeg HTTP/1.1" 200 13330 "-" "Dart/2.19 (dart:io)"
31.141.37.226 - - [23/Jan/2025:11:41:09 +0300] "GET /muoroto-fm/image/app_images/1e8a153acc9808f8e86e251e67d76d7f.jpeg HTTP/1.1" 200 94947 "-" "Dart/2.19 (dart:io)"
95.184.89.133 - - [23/Jan/2025:11:36:46 +0300] "GET /radio-kaya/image/app_images/ae92195b33b098288be00c0c0f15fd6f.jpeg HTTP/1.1" 200 71512 "-" "Dart/3.5 (dart:io)"
95.184.89.133 - - [23/Jan/2025:11:36:49 +0300] "GET /radio-kaya/image/app_images/e6523160b707eea607fc6f999a09a94c.jpeg HTTP/1.1" 200 211291 "-" "Dart/3.5 (dart:io)"
196.207.20.194 - - [23/Jan/2025:11:39:05 +0300] "GET /radio-kaya/news-podcast/1 HTTP/1.1" 200 2076 "-" "Dart/3.5 (dart:io)"
91.121.60.232 - - [23/Jan/2025:11:40:09 +0300] "GET /tuliza-fm/send-push HTTP/2" 200 70 "-" "curl/7.61.1"
91.121.60.232 - - [23/Jan/2025:11:40:09 +0300] "GET /radio-kaya/send-push HTTP/2" 200 70 "-" "curl/7.61.1"
91.121.60.232 - - [23/Jan/2025:11:41:05 +0300] "GET /radio-kaya/send-push HTTP/2" 200 70 "-" "curl/7.61.1"
197.231.179.118 - - [23/Jan/2025:11:42:00 +0300] "GET /radio-kaya/news-podcast/1 HTTP/1.1" 200 2076 "-" "Dart/3.5 (dart:io)"
91.121.60.232 - - [23/Jan/2025:11:42:04 +0300] "GET /tuliza-fm/send-push HTTP/2" 200 70 "-" "curl/7.61.1"
91.121.60.232 - - [23/Jan/2025:11:42:04 +0300] "GET /radio-kaya/send-push HTTP/2" 200 70 "-" "curl/7.61.1"
91.121.60.232 - - [23/Jan/2025:11:43:03 +0300] "GET /tuliza-fm/send-push HTTP/2" 200 70 "-" "curl/7.61.1"
91.121.60.232 - - [23/Jan/2025:11:43:03 +0300] "GET /radio-kaya/send-push HTTP/2" 200 70 "-" "curl/7.61.1"
91.121.60.232 - - [23/Jan/2025:11:45:06 +0300] "GET /tuliza-fm/send-push HTTP/2" 200 70 "-" "curl/7.61.1"
91.121.60.232 - - [23/Jan/2025:11:46:05 +0300] "GET /radio-kaya/send-push HTTP/2" 200 70 "-" "curl/7.61.1"
41.209.3.190 - - [23/Jan/2025:11:46:28 +0300] "GET /muoroto-fm/image/app_images/fdea79dad7176ac458fe99927786d3fe.jpeg HTTP/1.1" 200 11477 "-" "Dart/2.19 (dart:io)"
91.121.60.232 - - [23/Jan/2025:11:48:04 +0300] "GET /radio-kaya/send-push HTTP/2" 200 70 "-" "curl/7.61.1"
37.186.32.136 - - [23/Jan/2025:11:48:34 +0300] "GET /muoroto-fm/image/app_images/fdea79dad7176ac458fe99927786d3fe.jpeg HTTP/1.1" 200 11477 "-" "Dart/2.19 (dart:io)"
91.121.60.232 - - [23/Jan/2025:11:50:05 +0300] "GET /radio-kaya/send-push HTTP/2" 200 70 "-" "curl/7.61.1"
31.141.37.226 - - [23/Jan/2025:11:52:50 +0300] "GET /muoroto-fm/image/app_images/36347d0febcb9f5cdb48f1f5bd83ae52.jpeg HTTP/1.1" 200 190575 "-" "Dart/2.19 (dart:io)"
31.141.37.226 - - [23/Jan/2025:11:52:54 +0300] "GET /muoroto-fm/image/app_images/4bfe541a3dc19b6a64cbfddc9ad4d62d.jpeg HTTP/1.1" 200 13475 "-" "Dart/2.19 (dart:io)"
31.141.37.226 - - [23/Jan/2025:11:52:57 +0300] "GET /muoroto-fm/image/app_images/6594a2859ed4334fce7305e50a84feee.jpeg HTTP/1.1" 200 13330 "-" "Dart/2.19 (dart:io)"
31.141.37.226 - - [23/Jan/2025:11:53:02 +0300] "GET /muoroto-fm/image/app_images/1e8a153acc9808f8e86e251e67d76d7f.jpeg HTTP/1.1" 200 94947 "-" "Dart/2.19 (dart:io)"
91.121.60.232 - - [23/Jan/2025:11:53:02 +0300] "GET /tuliza-fm/send-push HTTP/2" 200 70 "-" "curl/7.61.1"
31.141.37.226 - - [23/Jan/2025:11:53:06 +0300] "GET /muoroto-fm/image/app_images/41a743f51e8413d6b280a050463c56ea.jpeg HTTP/1.1" 200 182382 "-" "Dart/2.19 (dart:io)"
31.141.37.226 - - [23/Jan/2025:11:53:10 +0300] "GET /muoroto-fm/image/app_images/d9351b752c8367458961b74b43df65f7.jpeg HTTP/1.1" 200 241473 "-" "Dart/2.19 (dart:io)"
31.141.37.226 - - [23/Jan/2025:11:53:14 +0300] "GET /muoroto-fm/image/app_images/76117a3cc6d8fdf1ccb3aef44a59f8ec.jpeg HTTP/1.1" 200 121424 "-" "Dart/2.19 (dart:io)"
31.141.37.226 - - [23/Jan/2025:11:53:18 +0300] "GET /muoroto-fm/image/app_images/fdea79dad7176ac458fe99927786d3fe.jpeg HTTP/1.1" 200 11477 "-" "Dart/2.19 (dart:io)"
31.141.37.226 - - [23/Jan/2025:11:53:22 +0300] "GET /muoroto-fm/image/app_images/36347d0febcb9f5cdb48f1f5bd83ae52.jpeg HTTP/1.1" 200 190575 "-" "Dart/2.19 (dart:io)"
91.121.60.232 - - [23/Jan/2025:11:54:06 +0300] "GET /tuliza-fm/send-push HTTP/2" 200 70 "-" "curl/7.61.1"
91.121.60.232 - - [23/Jan/2025:11:55:09 +0300] "GET /radio-kaya/send-push HTTP/2" 200 70 "-" "curl/7.61.1"
91.121.60.232 - - [23/Jan/2025:11:56:05 +0300] "GET /radio-kaya/send-push HTTP/2" 200 70 "-" "curl/7.61.1"
31.141.37.226 - - [23/Jan/2025:11:41:14 +0300] "GET /muoroto-fm/image/app_images/41a743f51e8413d6b280a050463c56ea.jpeg HTTP/1.1" 200 182382 "-" "Dart/2.19 (dart:io)"
31.141.37.226 - - [23/Jan/2025:11:41:18 +0300] "GET /muoroto-fm/image/app_images/d9351b752c8367458961b74b43df65f7.jpeg HTTP/1.1" 200 241473 "-" "Dart/2.19 (dart:io)"
188.135.39.141 - - [23/Jan/2025:11:42:12 +0300] "GET /muoroto-fm/image/app_images/76117a3cc6d8fdf1ccb3aef44a59f8ec.jpeg HTTP/1.1" 200 121424 "-" "Dart/2.19 (dart:io)"
188.135.39.141 - - [23/Jan/2025:11:42:14 +0300] "GET /muoroto-fm/image/app_images/fdea79dad7176ac458fe99927786d3fe.jpeg HTTP/1.1" 200 11477 "-" "Dart/2.19 (dart:io)"
188.135.39.141 - - [23/Jan/2025:11:42:49 +0300] "GET /muoroto-fm/image/app_images/36347d0febcb9f5cdb48f1f5bd83ae52.jpeg HTTP/1.1" 200 190575 "-" "Dart/2.19 (dart:io)"
188.135.39.141 - - [23/Jan/2025:11:42:50 +0300] "GET /muoroto-fm/image/app_images/4bfe541a3dc19b6a64cbfddc9ad4d62d.jpeg HTTP/1.1" 200 13475 "-" "Dart/2.19 (dart:io)"
188.135.39.141 - - [23/Jan/2025:11:42:54 +0300] "GET /muoroto-fm/image/app_images/6594a2859ed4334fce7305e50a84feee.jpeg HTTP/1.1" 200 13330 "-" "Dart/2.19 (dart:io)"
91.121.60.232 - - [23/Jan/2025:11:44:08 +0300] "GET /tuliza-fm/send-push HTTP/2" 200 70 "-" "curl/7.61.1"
91.121.60.232 - - [23/Jan/2025:11:44:08 +0300] "GET /radio-kaya/send-push HTTP/2" 200 70 "-" "curl/7.61.1"
91.121.60.232 - - [23/Jan/2025:11:45:05 +0300] "GET /radio-kaya/send-push HTTP/2" 200 70 "-" "curl/7.61.1"
91.121.60.232 - - [23/Jan/2025:11:46:05 +0300] "GET /tuliza-fm/send-push HTTP/2" 200 70 "-" "curl/7.61.1"
41.209.3.190 - - [23/Jan/2025:11:46:21 +0300] "GET /muoroto-fm/news-podcast/1 HTTP/1.1" 200 229 "-" "Dart/2.19 (dart:io)"
91.121.60.232 - - [23/Jan/2025:11:47:04 +0300] "GET /radio-kaya/send-push HTTP/2" 200 70 "-" "curl/7.61.1"
91.121.60.232 - - [23/Jan/2025:11:47:05 +0300] "GET /tuliza-fm/send-push HTTP/2" 200 70 "-" "curl/7.61.1"
91.121.60.232 - - [23/Jan/2025:11:48:04 +0300] "GET /tuliza-fm/send-push HTTP/2" 200 70 "-" "curl/7.61.1"
37.186.32.136 - - [23/Jan/2025:11:48:31 +0300] "GET /muoroto-fm/news-podcast/1 HTTP/1.1" 200 229 "-" "Dart/2.19 (dart:io)"
91.121.60.232 - - [23/Jan/2025:11:49:05 +0300] "GET /tuliza-fm/send-push HTTP/2" 200 70 "-" "curl/7.61.1"
91.121.60.232 - - [23/Jan/2025:11:49:05 +0300] "GET /radio-kaya/send-push HTTP/2" 200 70 "-" "curl/7.61.1"
91.121.60.232 - - [23/Jan/2025:11:50:05 +0300] "GET /tuliza-fm/send-push HTTP/2" 200 70 "-" "curl/7.61.1"
91.121.60.232 - - [23/Jan/2025:11:51:05 +0300] "GET /tuliza-fm/send-push HTTP/2" 200 70 "-" "curl/7.61.1"
91.121.60.232 - - [23/Jan/2025:11:51:05 +0300] "GET /radio-kaya/send-push HTTP/2" 200 70 "-" "curl/7.61.1"
197.232.86.203 - - [23/Jan/2025:11:51:42 +0300] "GET /muoroto-fm/news-podcast/1 HTTP/1.1" 200 229 "-" "Dart/2.19 (dart:io)"
197.232.86.203 - - [23/Jan/2025:11:51:45 +0300] "GET /muoroto-fm/image/app_images/fdea79dad7176ac458fe99927786d3fe.jpeg HTTP/1.1" 200 11477 "-" "Dart/2.19 (dart:io)"
91.121.60.232 - - [23/Jan/2025:11:52:04 +0300] "GET /tuliza-fm/send-push HTTP/2" 200 70 "-" "curl/7.61.1"
91.121.60.232 - - [23/Jan/2025:11:52:04 +0300] "GET /radio-kaya/send-push HTTP/2" 200 70 "-" "curl/7.61.1"
31.141.37.226 - - [23/Jan/2025:11:52:50 +0300] "GET /muoroto-fm/image/app_images/fdea79dad7176ac458fe99927786d3fe.jpeg HTTP/1.1" 200 11477 "-" "Dart/2.19 (dart:io)"
91.121.60.232 - - [23/Jan/2025:11:53:02 +0300] "GET /radio-kaya/send-push HTTP/2" 200 70 "-" "curl/7.61.1"
91.121.60.232 - - [23/Jan/2025:11:54:06 +0300] "GET /radio-kaya/send-push HTTP/2" 200 70 "-" "curl/7.61.1"
154.159.254.98 - - [23/Jan/2025:11:54:36 +0300] "GET /muoroto-fm/image/app_images/76117a3cc6d8fdf1ccb3aef44a59f8ec.jpeg HTTP/1.1" 200 121424 "-" "Dart/2.19 (dart:io)"
154.159.254.98 - - [23/Jan/2025:11:54:37 +0300] "GET /muoroto-fm/image/app_images/fdea79dad7176ac458fe99927786d3fe.jpeg HTTP/1.1" 200 11477 "-" "Dart/2.19 (dart:io)"
91.121.60.232 - - [23/Jan/2025:11:55:09 +0300] "GET /tuliza-fm/send-push HTTP/2" 200 70 "-" "curl/7.61.1"
91.121.60.232 - - [23/Jan/2025:11:56:05 +0300] "GET /tuliza-fm/send-push HTTP/2" 200 70 "-" "curl/7.61.1"
15.235.182.39 - - [23/Jan/2025:11:56:14 +0300] "GET /muoroto-fm/news-podcast/1 HTTP/1.1" 200 229 "-" "Dart/2.19 (dart:io)"
15.235.182.39 - - [23/Jan/2025:11:56:15 +0300] "GET /muoroto-fm/image/app_images/fdea79dad7176ac458fe99927786d3fe.jpeg HTTP/1.1" 200 11477 "-" "Dart/2.19 (dart:io)"
91.121.60.232 - - [23/Jan/2025:11:57:07 +0300] "GET /tuliza-fm/send-push HTTP/2" 200 70 "-" "curl/7.61.1"
31.141.37.226 - - [23/Jan/2025:11:58:21 +0300] "GET /muoroto-fm/image/app_images/4bfe541a3dc19b6a64cbfddc9ad4d62d.jpeg HTTP/1.1" 200 13475 "-" "Dart/2.19 (dart:io)"
31.141.37.226 - - [23/Jan/2025:11:58:22 +0300] "GET /muoroto-fm/image/app_images/6594a2859ed4334fce7305e50a84feee.jpeg HTTP/1.1" 200 13330 "-" "Dart/2.19 (dart:io)"
91.121.60.232 - - [23/Jan/2025:11:59:03 +0300] "GET /tuliza-fm/send-push HTTP/2" 200 70 "-" "curl/7.61.1"
91.121.60.232 - - [23/Jan/2025:11:59:03 +0300] "GET /radio-kaya/send-push HTTP/2" 200 70 "-" "curl/7.61.1"
172.232.50.60 - - [23/Jan/2025:11:59:05 +0300] "GET /muoroto-fm/image/app_images/36347d0febcb9f5cdb48f1f5bd83ae52.jpeg HTTP/1.1" 200 190575 "-" "Dart/2.19 (dart:io)"
91.121.60.232 - - [23/Jan/2025:12:00:08 +0300] "GET /tuliza-fm/send-push HTTP/2" 200 70 "-" "curl/7.61.1"
91.121.60.232 - - [23/Jan/2025:12:00:08 +0300] "GET /radio-kaya/send-push HTTP/2" 200 70 "-" "curl/7.61.1"
91.121.60.232 - - [23/Jan/2025:12:01:03 +0300] "GET /tuliza-fm/send-push HTTP/2" 200 70 "-" "curl/7.61.1"
91.121.60.232 - - [23/Jan/2025:12:01:03 +0300] "GET /radio-kaya/send-push HTTP/2" 200 70 "-" "curl/7.61.1"
91.121.60.232 - - [23/Jan/2025:12:02:03 +0300] "GET /radio-kaya/send-push HTTP/2" 200 70 "-" "curl/7.61.1"
91.121.60.232 - - [23/Jan/2025:12:03:04 +0300] "GET /radio-kaya/send-push HTTP/2" 200 70 "-" "curl/7.61.1"
91.121.60.232 - - [23/Jan/2025:12:03:04 +0300] "GET /tuliza-fm/send-push HTTP/2" 200 70 "-" "curl/7.61.1"
31.141.37.226 - - [23/Jan/2025:12:03:13 +0300] "GET /muoroto-fm/image/app_images/41a743f51e8413d6b280a050463c56ea.jpeg HTTP/1.1" 200 182382 "-" "Dart/2.19 (dart:io)"
31.141.37.226 - - [23/Jan/2025:12:03:14 +0300] "GET /muoroto-fm/image/app_images/d9351b752c8367458961b74b43df65f7.jpeg HTTP/1.1" 200 241473 "-" "Dart/2.19 (dart:io)"
31.141.37.226 - - [23/Jan/2025:12:03:18 +0300] "GET /muoroto-fm/image/app_images/76117a3cc6d8fdf1ccb3aef44a59f8ec.jpeg HTTP/1.1" 200 121424 "-" "Dart/2.19 (dart:io)"
31.141.37.226 - - [23/Jan/2025:12:03:21 +0300] "GET /muoroto-fm/image/app_images/fdea79dad7176ac458fe99927786d3fe.jpeg HTTP/1.1" 200 11477 "-" "Dart/2.19 (dart:io)"
31.141.37.226 - - [23/Jan/2025:12:03:26 +0300] "GET /muoroto-fm/image/app_images/36347d0febcb9f5cdb48f1f5bd83ae52.jpeg HTTP/1.1" 200 190575 "-" "Dart/2.19 (dart:io)"
31.141.37.226 - - [23/Jan/2025:12:03:30 +0300] "GET /muoroto-fm/image/app_images/4bfe541a3dc19b6a64cbfddc9ad4d62d.jpeg HTTP/1.1" 200 13475 "-" "Dart/2.19 (dart:io)"
31.141.37.226 - - [23/Jan/2025:12:03:33 +0300] "GET /muoroto-fm/image/app_images/6594a2859ed4334fce7305e50a84feee.jpeg HTTP/1.1" 200 13330 "-" "Dart/2.19 (dart:io)"
31.141.37.226 - - [23/Jan/2025:12:03:37 +0300] "GET /muoroto-fm/image/app_images/1e8a153acc9808f8e86e251e67d76d7f.jpeg HTTP/1.1" 200 94947 "-" "Dart/2.19 (dart:io)"
91.121.60.232 - - [23/Jan/2025:12:04:04 +0300] "GET /radio-kaya/send-push HTTP/2" 200 70 "-" "curl/7.61.1"
91.121.60.232 - - [23/Jan/2025:12:05:07 +0300] "GET /tuliza-fm/send-push HTTP/2" 200 70 "-" "curl/7.61.1"
154.159.237.211 - - [23/Jan/2025:12:05:30 +0300] "GET /muoroto-fm/news-podcast/1 HTTP/1.1" 200 229 "-" "Dart/2.19 (dart:io)"
91.121.60.232 - - [23/Jan/2025:12:06:07 +0300] "GET /tuliza-fm/send-push HTTP/2" 200 70 "-" "curl/7.61.1"
91.121.60.232 - - [23/Jan/2025:12:07:04 +0300] "GET /tuliza-fm/send-push HTTP/2" 200 70 "-" "curl/7.61.1"
91.121.60.232 - - [23/Jan/2025:12:07:05 +0300] "GET /radio-kaya/send-push HTTP/2" 200 70 "-" "curl/7.61.1"
91.121.60.232 - - [23/Jan/2025:12:09:05 +0300] "GET /radio-kaya/send-push HTTP/2" 200 70 "-" "curl/7.61.1"
91.121.60.232 - - [23/Jan/2025:12:10:09 +0300] "GET /radio-kaya/send-push HTTP/2" 200 70 "-" "curl/7.61.1"
196.201.218.106 - - [23/Jan/2025:12:10:59 +0300] "GET /muoroto-fm/assets/img/logo.png HTTP/1.1" 200 92381 "-" "Dart/2.19 (dart:io)"
196.201.218.106 - - [23/Jan/2025:12:10:58 +0300] "GET /muoroto-fm/news-podcast/1 HTTP/1.1" 200 229 "-" "Dart/2.19 (dart:io)"
91.121.60.232 - - [23/Jan/2025:11:57:07 +0300] "GET /radio-kaya/send-push HTTP/2" 200 70 "-" "curl/7.61.1"
91.121.60.232 - - [23/Jan/2025:11:58:12 +0300] "GET /radio-kaya/send-push HTTP/2" 200 70 "-" "curl/7.61.1"
91.121.60.232 - - [23/Jan/2025:11:58:12 +0300] "GET /tuliza-fm/send-push HTTP/2" 200 70 "-" "curl/7.61.1"
172.232.50.60 - - [23/Jan/2025:11:58:40 +0300] "GET /muoroto-fm/news-podcast/1 HTTP/1.1" 200 229 "-" "Dart/2.19 (dart:io)"
172.232.50.60 - - [23/Jan/2025:11:58:43 +0300] "GET /muoroto-fm/image/app_images/fdea79dad7176ac458fe99927786d3fe.jpeg HTTP/1.1" 200 11477 "-" "Dart/2.19 (dart:io)"
91.121.60.232 - - [23/Jan/2025:12:02:03 +0300] "GET /tuliza-fm/send-push HTTP/2" 200 70 "-" "curl/7.61.1"
31.141.37.226 - - [23/Jan/2025:12:02:17 +0300] "GET /muoroto-fm/image/app_images/1e8a153acc9808f8e86e251e67d76d7f.jpeg HTTP/1.1" 200 94947 "-" "Dart/2.19 (dart:io)"
31.141.37.226 - - [23/Jan/2025:12:02:18 +0300] "GET /muoroto-fm/image/app_images/41a743f51e8413d6b280a050463c56ea.jpeg HTTP/1.1" 200 182382 "-" "Dart/2.19 (dart:io)"
31.141.37.226 - - [23/Jan/2025:12:02:22 +0300] "GET /muoroto-fm/image/app_images/d9351b752c8367458961b74b43df65f7.jpeg HTTP/1.1" 200 241473 "-" "Dart/2.19 (dart:io)"
31.141.37.226 - - [23/Jan/2025:12:02:25 +0300] "GET /muoroto-fm/image/app_images/76117a3cc6d8fdf1ccb3aef44a59f8ec.jpeg HTTP/1.1" 200 121424 "-" "Dart/2.19 (dart:io)"
31.141.37.226 - - [23/Jan/2025:12:02:30 +0300] "GET /muoroto-fm/image/app_images/fdea79dad7176ac458fe99927786d3fe.jpeg HTTP/1.1" 200 11477 "-" "Dart/2.19 (dart:io)"
31.141.37.226 - - [23/Jan/2025:12:02:34 +0300] "GET /muoroto-fm/image/app_images/36347d0febcb9f5cdb48f1f5bd83ae52.jpeg HTTP/1.1" 200 190575 "-" "Dart/2.19 (dart:io)"
31.141.37.226 - - [23/Jan/2025:12:02:38 +0300] "GET /muoroto-fm/image/app_images/4bfe541a3dc19b6a64cbfddc9ad4d62d.jpeg HTTP/1.1" 200 13475 "-" "Dart/2.19 (dart:io)"
31.141.37.226 - - [23/Jan/2025:12:02:42 +0300] "GET /muoroto-fm/image/app_images/6594a2859ed4334fce7305e50a84feee.jpeg HTTP/1.1" 200 13330 "-" "Dart/2.19 (dart:io)"
91.121.60.232 - - [23/Jan/2025:12:04:04 +0300] "GET /tuliza-fm/send-push HTTP/2" 200 70 "-" "curl/7.61.1"
91.121.60.232 - - [23/Jan/2025:12:05:07 +0300] "GET /radio-kaya/send-push HTTP/2" 200 70 "-" "curl/7.61.1"
154.159.237.211 - - [23/Jan/2025:12:05:31 +0300] "GET /muoroto-fm/image/app_images/fdea79dad7176ac458fe99927786d3fe.jpeg HTTP/1.1" 200 11477 "-" "Dart/2.19 (dart:io)"
154.159.237.211 - - [23/Jan/2025:12:06:02 +0300] "GET /muoroto-fm/assets/img/logo.png HTTP/1.1" 200 92381 "-" "Dart/2.19 (dart:io)"
91.121.60.232 - - [23/Jan/2025:12:06:07 +0300] "GET /radio-kaya/send-push HTTP/2" 200 70 "-" "curl/7.61.1"
91.121.60.232 - - [23/Jan/2025:12:08:06 +0300] "GET /radio-kaya/send-push HTTP/2" 200 70 "-" "curl/7.61.1"
91.121.60.232 - - [23/Jan/2025:12:08:06 +0300] "GET /tuliza-fm/send-push HTTP/2" 200 70 "-" "curl/7.61.1"
43.128.100.220 - - [23/Jan/2025:12:08:43 +0300] "GET / HTTP/1.1" 403 787 "http://www.elspaciohost.co.ke" "Mozilla/5.0 (iPhone; CPU iPhone OS 13_2_3 like Mac OS X) AppleWebKit/605.1.15 (KHTML, like Gecko) Version/13.0.3 Mobile/15E148 Safari/604.1"
91.121.60.232 - - [23/Jan/2025:12:09:05 +0300] "GET /tuliza-fm/send-push HTTP/2" 200 70 "-" "curl/7.61.1"
91.121.60.232 - - [23/Jan/2025:12:10:09 +0300] "GET /tuliza-fm/send-push HTTP/2" 200 70 "-" "curl/7.61.1"
196.201.218.106 - - [23/Jan/2025:12:11:00 +0300] "GET /muoroto-fm/image/app_images/fdea79dad7176ac458fe99927786d3fe.jpeg HTTP/1.1" 200 11477 "-" "Dart/2.19 (dart:io)"
91.121.60.232 - - [23/Jan/2025:12:11:08 +0300] "GET /tuliza-fm/send-push HTTP/2" 200 70 "-" "curl/7.61.1"
66.249.74.75 - - [23/Jan/2025:12:11:11 +0300] "GET /muoroto/ HTTP/1.1" 404 796 "-" "Mozilla/5.0 (compatible; Googlebot/2.1; +http://www.google.com/bot.html)"
66.249.74.73 - - [23/Jan/2025:12:11:18 +0300] "GET /muoroto/ HTTP/1.1" 404 796 "-" "Mozilla/5.0 (compatible; Googlebot/2.1; +http://www.google.com/bot.html)"
91.121.60.232 - - [23/Jan/2025:12:12:10 +0300] "GET /radio-kaya/send-push HTTP/2" 200 70 "-" "curl/7.61.1"
91.121.60.232 - - [23/Jan/2025:12:11:08 +0300] "GET /radio-kaya/send-push HTTP/2" 200 70 "-" "curl/7.61.1"
91.121.60.232 - - [23/Jan/2025:12:12:09 +0300] "GET /tuliza-fm/send-push HTTP/2" 200 70 "-" "curl/7.61.1"
91.121.60.232 - - [23/Jan/2025:12:13:05 +0300] "GET /tuliza-fm/send-push HTTP/2" 200 70 "-" "curl/7.61.1"
154.159.254.67 - - [23/Jan/2025:12:13:53 +0300] "GET /radio-kaya/news-podcast/1 HTTP/1.1" 200 2076 "-" "Dart/3.5 (dart:io)"
91.121.60.232 - - [23/Jan/2025:12:15:15 +0300] "GET /radio-kaya/send-push HTTP/2" 200 70 "-" "curl/7.61.1"
66.249.74.73 - - [23/Jan/2025:12:15:53 +0300] "GET /tuliza-fm/policy HTTP/1.1" 200 2275 "-" "Mozilla/5.0 (compatible; Googlebot/2.1; +http://www.google.com/bot.html)"
66.249.74.73 - - [23/Jan/2025:12:15:55 +0300] "GET /tuliza-fm/policy HTTP/1.1" 200 2275 "-" "Mozilla/5.0 (compatible; Googlebot/2.1; +http://www.google.com/bot.html)"
95.184.89.133 - - [23/Jan/2025:12:16:50 +0300] "GET /radio-kaya/news-podcast/1 HTTP/1.1" 200 2076 "-" "Dart/3.5 (dart:io)"
196.201.218.181 - - [23/Jan/2025:12:16:57 +0300] "GET /tuliza-fm/news-podcast/1 HTTP/1.1" 200 627 "-" "Dart/2.19 (dart:io)"
41.81.29.194 - - [23/Jan/2025:12:16:59 +0300] "GET /tuliza-fm/image/app_images/5fd1fc8f6d15c950cf64e43ffd97b177.jpeg HTTP/1.1" 200 74238 "-" "Dart/2.19 (dart:io)"
95.184.89.133 - - [23/Jan/2025:12:17:38 +0300] "GET /radio-kaya/image/app_images/6c1e8d00f6d26186e58248de3ce5b63d.jpeg HTTP/1.1" 200 176955 "-" "Dart/3.5 (dart:io)"
95.184.89.133 - - [23/Jan/2025:12:17:40 +0300] "GET /radio-kaya/image/app_images/53c6d090de1ac1fc79a5be96aef1b723.jpeg HTTP/1.1" 200 189675 "-" "Dart/3.5 (dart:io)"
95.184.89.133 - - [23/Jan/2025:12:17:45 +0300] "GET /radio-kaya/image/app_images/d0e07da0396d97c124f28a72f9c582ed.jpeg HTTP/1.1" 200 231755 "-" "Dart/3.5 (dart:io)"
95.184.89.133 - - [23/Jan/2025:12:17:50 +0300] "GET /radio-kaya/image/app_images/ae92195b33b098288be00c0c0f15fd6f.jpeg HTTP/1.1" 200 71512 "-" "Dart/3.5 (dart:io)"
95.184.89.133 - - [23/Jan/2025:12:17:55 +0300] "GET /radio-kaya/image/app_images/e6523160b707eea607fc6f999a09a94c.jpeg HTTP/1.1" 200 211291 "-" "Dart/3.5 (dart:io)"
95.184.89.133 - - [23/Jan/2025:12:18:00 +0300] "GET /radio-kaya/image/app_images/e83168c87b139aac4a42eae24c67ad3a.jpeg HTTP/1.1" 200 401010 "-" "Dart/3.5 (dart:io)"
95.184.89.133 - - [23/Jan/2025:12:18:05 +0300] "GET /radio-kaya/image/app_images/cf8c510fbe97e70405b84b770d2b4ea7.jpeg HTTP/1.1" 200 301037 "-" "Dart/3.5 (dart:io)"
91.121.60.232 - - [23/Jan/2025:12:18:09 +0300] "GET /tuliza-fm/send-push HTTP/2" 200 70 "-" "curl/7.61.1"
95.184.89.133 - - [23/Jan/2025:12:18:18 +0300] "GET /radio-kaya/image/app_images/230bef51dbd5f9be8e5be7939434f68b.jpeg HTTP/1.1" 200 145026 "-" "Dart/3.5 (dart:io)"
95.184.89.133 - - [23/Jan/2025:12:18:10 +0300] "GET /radio-kaya/image/app_images/e6aff8951c6fede61f120ef52f6cea42.jpeg HTTP/1.1" 200 8071081 "-" "Dart/3.5 (dart:io)"
95.184.89.133 - - [23/Jan/2025:12:18:30 +0300] "GET /radio-kaya/image/app_images/ca2add8f43f3cdf6afff29778d58ab41.jpeg HTTP/1.1" 200 173948 "-" "Dart/3.5 (dart:io)"
95.184.89.133 - - [23/Jan/2025:12:18:40 +0300] "GET /radio-kaya/image/app_images/53c6d090de1ac1fc79a5be96aef1b723.jpeg HTTP/1.1" 200 189675 "-" "Dart/3.5 (dart:io)"
95.184.89.133 - - [23/Jan/2025:12:18:45 +0300] "GET /radio-kaya/image/app_images/d0e07da0396d97c124f28a72f9c582ed.jpeg HTTP/1.1" 200 231755 "-" "Dart/3.5 (dart:io)"
95.184.89.133 - - [23/Jan/2025:12:18:50 +0300] "GET /radio-kaya/image/app_images/ae92195b33b098288be00c0c0f15fd6f.jpeg HTTP/1.1" 200 71512 "-" "Dart/3.5 (dart:io)"
91.121.60.232 - - [23/Jan/2025:12:19:05 +0300] "GET /tuliza-fm/send-push HTTP/2" 200 70 "-" "curl/7.61.1"
95.184.89.133 - - [23/Jan/2025:12:19:06 +0300] "GET /radio-kaya/image/app_images/e83168c87b139aac4a42eae24c67ad3a.jpeg HTTP/1.1" 200 401010 "-" "Dart/3.5 (dart:io)"
95.184.89.133 - - [23/Jan/2025:12:19:10 +0300] "GET /radio-kaya/image/app_images/cf8c510fbe97e70405b84b770d2b4ea7.jpeg HTTP/1.1" 200 301037 "-" "Dart/3.5 (dart:io)"
91.121.60.232 - - [23/Jan/2025:12:13:05 +0300] "GET /radio-kaya/send-push HTTP/2" 200 70 "-" "curl/7.61.1"
91.121.60.232 - - [23/Jan/2025:12:14:05 +0300] "GET /tuliza-fm/send-push HTTP/2" 200 70 "-" "curl/7.61.1"
91.121.60.232 - - [23/Jan/2025:12:14:06 +0300] "GET /radio-kaya/send-push HTTP/2" 200 70 "-" "curl/7.61.1"
91.121.60.232 - - [23/Jan/2025:12:15:14 +0300] "GET /tuliza-fm/send-push HTTP/2" 200 70 "-" "curl/7.61.1"
91.121.60.232 - - [23/Jan/2025:12:16:15 +0300] "GET /tuliza-fm/send-push HTTP/2" 200 70 "-" "curl/7.61.1"
91.121.60.232 - - [23/Jan/2025:12:16:15 +0300] "GET /radio-kaya/send-push HTTP/2" 200 70 "-" "curl/7.61.1"
91.121.60.232 - - [23/Jan/2025:12:17:04 +0300] "GET /radio-kaya/send-push HTTP/2" 200 70 "-" "curl/7.61.1"
91.121.60.232 - - [23/Jan/2025:12:17:04 +0300] "GET /tuliza-fm/send-push HTTP/2" 200 70 "-" "curl/7.61.1"
91.121.60.232 - - [23/Jan/2025:12:18:09 +0300] "GET /radio-kaya/send-push HTTP/2" 200 70 "-" "curl/7.61.1"
95.184.89.133 - - [23/Jan/2025:12:18:21 +0300] "GET /radio-kaya/image/app_images/b8bb6104f88200aafbea532743a313ec.jpeg HTTP/1.1" 200 97711 "-" "Dart/3.5 (dart:io)"
95.184.89.133 - - [23/Jan/2025:12:18:25 +0300] "GET /radio-kaya/image/app_images/00063af6a5c3be4d885d3c4eeca12d58.jpeg HTTP/1.1" 500 2271 "-" "Dart/3.5 (dart:io)"
91.121.60.232 - - [23/Jan/2025:12:19:06 +0300] "GET /radio-kaya/send-push HTTP/2" 200 70 "-" "curl/7.61.1"
95.184.89.133 - - [23/Jan/2025:12:19:34 +0300] "GET /radio-kaya/image/app_images/b8bb6104f88200aafbea532743a313ec.jpeg HTTP/1.1" 200 97711 "-" "Dart/3.5 (dart:io)"
91.121.60.232 - - [23/Jan/2025:12:20:15 +0300] "GET /tuliza-fm/send-push HTTP/2" 200 70 "-" "curl/7.61.1"
109.82.220.95 - - [23/Jan/2025:12:20:33 +0300] "GET /muoroto-fm/image/app_images/1e8a153acc9808f8e86e251e67d76d7f.jpeg HTTP/1.1" 200 94947 "-" "Dart/2.19 (dart:io)"
109.82.220.95 - - [23/Jan/2025:12:20:35 +0300] "GET /muoroto-fm/image/app_images/41a743f51e8413d6b280a050463c56ea.jpeg HTTP/1.1" 200 182382 "-" "Dart/2.19 (dart:io)"
105.160.50.115 - - [23/Jan/2025:12:20:37 +0300] "GET /muoroto-fm/image/app_images/fdea79dad7176ac458fe99927786d3fe.jpeg HTTP/1.1" 200 11477 "-" "Dart/2.19 (dart:io)"
109.82.220.95 - - [23/Jan/2025:12:20:39 +0300] "GET /muoroto-fm/image/app_images/d9351b752c8367458961b74b43df65f7.jpeg HTTP/1.1" 200 241473 "-" "Dart/2.19 (dart:io)"
109.82.220.95 - - [23/Jan/2025:12:20:43 +0300] "GET /muoroto-fm/image/app_images/76117a3cc6d8fdf1ccb3aef44a59f8ec.jpeg HTTP/1.1" 200 121424 "-" "Dart/2.19 (dart:io)"
109.82.220.95 - - [23/Jan/2025:12:20:47 +0300] "GET /muoroto-fm/image/app_images/fdea79dad7176ac458fe99927786d3fe.jpeg HTTP/1.1" 200 11477 "-" "Dart/2.19 (dart:io)"
41.90.5.112 - - [23/Jan/2025:12:20:47 +0300] "GET /muoroto-fm/image/app_images/76117a3cc6d8fdf1ccb3aef44a59f8ec.jpeg HTTP/1.1" 200 121424 "-" "Dart/2.19 (dart:io)"
109.82.220.95 - - [23/Jan/2025:12:20:51 +0300] "GET /muoroto-fm/image/app_images/36347d0febcb9f5cdb48f1f5bd83ae52.jpeg HTTP/1.1" 200 190575 "-" "Dart/2.19 (dart:io)"
109.82.220.95 - - [23/Jan/2025:12:20:55 +0300] "GET /muoroto-fm/image/app_images/4bfe541a3dc19b6a64cbfddc9ad4d62d.jpeg HTTP/1.1" 200 13475 "-" "Dart/2.19 (dart:io)"
109.82.220.95 - - [23/Jan/2025:12:21:00 +0300] "GET /muoroto-fm/news-podcast/1 HTTP/1.1" 200 229 "-" "Dart/2.19 (dart:io)"
102.135.172.108 - - [23/Jan/2025:12:21:12 +0300] "GET /muoroto-fm/news-podcast/1 HTTP/1.1" 200 229 "-" "Dart/2.19 (dart:io)"
102.135.172.107 - - [23/Jan/2025:12:21:12 +0300] "GET /muoroto-fm/assets/img/logo.png HTTP/1.1" 200 92381 "-" "Dart/2.19 (dart:io)"
102.135.172.103 - - [23/Jan/2025:12:21:13 +0300] "GET /muoroto-fm/image/app_images/fdea79dad7176ac458fe99927786d3fe.jpeg HTTP/1.1" 200 11477 "-" "Dart/2.19 (dart:io)"
102.135.172.103 - - [23/Jan/2025:12:21:15 +0300] "GET /muoroto-fm/image/app_images/36347d0febcb9f5cdb48f1f5bd83ae52.jpeg HTTP/1.1" 200 190575 "-" "Dart/2.19 (dart:io)"
102.135.172.103 - - [23/Jan/2025:12:21:19 +0300] "GET /muoroto-fm/image/app_images/4bfe541a3dc19b6a64cbfddc9ad4d62d.jpeg HTTP/1.1" 200 13475 "-" "Dart/2.19 (dart:io)"
95.184.89.133 - - [23/Jan/2025:12:21:44 +0300] "POST /radio-kaya/delete-reminder HTTP/1.1" 200 85 "-" "Dart/3.5 (dart:io)"
95.184.89.133 - - [23/Jan/2025:12:22:01 +0300] "POST /radio-kaya/set-reminder HTTP/1.1" 200 325 "-" "Dart/3.5 (dart:io)"
95.184.89.133 - - [23/Jan/2025:12:22:03 +0300] "GET /radio-kaya/image/app_images/ca2add8f43f3cdf6afff29778d58ab41.jpeg HTTP/1.1" 200 173948 "-" "Dart/3.5 (dart:io)"
95.184.89.133 - - [23/Jan/2025:12:22:07 +0300] "GET /radio-kaya/image/app_images/6c1e8d00f6d26186e58248de3ce5b63d.jpeg HTTP/1.1" 200 176955 "-" "Dart/3.5 (dart:io)"
91.121.60.232 - - [23/Jan/2025:12:22:10 +0300] "GET /tuliza-fm/send-push HTTP/2" 200 70 "-" "curl/7.61.1"
91.121.60.232 - - [23/Jan/2025:12:22:10 +0300] "GET /radio-kaya/send-push HTTP/2" 200 70 "-" "curl/7.61.1"
95.184.89.133 - - [23/Jan/2025:12:22:12 +0300] "GET /radio-kaya/image/app_images/53c6d090de1ac1fc79a5be96aef1b723.jpeg HTTP/1.1" 200 189675 "-" "Dart/3.5 (dart:io)"
95.184.89.133 - - [23/Jan/2025:12:22:18 +0300] "GET /radio-kaya/image/app_images/d0e07da0396d97c124f28a72f9c582ed.jpeg HTTP/1.1" 200 231755 "-" "Dart/3.5 (dart:io)"
95.184.89.133 - - [23/Jan/2025:12:22:22 +0300] "GET /radio-kaya/image/app_images/ae92195b33b098288be00c0c0f15fd6f.jpeg HTTP/1.1" 200 71512 "-" "Dart/3.5 (dart:io)"
95.184.89.133 - - [23/Jan/2025:12:22:28 +0300] "POST /radio-kaya/delete-reminder HTTP/1.1" 200 85 "-" "Dart/3.5 (dart:io)"
95.184.89.133 - - [23/Jan/2025:12:22:33 +0300] "GET /radio-kaya/image/app_images/e6523160b707eea607fc6f999a09a94c.jpeg HTTP/1.1" 200 211291 "-" "Dart/3.5 (dart:io)"
95.184.89.133 - - [23/Jan/2025:12:22:37 +0300] "POST /radio-kaya/delete-reminder HTTP/1.1" 200 85 "-" "Dart/3.5 (dart:io)"
95.184.89.133 - - [23/Jan/2025:12:22:43 +0300] "GET /radio-kaya/image/app_images/e83168c87b139aac4a42eae24c67ad3a.jpeg HTTP/1.1" 200 401010 "-" "Dart/3.5 (dart:io)"
95.184.89.133 - - [23/Jan/2025:12:22:48 +0300] "GET /radio-kaya/image/app_images/cf8c510fbe97e70405b84b770d2b4ea7.jpeg HTTP/1.1" 200 301037 "-" "Dart/3.5 (dart:io)"
95.184.89.133 - - [23/Jan/2025:12:22:53 +0300] "GET /radio-kaya/image/app_images/e6aff8951c6fede61f120ef52f6cea42.jpeg HTTP/1.1" 200 8071081 "-" "Dart/3.5 (dart:io)"
95.184.89.133 - - [23/Jan/2025:12:23:02 +0300] "GET /radio-kaya/image/app_images/b8bb6104f88200aafbea532743a313ec.jpeg HTTP/1.1" 200 97711 "-" "Dart/3.5 (dart:io)"
91.121.60.232 - - [23/Jan/2025:12:23:06 +0300] "GET /tuliza-fm/send-push HTTP/2" 200 70 "-" "curl/7.61.1"
95.184.89.133 - - [23/Jan/2025:12:23:07 +0300] "GET /radio-kaya/image/app_images/00063af6a5c3be4d885d3c4eeca12d58.jpeg HTTP/1.1" 500 2271 "-" "Dart/3.5 (dart:io)"
95.184.89.133 - - [23/Jan/2025:12:23:13 +0300] "GET /radio-kaya/image/app_images/ca2add8f43f3cdf6afff29778d58ab41.jpeg HTTP/1.1" 200 173948 "-" "Dart/3.5 (dart:io)"
95.184.89.133 - - [23/Jan/2025:12:23:18 +0300] "POST /radio-kaya/delete-reminder HTTP/1.1" 200 85 "-" "Dart/3.5 (dart:io)"
95.184.89.133 - - [23/Jan/2025:12:23:22 +0300] "GET /radio-kaya/image/app_images/6c1e8d00f6d26186e58248de3ce5b63d.jpeg HTTP/1.1" 200 176955 "-" "Dart/3.5 (dart:io)"
95.184.89.133 - - [23/Jan/2025:12:23:27 +0300] "GET /radio-kaya/image/app_images/53c6d090de1ac1fc79a5be96aef1b723.jpeg HTTP/1.1" 200 189675 "-" "Dart/3.5 (dart:io)"
95.184.89.133 - - [23/Jan/2025:12:23:33 +0300] "GET /radio-kaya/image/app_images/d0e07da0396d97c124f28a72f9c582ed.jpeg HTTP/1.1" 200 231755 "-" "Dart/3.5 (dart:io)"
95.184.89.133 - - [23/Jan/2025:12:23:38 +0300] "GET /radio-kaya/image/app_images/ae92195b33b098288be00c0c0f15fd6f.jpeg HTTP/1.1" 200 71512 "-" "Dart/3.5 (dart:io)"
95.184.89.133 - - [23/Jan/2025:12:23:43 +0300] "GET /radio-kaya/image/app_images/e6523160b707eea607fc6f999a09a94c.jpeg HTTP/1.1" 200 211291 "-" "Dart/3.5 (dart:io)"
95.184.89.133 - - [23/Jan/2025:12:23:48 +0300] "GET /radio-kaya/image/app_images/e83168c87b139aac4a42eae24c67ad3a.jpeg HTTP/1.1" 200 401010 "-" "Dart/3.5 (dart:io)"
95.184.89.133 - - [23/Jan/2025:12:23:52 +0300] "GET /radio-kaya/image/app_images/cf8c510fbe97e70405b84b770d2b4ea7.jpeg HTTP/1.1" 200 301037 "-" "Dart/3.5 (dart:io)"
95.184.89.133 - - [23/Jan/2025:12:19:34 +0300] "GET /radio-kaya/image/app_images/00063af6a5c3be4d885d3c4eeca12d58.jpeg HTTP/1.1" 500 2271 "-" "Dart/3.5 (dart:io)"
95.184.89.133 - - [23/Jan/2025:12:19:15 +0300] "GET /radio-kaya/image/app_images/e6aff8951c6fede61f120ef52f6cea42.jpeg HTTP/1.1" 200 8071081 "-" "Dart/3.5 (dart:io)"
95.184.89.133 - - [23/Jan/2025:12:19:34 +0300] "GET /radio-kaya/image/app_images/230bef51dbd5f9be8e5be7939434f68b.jpeg HTTP/1.1" 200 145026 "-" "Dart/3.5 (dart:io)"
95.184.89.133 - - [23/Jan/2025:12:19:40 +0300] "GET /radio-kaya/image/app_images/6c1e8d00f6d26186e58248de3ce5b63d.jpeg HTTP/1.1" 200 176955 "-" "Dart/3.5 (dart:io)"
95.184.89.133 - - [23/Jan/2025:12:19:46 +0300] "GET /radio-kaya/image/app_images/53c6d090de1ac1fc79a5be96aef1b723.jpeg HTTP/1.1" 200 189675 "-" "Dart/3.5 (dart:io)"
95.184.89.133 - - [23/Jan/2025:12:19:51 +0300] "GET /radio-kaya/image/app_images/d0e07da0396d97c124f28a72f9c582ed.jpeg HTTP/1.1" 200 231755 "-" "Dart/3.5 (dart:io)"
95.184.89.133 - - [23/Jan/2025:12:19:56 +0300] "GET /radio-kaya/image/app_images/ae92195b33b098288be00c0c0f15fd6f.jpeg HTTP/1.1" 200 71512 "-" "Dart/3.5 (dart:io)"
95.184.89.133 - - [23/Jan/2025:12:20:02 +0300] "GET /radio-kaya/image/app_images/e6523160b707eea607fc6f999a09a94c.jpeg HTTP/1.1" 200 211291 "-" "Dart/3.5 (dart:io)"
95.184.89.133 - - [23/Jan/2025:12:20:05 +0300] "GET /radio-kaya/image/app_images/e83168c87b139aac4a42eae24c67ad3a.jpeg HTTP/1.1" 200 401010 "-" "Dart/3.5 (dart:io)"
95.184.89.133 - - [23/Jan/2025:12:20:11 +0300] "GET /radio-kaya/image/app_images/cf8c510fbe97e70405b84b770d2b4ea7.jpeg HTTP/1.1" 200 301037 "-" "Dart/3.5 (dart:io)"
91.121.60.232 - - [23/Jan/2025:12:20:17 +0300] "GET /radio-kaya/send-push HTTP/2" 200 70 "-" "curl/7.61.1"
41.90.5.112 - - [23/Jan/2025:12:20:32 +0300] "GET /muoroto-fm/image/app_images/d9351b752c8367458961b74b43df65f7.jpeg HTTP/1.1" 200 241473 "-" "Dart/2.19 (dart:io)"
109.82.220.95 - - [23/Jan/2025:12:21:01 +0300] "GET /muoroto-fm/image/app_images/fdea79dad7176ac458fe99927786d3fe.jpeg HTTP/1.1" 200 11477 "-" "Dart/2.19 (dart:io)"
91.121.60.232 - - [23/Jan/2025:12:21:08 +0300] "GET /radio-kaya/send-push HTTP/2" 200 70 "-" "curl/7.61.1"
91.121.60.232 - - [23/Jan/2025:12:21:08 +0300] "GET /tuliza-fm/send-push HTTP/2" 200 70 "-" "curl/7.61.1"
95.184.89.133 - - [23/Jan/2025:12:21:48 +0300] "GET /radio-kaya/image/app_images/230bef51dbd5f9be8e5be7939434f68b.jpeg HTTP/1.1" 200 145026 "-" "Dart/3.5 (dart:io)"
95.184.89.133 - - [23/Jan/2025:12:21:53 +0300] "GET /radio-kaya/image/app_images/b8bb6104f88200aafbea532743a313ec.jpeg HTTP/1.1" 200 97711 "-" "Dart/3.5 (dart:io)"
95.184.89.133 - - [23/Jan/2025:12:21:57 +0300] "GET /radio-kaya/image/app_images/00063af6a5c3be4d885d3c4eeca12d58.jpeg HTTP/1.1" 500 2271 "-" "Dart/3.5 (dart:io)"
95.184.89.133 - - [23/Jan/2025:12:22:05 +0300] "POST /radio-kaya/delete-reminder HTTP/1.1" 200 85 "-" "Dart/3.5 (dart:io)"
154.159.238.122 - - [23/Jan/2025:12:22:41 +0300] "GET /muoroto-fm/image/app_images/fdea79dad7176ac458fe99927786d3fe.jpeg HTTP/1.1" 200 11477 "-" "Dart/2.19 (dart:io)"
91.121.60.232 - - [23/Jan/2025:12:23:06 +0300] "GET /radio-kaya/send-push HTTP/2" 200 70 "-" "curl/7.61.1"
95.184.89.133 - - [23/Jan/2025:12:23:31 +0300] "POST /radio-kaya/delete-reminder HTTP/1.1" 200 85 "-" "Dart/3.5 (dart:io)"
95.184.89.133 - - [23/Jan/2025:12:23:41 +0300] "POST /radio-kaya/delete-reminder HTTP/1.1" 200 85 "-" "Dart/3.5 (dart:io)"
91.121.60.232 - - [23/Jan/2025:12:24:04 +0300] "GET /radio-kaya/send-push HTTP/2" 200 70 "-" "curl/7.61.1"
91.121.60.232 - - [23/Jan/2025:12:24:05 +0300] "GET /tuliza-fm/send-push HTTP/2" 200 70 "-" "curl/7.61.1"
95.184.89.133 - - [23/Jan/2025:12:24:46 +0300] "GET /radio-kaya/image/app_images/e6523160b707eea607fc6f999a09a94c.jpeg HTTP/1.1" 200 211291 "-" "Dart/3.5 (dart:io)"
95.184.89.133 - - [23/Jan/2025:12:24:46 +0300] "GET /radio-kaya/image/app_images/e83168c87b139aac4a42eae24c67ad3a.jpeg HTTP/1.1" 200 401010 "-" "Dart/3.5 (dart:io)"
95.184.89.133 - - [23/Jan/2025:12:24:49 +0300] "GET /radio-kaya/image/app_images/00063af6a5c3be4d885d3c4eeca12d58.jpeg HTTP/1.1" 500 2271 "-" "Dart/3.5 (dart:io)"
95.184.89.133 - - [23/Jan/2025:12:24:47 +0300] "GET /radio-kaya/image/app_images/e6aff8951c6fede61f120ef52f6cea42.jpeg HTTP/1.1" 200 8071081 "-" "Dart/3.5 (dart:io)"
95.184.89.133 - - [23/Jan/2025:12:25:04 +0300] "GET /radio-kaya/image/app_images/230bef51dbd5f9be8e5be7939434f68b.jpeg HTTP/1.1" 200 145026 "-" "Dart/3.5 (dart:io)"
95.184.89.133 - - [23/Jan/2025:12:25:06 +0300] "GET /radio-kaya/image/app_images/00063af6a5c3be4d885d3c4eeca12d58.jpeg HTTP/1.1" 500 2271 "-" "Dart/3.5 (dart:io)"
95.184.89.133 - - [23/Jan/2025:12:25:08 +0300] "GET /radio-kaya/image/app_images/6c1e8d00f6d26186e58248de3ce5b63d.jpeg HTTP/1.1" 200 176955 "-" "Dart/3.5 (dart:io)"
91.121.60.232 - - [23/Jan/2025:12:25:08 +0300] "GET /radio-kaya/send-push HTTP/2" 200 70 "-" "curl/7.61.1"
95.184.89.133 - - [23/Jan/2025:12:25:10 +0300] "GET /radio-kaya/image/app_images/53c6d090de1ac1fc79a5be96aef1b723.jpeg HTTP/1.1" 200 189675 "-" "Dart/3.5 (dart:io)"
74.125.217.74 - - [23/Jan/2025:12:26:04 +0300] "GET /muoroto-fm/privacy-policy.html HTTP/1.1" 200 4069 "-" "PlayStore-Google"
91.121.60.232 - - [23/Jan/2025:12:26:07 +0300] "GET /tuliza-fm/send-push HTTP/2" 200 70 "-" "curl/7.61.1"
74.125.217.73 - - [23/Jan/2025:12:26:10 +0300] "GET /khendo-privacy.html HTTP/1.1" 200 3840 "-" "PlayStore-Google"
91.121.60.232 - - [23/Jan/2025:12:27:06 +0300] "GET /tuliza-fm/send-push HTTP/2" 200 70 "-" "curl/7.61.1"
91.121.60.232 - - [23/Jan/2025:12:27:06 +0300] "GET /radio-kaya/send-push HTTP/2" 200 70 "-" "curl/7.61.1"
91.121.60.232 - - [23/Jan/2025:12:28:04 +0300] "GET /tuliza-fm/send-push HTTP/2" 200 70 "-" "curl/7.61.1"
95.184.89.133 - - [23/Jan/2025:12:28:04 +0300] "GET /radio-kaya/image/app_images/e6523160b707eea607fc6f999a09a94c.jpeg HTTP/1.1" 200 211291 "-" "Dart/3.5 (dart:io)"
95.184.89.133 - - [23/Jan/2025:12:28:06 +0300] "GET /radio-kaya/image/app_images/e83168c87b139aac4a42eae24c67ad3a.jpeg HTTP/1.1" 200 401010 "-" "Dart/3.5 (dart:io)"
95.184.89.133 - - [23/Jan/2025:12:28:11 +0300] "GET /radio-kaya/image/app_images/cf8c510fbe97e70405b84b770d2b4ea7.jpeg HTTP/1.1" 200 301037 "-" "Dart/3.5 (dart:io)"
95.184.89.133 - - [23/Jan/2025:12:28:16 +0300] "GET /radio-kaya/image/app_images/e6aff8951c6fede61f120ef52f6cea42.jpeg HTTP/1.1" 200 8071081 "-" "Dart/3.5 (dart:io)"
95.184.89.133 - - [23/Jan/2025:12:28:26 +0300] "GET /radio-kaya/image/app_images/b8bb6104f88200aafbea532743a313ec.jpeg HTTP/1.1" 200 97711 "-" "Dart/3.5 (dart:io)"
95.184.89.133 - - [23/Jan/2025:12:28:31 +0300] "GET /radio-kaya/image/app_images/00063af6a5c3be4d885d3c4eeca12d58.jpeg HTTP/1.1" 500 2271 "-" "Dart/3.5 (dart:io)"
95.184.89.133 - - [23/Jan/2025:12:28:37 +0300] "GET /radio-kaya/image/app_images/ca2add8f43f3cdf6afff29778d58ab41.jpeg HTTP/1.1" 200 173948 "-" "Dart/3.5 (dart:io)"
95.184.89.133 - - [23/Jan/2025:12:28:41 +0300] "GET /radio-kaya/image/app_images/6c1e8d00f6d26186e58248de3ce5b63d.jpeg HTTP/1.1" 200 176955 "-" "Dart/3.5 (dart:io)"
95.184.89.133 - - [23/Jan/2025:12:28:46 +0300] "GET /radio-kaya/image/app_images/53c6d090de1ac1fc79a5be96aef1b723.jpeg HTTP/1.1" 200 189675 "-" "Dart/3.5 (dart:io)"
95.184.89.133 - - [23/Jan/2025:12:28:51 +0300] "GET /radio-kaya/image/app_images/d0e07da0396d97c124f28a72f9c582ed.jpeg HTTP/1.1" 200 231755 "-" "Dart/3.5 (dart:io)"
95.184.89.133 - - [23/Jan/2025:12:28:56 +0300] "GET /radio-kaya/image/app_images/ae92195b33b098288be00c0c0f15fd6f.jpeg HTTP/1.1" 200 71512 "-" "Dart/3.5 (dart:io)"
95.184.89.133 - - [23/Jan/2025:12:29:01 +0300] "GET /radio-kaya/image/app_images/e6523160b707eea607fc6f999a09a94c.jpeg HTTP/1.1" 200 211291 "-" "Dart/3.5 (dart:io)"
91.121.60.232 - - [23/Jan/2025:12:29:05 +0300] "GET /radio-kaya/send-push HTTP/2" 200 70 "-" "curl/7.61.1"
91.121.60.232 - - [23/Jan/2025:12:29:05 +0300] "GET /tuliza-fm/send-push HTTP/2" 200 70 "-" "curl/7.61.1"
95.184.89.133 - - [23/Jan/2025:12:23:58 +0300] "GET /radio-kaya/image/app_images/e6aff8951c6fede61f120ef52f6cea42.jpeg HTTP/1.1" 200 8071081 "-" "Dart/3.5 (dart:io)"
95.184.89.133 - - [23/Jan/2025:12:24:04 +0300] "GET /radio-kaya/image/app_images/230bef51dbd5f9be8e5be7939434f68b.jpeg HTTP/1.1" 200 145026 "-" "Dart/3.5 (dart:io)"
95.184.89.133 - - [23/Jan/2025:12:24:18 +0300] "GET /radio-kaya/image/app_images/b8bb6104f88200aafbea532743a313ec.jpeg HTTP/1.1" 200 97711 "-" "Dart/3.5 (dart:io)"
95.184.89.133 - - [23/Jan/2025:12:24:22 +0300] "GET /radio-kaya/image/app_images/00063af6a5c3be4d885d3c4eeca12d58.jpeg HTTP/1.1" 500 2271 "-" "Dart/3.5 (dart:io)"
95.184.89.133 - - [23/Jan/2025:12:24:28 +0300] "GET /radio-kaya/image/app_images/ca2add8f43f3cdf6afff29778d58ab41.jpeg HTTP/1.1" 200 173948 "-" "Dart/3.5 (dart:io)"
95.184.89.133 - - [23/Jan/2025:12:24:33 +0300] "GET /radio-kaya/image/app_images/6c1e8d00f6d26186e58248de3ce5b63d.jpeg HTTP/1.1" 200 176955 "-" "Dart/3.5 (dart:io)"
95.184.89.133 - - [23/Jan/2025:12:24:38 +0300] "GET /radio-kaya/image/app_images/53c6d090de1ac1fc79a5be96aef1b723.jpeg HTTP/1.1" 200 189675 "-" "Dart/3.5 (dart:io)"
95.184.89.133 - - [23/Jan/2025:12:24:42 +0300] "GET /radio-kaya/image/app_images/d0e07da0396d97c124f28a72f9c582ed.jpeg HTTP/1.1" 200 231755 "-" "Dart/3.5 (dart:io)"
95.184.89.133 - - [23/Jan/2025:12:24:45 +0300] "GET /radio-kaya/image/app_images/ae92195b33b098288be00c0c0f15fd6f.jpeg HTTP/1.1" 200 71512 "-" "Dart/3.5 (dart:io)"
95.184.89.133 - - [23/Jan/2025:12:24:46 +0300] "GET /radio-kaya/image/app_images/cf8c510fbe97e70405b84b770d2b4ea7.jpeg HTTP/1.1" 200 301037 "-" "Dart/3.5 (dart:io)"
95.184.89.133 - - [23/Jan/2025:12:24:52 +0300] "GET /radio-kaya/image/app_images/ae92195b33b098288be00c0c0f15fd6f.jpeg HTTP/1.1" 200 71512 "-" "Dart/3.5 (dart:io)"
95.184.89.133 - - [23/Jan/2025:12:24:57 +0300] "GET /radio-kaya/image/app_images/00063af6a5c3be4d885d3c4eeca12d58.jpeg HTTP/1.1" 500 2271 "-" "Dart/3.5 (dart:io)"
95.184.89.133 - - [23/Jan/2025:12:25:05 +0300] "GET /radio-kaya/image/app_images/b8bb6104f88200aafbea532743a313ec.jpeg HTTP/1.1" 200 97711 "-" "Dart/3.5 (dart:io)"
95.184.89.133 - - [23/Jan/2025:12:25:07 +0300] "GET /radio-kaya/image/app_images/ca2add8f43f3cdf6afff29778d58ab41.jpeg HTTP/1.1" 200 173948 "-" "Dart/3.5 (dart:io)"
91.121.60.232 - - [23/Jan/2025:12:25:08 +0300] "GET /tuliza-fm/send-push HTTP/2" 200 70 "-" "curl/7.61.1"
95.184.89.133 - - [23/Jan/2025:12:25:10 +0300] "GET /radio-kaya/image/app_images/d0e07da0396d97c124f28a72f9c582ed.jpeg HTTP/1.1" 200 231755 "-" "Dart/3.5 (dart:io)"
197.231.179.118 - - [23/Jan/2025:12:25:59 +0300] "GET /radio-kaya/news-podcast/1 HTTP/1.1" 200 2076 "-" "Dart/3.5 (dart:io)"
74.125.217.73 - - [23/Jan/2025:12:26:04 +0300] "GET /muoroto-fm/privacy-policy.html HTTP/1.1" 200 4069 "-" "PlayStore-Google"
91.121.60.232 - - [23/Jan/2025:12:26:07 +0300] "GET /radio-kaya/send-push HTTP/2" 200 70 "-" "curl/7.61.1"
74.125.217.74 - - [23/Jan/2025:12:26:09 +0300] "GET /khendo-privacy.html HTTP/1.1" 200 3840 "-" "PlayStore-Google"
91.121.60.232 - - [23/Jan/2025:12:28:03 +0300] "GET /radio-kaya/send-push HTTP/2" 200 70 "-" "curl/7.61.1"
95.184.89.133 - - [23/Jan/2025:12:28:22 +0300] "GET /radio-kaya/image/app_images/230bef51dbd5f9be8e5be7939434f68b.jpeg HTTP/1.1" 200 145026 "-" "Dart/3.5 (dart:io)"
91.121.60.232 - - [23/Jan/2025:12:30:07 +0300] "GET /radio-kaya/send-push HTTP/2" 200 70 "-" "curl/7.61.1"
