167.86.166.184 - - [23/Jan/2025:13:53:34 +0300] "GET /radio-kaya/image/app_images/e83168c87b139aac4a42eae24c67ad3a.jpeg HTTP/1.1" 200 401010 "-" "Dart/3.5 (dart:io)"
167.86.166.184 - - [23/Jan/2025:13:53:39 +0300] "GET /radio-kaya/image/app_images/cf8c510fbe97e70405b84b770d2b4ea7.jpeg HTTP/1.1" 200 301037 "-" "Dart/3.5 (dart:io)"
130.164.168.36 - - [23/Jan/2025:13:54:02 +0300] "GET /radio-kaya/image/app_images/230bef51dbd5f9be8e5be7939434f68b.jpeg HTTP/1.1" 200 145026 "-" "Dart/3.5 (dart:io)"
91.121.60.232 - - [23/Jan/2025:13:55:11 +0300] "GET /radio-kaya/send-push HTTP/2" 200 70 "-" "curl/7.61.1"
95.184.89.133 - - [23/Jan/2025:13:57:34 +0300] "GET /radio-kaya/image/app_images/230bef51dbd5f9be8e5be7939434f68b.jpeg HTTP/1.1" 200 145026 "-" "Dart/3.5 (dart:io)"
95.184.89.133 - - [23/Jan/2025:13:57:39 +0300] "GET /radio-kaya/image/app_images/b8bb6104f88200aafbea532743a313ec.jpeg HTTP/1.1" 200 97711 "-" "Dart/3.5 (dart:io)"
95.184.89.133 - - [23/Jan/2025:13:57:49 +0300] "GET /radio-kaya/image/app_images/ca2add8f43f3cdf6afff29778d58ab41.jpeg HTTP/1.1" 200 173948 "-" "Dart/3.5 (dart:io)"
95.184.89.133 - - [23/Jan/2025:13:57:54 +0300] "GET /radio-kaya/image/app_images/6c1e8d00f6d26186e58248de3ce5b63d.jpeg HTTP/1.1" 200 176955 "-" "Dart/3.5 (dart:io)"
95.184.89.133 - - [23/Jan/2025:13:57:59 +0300] "GET /radio-kaya/image/app_images/53c6d090de1ac1fc79a5be96aef1b723.jpeg HTTP/1.1" 200 189675 "-" "Dart/3.5 (dart:io)"
95.184.89.133 - - [23/Jan/2025:13:58:04 +0300] "GET /radio-kaya/image/app_images/d0e07da0396d97c124f28a72f9c582ed.jpeg HTTP/1.1" 200 231755 "-" "Dart/3.5 (dart:io)"
91.121.60.232 - - [23/Jan/2025:13:58:06 +0300] "GET /tuliza-fm/send-push HTTP/2" 200 70 "-" "curl/7.61.1"
91.121.60.232 - - [23/Jan/2025:13:59:08 +0300] "GET /tuliza-fm/send-push HTTP/2" 200 70 "-" "curl/7.61.1"
91.121.60.232 - - [23/Jan/2025:14:00:12 +0300] "GET /tuliza-fm/send-push HTTP/2" 200 70 "-" "curl/7.61.1"
91.121.60.232 - - [23/Jan/2025:14:00:13 +0300] "GET /radio-kaya/send-push HTTP/2" 200 70 "-" "curl/7.61.1"
91.121.60.232 - - [23/Jan/2025:14:01:05 +0300] "GET /tuliza-fm/send-push HTTP/2" 200 70 "-" "curl/7.61.1"
91.121.60.232 - - [23/Jan/2025:14:02:04 +0300] "GET /tuliza-fm/send-push HTTP/2" 200 70 "-" "curl/7.61.1"
95.184.89.133 - - [23/Jan/2025:14:02:41 +0300] "GET /radio-kaya/image/app_images/ae92195b33b098288be00c0c0f15fd6f.jpeg HTTP/1.1" 200 71512 "-" "Dart/3.5 (dart:io)"
95.184.89.133 - - [23/Jan/2025:14:02:44 +0300] "GET /radio-kaya/image/app_images/e6523160b707eea607fc6f999a09a94c.jpeg HTTP/1.1" 200 211291 "-" "Dart/3.5 (dart:io)"
91.121.60.232 - - [23/Jan/2025:14:03:08 +0300] "GET /tuliza-fm/send-push HTTP/2" 200 70 "-" "curl/7.61.1"
91.121.60.232 - - [23/Jan/2025:14:03:08 +0300] "GET /radio-kaya/send-push HTTP/2" 200 70 "-" "curl/7.61.1"
91.121.60.232 - - [23/Jan/2025:14:04:05 +0300] "GET /radio-kaya/send-push HTTP/2" 200 70 "-" "curl/7.61.1"
91.121.60.232 - - [23/Jan/2025:14:05:09 +0300] "GET /radio-kaya/send-push HTTP/2" 200 70 "-" "curl/7.61.1"
91.121.60.232 - - [23/Jan/2025:14:05:09 +0300] "GET /tuliza-fm/send-push HTTP/2" 200 172 "-" "curl/7.61.1"
154.159.254.16 - - [23/Jan/2025:14:05:17 +0300] "GET /muoroto-fm/image/app_images/fdea79dad7176ac458fe99927786d3fe.jpeg HTTP/1.1" 200 11477 "-" "Dart/2.19 (dart:io)"
91.121.60.232 - - [23/Jan/2025:14:06:05 +0300] "GET /tuliza-fm/send-push HTTP/2" 200 70 "-" "curl/7.61.1"
91.121.60.232 - - [23/Jan/2025:14:07:03 +0300] "GET /tuliza-fm/send-push HTTP/2" 200 70 "-" "curl/7.61.1"
91.121.60.232 - - [23/Jan/2025:14:07:03 +0300] "GET /radio-kaya/send-push HTTP/2" 200 70 "-" "curl/7.61.1"
51.77.110.91 - - [23/Jan/2025:14:07:44 +0300] "GET /radio-kaya/image/app_images/230bef51dbd5f9be8e5be7939434f68b.jpeg HTTP/1.1" 200 145026 "-" "Dart/3.5 (dart:io)"
51.77.110.91 - - [23/Jan/2025:14:07:49 +0300] "GET /radio-kaya/image/app_images/b8bb6104f88200aafbea532743a313ec.jpeg HTTP/1.1" 200 97711 "-" "Dart/3.5 (dart:io)"
91.121.60.232 - - [23/Jan/2025:14:08:04 +0300] "GET /tuliza-fm/send-push HTTP/2" 200 70 "-" "curl/7.61.1"
91.121.60.232 - - [23/Jan/2025:14:08:05 +0300] "GET /radio-kaya/send-push HTTP/2" 200 70 "-" "curl/7.61.1"
91.121.60.232 - - [23/Jan/2025:14:09:04 +0300] "GET /radio-kaya/send-push HTTP/2" 200 70 "-" "curl/7.61.1"
51.77.110.91 - - [23/Jan/2025:14:09:06 +0300] "GET /radio-kaya/image/app_images/00063af6a5c3be4d885d3c4eeca12d58.jpeg HTTP/1.1" 500 2271 "-" "Dart/3.5 (dart:io)"
167.86.166.184 - - [23/Jan/2025:14:09:33 +0300] "GET /radio-kaya/news-podcast/1 HTTP/1.1" 200 2076 "-" "Dart/3.5 (dart:io)"
130.164.168.36 - - [23/Jan/2025:14:09:35 +0300] "GET /radio-kaya/image/app_images/b8bb6104f88200aafbea532743a313ec.jpeg HTTP/1.1" 200 97711 "-" "Dart/3.5 (dart:io)"
95.184.89.133 - - [23/Jan/2025:13:57:34 +0300] "GET /radio-kaya/image/app_images/e6aff8951c6fede61f120ef52f6cea42.jpeg HTTP/1.1" 200 8071081 "-" "Dart/3.5 (dart:io)"
95.184.89.133 - - [23/Jan/2025:13:57:44 +0300] "GET /radio-kaya/image/app_images/00063af6a5c3be4d885d3c4eeca12d58.jpeg HTTP/1.1" 500 2271 "-" "Dart/3.5 (dart:io)"
91.121.60.232 - - [23/Jan/2025:13:58:06 +0300] "GET /radio-kaya/send-push HTTP/2" 200 70 "-" "curl/7.61.1"
91.121.60.232 - - [23/Jan/2025:13:59:08 +0300] "GET /radio-kaya/send-push HTTP/2" 200 70 "-" "curl/7.61.1"
91.121.60.232 - - [23/Jan/2025:14:01:05 +0300] "GET /radio-kaya/send-push HTTP/2" 200 70 "-" "curl/7.61.1"
91.121.60.232 - - [23/Jan/2025:14:02:04 +0300] "GET /radio-kaya/send-push HTTP/2" 200 70 "-" "curl/7.61.1"
91.121.60.232 - - [23/Jan/2025:14:04:05 +0300] "GET /tuliza-fm/send-push HTTP/2" 200 70 "-" "curl/7.61.1"
154.159.254.16 - - [23/Jan/2025:14:05:16 +0300] "GET /muoroto-fm/news-podcast/1 HTTP/1.1" 200 229 "-" "Dart/2.19 (dart:io)"
91.121.60.232 - - [23/Jan/2025:14:06:05 +0300] "GET /radio-kaya/send-push HTTP/2" 200 70 "-" "curl/7.61.1"
51.77.110.91 - - [23/Jan/2025:14:07:29 +0300] "GET /radio-kaya/image/app_images/e83168c87b139aac4a42eae24c67ad3a.jpeg HTTP/1.1" 200 401010 "-" "Dart/3.5 (dart:io)"
51.77.110.91 - - [23/Jan/2025:14:07:34 +0300] "GET /radio-kaya/image/app_images/cf8c510fbe97e70405b84b770d2b4ea7.jpeg HTTP/1.1" 200 301037 "-" "Dart/3.5 (dart:io)"
51.77.110.91 - - [23/Jan/2025:14:07:39 +0300] "GET /radio-kaya/image/app_images/e6aff8951c6fede61f120ef52f6cea42.jpeg HTTP/1.1" 200 8071081 "-" "Dart/3.5 (dart:io)"
91.121.60.232 - - [23/Jan/2025:14:09:04 +0300] "GET /tuliza-fm/send-push HTTP/2" 200 70 "-" "curl/7.61.1"
51.77.110.91 - - [23/Jan/2025:14:09:10 +0300] "GET /radio-kaya/image/app_images/ca2add8f43f3cdf6afff29778d58ab41.jpeg HTTP/1.1" 200 173948 "-" "Dart/3.5 (dart:io)"
51.77.110.91 - - [23/Jan/2025:14:09:14 +0300] "GET /radio-kaya/image/app_images/6c1e8d00f6d26186e58248de3ce5b63d.jpeg HTTP/1.1" 200 176955 "-" "Dart/3.5 (dart:io)"
51.77.110.91 - - [23/Jan/2025:14:09:19 +0300] "GET /radio-kaya/image/app_images/53c6d090de1ac1fc79a5be96aef1b723.jpeg HTTP/1.1" 200 189675 "-" "Dart/3.5 (dart:io)"
51.77.110.91 - - [23/Jan/2025:14:09:24 +0300] "GET /radio-kaya/image/app_images/d0e07da0396d97c124f28a72f9c582ed.jpeg HTTP/1.1" 200 231755 "-" "Dart/3.5 (dart:io)"
51.77.110.91 - - [23/Jan/2025:14:09:29 +0300] "GET /radio-kaya/image/app_images/ae92195b33b098288be00c0c0f15fd6f.jpeg HTTP/1.1" 200 71512 "-" "Dart/3.5 (dart:io)"
51.77.110.91 - - [23/Jan/2025:14:09:34 +0300] "GET /radio-kaya/image/app_images/e6523160b707eea607fc6f999a09a94c.jpeg HTTP/1.1" 200 211291 "-" "Dart/3.5 (dart:io)"
51.77.110.91 - - [23/Jan/2025:14:09:39 +0300] "GET /radio-kaya/image/app_images/e83168c87b139aac4a42eae24c67ad3a.jpeg HTTP/1.1" 200 401010 "-" "Dart/3.5 (dart:io)"
51.77.110.91 - - [23/Jan/2025:14:09:44 +0300] "GET /radio-kaya/image/app_images/cf8c510fbe97e70405b84b770d2b4ea7.jpeg HTTP/1.1" 200 301037 "-" "Dart/3.5 (dart:io)"
51.77.110.91 - - [23/Jan/2025:14:09:54 +0300] "GET /radio-kaya/image/app_images/230bef51dbd5f9be8e5be7939434f68b.jpeg HTTP/1.1" 200 145026 "-" "Dart/3.5 (dart:io)"
51.77.110.91 - - [23/Jan/2025:14:09:59 +0300] "GET /radio-kaya/image/app_images/b8bb6104f88200aafbea532743a313ec.jpeg HTTP/1.1" 200 97711 "-" "Dart/3.5 (dart:io)"
51.77.110.91 - - [23/Jan/2025:14:10:04 +0300] "GET /radio-kaya/image/app_images/00063af6a5c3be4d885d3c4eeca12d58.jpeg HTTP/1.1" 500 2271 "-" "Dart/3.5 (dart:io)"
51.77.110.91 - - [23/Jan/2025:14:09:49 +0300] "GET /radio-kaya/image/app_images/e6aff8951c6fede61f120ef52f6cea42.jpeg HTTP/1.1" 200 8071081 "-" "Dart/3.5 (dart:io)"
91.121.60.232 - - [23/Jan/2025:14:10:11 +0300] "GET /tuliza-fm/send-push HTTP/2" 200 70 "-" "curl/7.61.1"
51.77.110.91 - - [23/Jan/2025:14:10:14 +0300] "GET /radio-kaya/image/app_images/6c1e8d00f6d26186e58248de3ce5b63d.jpeg HTTP/1.1" 200 176955 "-" "Dart/3.5 (dart:io)"
51.77.110.91 - - [23/Jan/2025:14:10:19 +0300] "GET /radio-kaya/image/app_images/53c6d090de1ac1fc79a5be96aef1b723.jpeg HTTP/1.1" 200 189675 "-" "Dart/3.5 (dart:io)"
51.77.110.91 - - [23/Jan/2025:14:10:24 +0300] "GET /radio-kaya/image/app_images/d0e07da0396d97c124f28a72f9c582ed.jpeg HTTP/1.1" 200 231755 "-" "Dart/3.5 (dart:io)"
51.77.110.91 - - [23/Jan/2025:14:10:29 +0300] "GET /radio-kaya/image/app_images/ae92195b33b098288be00c0c0f15fd6f.jpeg HTTP/1.1" 200 71512 "-" "Dart/3.5 (dart:io)"
51.77.110.91 - - [23/Jan/2025:14:10:34 +0300] "GET /radio-kaya/image/app_images/e6523160b707eea607fc6f999a09a94c.jpeg HTTP/1.1" 200 211291 "-" "Dart/3.5 (dart:io)"
51.77.110.91 - - [23/Jan/2025:14:10:39 +0300] "GET /radio-kaya/image/app_images/e83168c87b139aac4a42eae24c67ad3a.jpeg HTTP/1.1" 200 401010 "-" "Dart/3.5 (dart:io)"
51.77.110.91 - - [23/Jan/2025:14:10:44 +0300] "GET /radio-kaya/image/app_images/cf8c510fbe97e70405b84b770d2b4ea7.jpeg HTTP/1.1" 200 301037 "-" "Dart/3.5 (dart:io)"
91.121.60.232 - - [23/Jan/2025:14:11:05 +0300] "GET /tuliza-fm/send-push HTTP/2" 200 70 "-" "curl/7.61.1"
198.244.143.113 - - [23/Jan/2025:14:12:10 +0300] "GET /muoroto-fm/news-podcast/1 HTTP/1.1" 200 229 "-" "Dart/2.19 (dart:io)"
102.208.190.130 - - [23/Jan/2025:14:12:30 +0300] "GET /radio-kaya/news-podcast/1 HTTP/1.1" 200 2076 "-" "Dart/3.5 (dart:io)"
102.208.190.130 - - [23/Jan/2025:14:12:31 +0300] "GET /radio-kaya/image/app_images/6c1e8d00f6d26186e58248de3ce5b63d.jpeg HTTP/1.1" 200 176955 "-" "Dart/3.5 (dart:io)"
102.208.190.130 - - [23/Jan/2025:14:12:34 +0300] "GET /radio-kaya/image/app_images/53c6d090de1ac1fc79a5be96aef1b723.jpeg HTTP/1.1" 200 189675 "-" "Dart/3.5 (dart:io)"
102.208.190.130 - - [23/Jan/2025:14:12:40 +0300] "GET /radio-kaya/image/app_images/d0e07da0396d97c124f28a72f9c582ed.jpeg HTTP/1.1" 200 231755 "-" "Dart/3.5 (dart:io)"
91.121.60.232 - - [23/Jan/2025:14:13:06 +0300] "GET /radio-kaya/send-push HTTP/2" 200 70 "-" "curl/7.61.1"
167.86.166.184 - - [23/Jan/2025:14:13:43 +0300] "GET /radio-kaya/image/app_images/230bef51dbd5f9be8e5be7939434f68b.jpeg HTTP/1.1" 200 145026 "-" "Dart/3.5 (dart:io)"
91.121.60.232 - - [23/Jan/2025:14:15:06 +0300] "GET /tuliza-fm/send-push HTTP/2" 200 70 "-" "curl/7.61.1"
91.121.60.232 - - [23/Jan/2025:14:15:06 +0300] "GET /radio-kaya/send-push HTTP/2" 200 70 "-" "curl/7.61.1"
84.175.93.246 - - [23/Jan/2025:14:15:51 +0300] "GET /radio-kaya/image/app_images/6c1e8d00f6d26186e58248de3ce5b63d.jpeg HTTP/1.1" 200 176955 "-" "Dart/3.5 (dart:io)"
84.175.93.246 - - [23/Jan/2025:14:15:56 +0300] "GET /radio-kaya/image/app_images/53c6d090de1ac1fc79a5be96aef1b723.jpeg HTTP/1.1" 200 189675 "-" "Dart/3.5 (dart:io)"
91.121.60.232 - - [23/Jan/2025:14:16:06 +0300] "GET /tuliza-fm/send-push HTTP/2" 200 70 "-" "curl/7.61.1"
91.121.60.232 - - [23/Jan/2025:14:16:06 +0300] "GET /radio-kaya/send-push HTTP/2" 200 70 "-" "curl/7.61.1"
91.121.60.232 - - [23/Jan/2025:14:17:04 +0300] "GET /tuliza-fm/send-push HTTP/2" 200 70 "-" "curl/7.61.1"
91.121.60.232 - - [23/Jan/2025:14:17:05 +0300] "GET /radio-kaya/send-push HTTP/2" 200 70 "-" "curl/7.61.1"
91.121.60.232 - - [23/Jan/2025:14:18:06 +0300] "GET /radio-kaya/send-push HTTP/2" 200 70 "-" "curl/7.61.1"
95.184.89.133 - - [23/Jan/2025:14:18:49 +0300] "GET /radio-kaya/image/app_images/230bef51dbd5f9be8e5be7939434f68b.jpeg HTTP/1.1" 200 145026 "-" "Dart/3.5 (dart:io)"
95.184.89.133 - - [23/Jan/2025:14:18:54 +0300] "GET /radio-kaya/image/app_images/b8bb6104f88200aafbea532743a313ec.jpeg HTTP/1.1" 200 97711 "-" "Dart/3.5 (dart:io)"
95.184.89.133 - - [23/Jan/2025:14:18:59 +0300] "GET /radio-kaya/image/app_images/00063af6a5c3be4d885d3c4eeca12d58.jpeg HTTP/1.1" 500 2271 "-" "Dart/3.5 (dart:io)"
95.184.89.133 - - [23/Jan/2025:14:19:04 +0300] "GET /radio-kaya/image/app_images/ca2add8f43f3cdf6afff29778d58ab41.jpeg HTTP/1.1" 200 173948 "-" "Dart/3.5 (dart:io)"
95.184.89.133 - - [23/Jan/2025:14:19:09 +0300] "GET /radio-kaya/image/app_images/6c1e8d00f6d26186e58248de3ce5b63d.jpeg HTTP/1.1" 200 176955 "-" "Dart/3.5 (dart:io)"
95.184.89.133 - - [23/Jan/2025:14:19:14 +0300] "GET /radio-kaya/image/app_images/53c6d090de1ac1fc79a5be96aef1b723.jpeg HTTP/1.1" 200 189675 "-" "Dart/3.5 (dart:io)"
130.164.168.36 - - [23/Jan/2025:14:09:38 +0300] "GET /radio-kaya/image/app_images/00063af6a5c3be4d885d3c4eeca12d58.jpeg HTTP/1.1" 500 2271 "-" "Dart/3.5 (dart:io)"
130.164.168.36 - - [23/Jan/2025:14:09:43 +0300] "GET /radio-kaya/image/app_images/ca2add8f43f3cdf6afff29778d58ab41.jpeg HTTP/1.1" 200 173948 "-" "Dart/3.5 (dart:io)"
91.121.60.232 - - [23/Jan/2025:14:10:10 +0300] "GET /radio-kaya/send-push HTTP/2" 200 70 "-" "curl/7.61.1"
91.121.60.232 - - [23/Jan/2025:14:11:05 +0300] "GET /radio-kaya/send-push HTTP/2" 200 70 "-" "curl/7.61.1"
91.121.60.232 - - [23/Jan/2025:14:12:03 +0300] "GET /radio-kaya/send-push HTTP/2" 200 70 "-" "curl/7.61.1"
91.121.60.232 - - [23/Jan/2025:14:12:03 +0300] "GET /tuliza-fm/send-push HTTP/2" 200 70 "-" "curl/7.61.1"
198.244.143.113 - - [23/Jan/2025:14:12:12 +0300] "GET /muoroto-fm/image/app_images/fdea79dad7176ac458fe99927786d3fe.jpeg HTTP/1.1" 200 11477 "-" "Dart/2.19 (dart:io)"
91.121.60.232 - - [23/Jan/2025:14:13:06 +0300] "GET /tuliza-fm/send-push HTTP/2" 200 70 "-" "curl/7.61.1"
91.121.60.232 - - [23/Jan/2025:14:14:05 +0300] "GET /radio-kaya/send-push HTTP/2" 200 70 "-" "curl/7.61.1"
91.121.60.232 - - [23/Jan/2025:14:14:06 +0300] "GET /tuliza-fm/send-push HTTP/2" 200 70 "-" "curl/7.61.1"
84.175.93.246 - - [23/Jan/2025:14:15:51 +0300] "GET /radio-kaya/news-podcast/1 HTTP/1.1" 200 2076 "-" "Dart/3.5 (dart:io)"
51.77.110.91 - - [23/Jan/2025:14:16:29 +0300] "GET /radio-kaya/image/app_images/230bef51dbd5f9be8e5be7939434f68b.jpeg HTTP/1.1" 200 145026 "-" "Dart/3.5 (dart:io)"
51.77.110.91 - - [23/Jan/2025:14:16:34 +0300] "GET /radio-kaya/image/app_images/b8bb6104f88200aafbea532743a313ec.jpeg HTTP/1.1" 200 97711 "-" "Dart/3.5 (dart:io)"
51.77.110.91 - - [23/Jan/2025:14:16:28 +0300] "GET /radio-kaya/image/app_images/e6aff8951c6fede61f120ef52f6cea42.jpeg HTTP/1.1" 200 8071081 "-" "Dart/3.5 (dart:io)"
95.184.89.133 - - [23/Jan/2025:14:16:59 +0300] "GET /radio-kaya/image/app_images/00063af6a5c3be4d885d3c4eeca12d58.jpeg HTTP/1.1" 500 2271 "-" "Dart/3.5 (dart:io)"
95.184.89.133 - - [23/Jan/2025:14:16:59 +0300] "GET /radio-kaya/image/app_images/ca2add8f43f3cdf6afff29778d58ab41.jpeg HTTP/1.1" 200 173948 "-" "Dart/3.5 (dart:io)"
91.121.60.232 - - [23/Jan/2025:14:18:06 +0300] "GET /tuliza-fm/send-push HTTP/2" 200 70 "-" "curl/7.61.1"
95.184.89.133 - - [23/Jan/2025:14:18:07 +0300] "GET /radio-kaya/image/app_images/6c1e8d00f6d26186e58248de3ce5b63d.jpeg HTTP/1.1" 200 176955 "-" "Dart/3.5 (dart:io)"
95.184.89.133 - - [23/Jan/2025:14:18:09 +0300] "GET /radio-kaya/image/app_images/53c6d090de1ac1fc79a5be96aef1b723.jpeg HTTP/1.1" 200 189675 "-" "Dart/3.5 (dart:io)"
95.184.89.133 - - [23/Jan/2025:14:18:14 +0300] "GET /radio-kaya/image/app_images/d0e07da0396d97c124f28a72f9c582ed.jpeg HTTP/1.1" 200 231755 "-" "Dart/3.5 (dart:io)"
95.184.89.133 - - [23/Jan/2025:14:18:19 +0300] "GET /radio-kaya/image/app_images/ae92195b33b098288be00c0c0f15fd6f.jpeg HTTP/1.1" 200 71512 "-" "Dart/3.5 (dart:io)"
95.184.89.133 - - [23/Jan/2025:14:18:24 +0300] "GET /radio-kaya/image/app_images/e6523160b707eea607fc6f999a09a94c.jpeg HTTP/1.1" 200 211291 "-" "Dart/3.5 (dart:io)"
95.184.89.133 - - [23/Jan/2025:14:18:29 +0300] "GET /radio-kaya/image/app_images/e83168c87b139aac4a42eae24c67ad3a.jpeg HTTP/1.1" 200 401010 "-" "Dart/3.5 (dart:io)"
95.184.89.133 - - [23/Jan/2025:14:18:34 +0300] "GET /radio-kaya/image/app_images/cf8c510fbe97e70405b84b770d2b4ea7.jpeg HTTP/1.1" 200 301037 "-" "Dart/3.5 (dart:io)"
95.184.89.133 - - [23/Jan/2025:14:18:44 +0300] "GET /radio-kaya/image/app_images/e6aff8951c6fede61f120ef52f6cea42.jpeg HTTP/1.1" 200 8071081 "-" "Dart/3.5 (dart:io)"
91.121.60.232 - - [23/Jan/2025:14:19:03 +0300] "GET /tuliza-fm/send-push HTTP/2" 200 70 "-" "curl/7.61.1"
91.121.60.232 - - [23/Jan/2025:14:19:03 +0300] "GET /radio-kaya/send-push HTTP/2" 200 70 "-" "curl/7.61.1"
161.8.72.155 - - [23/Jan/2025:14:19:18 +0300] "GET /radio-kaya/news-podcast/1 HTTP/1.1" 200 2076 "-" "Dart/3.5 (dart:io)"
95.184.89.133 - - [23/Jan/2025:14:20:04 +0300] "GET /radio-kaya/image/app_images/ca2add8f43f3cdf6afff29778d58ab41.jpeg HTTP/1.1" 200 173948 "-" "Dart/3.5 (dart:io)"
95.184.89.133 - - [23/Jan/2025:14:20:09 +0300] "GET /radio-kaya/image/app_images/6c1e8d00f6d26186e58248de3ce5b63d.jpeg HTTP/1.1" 200 176955 "-" "Dart/3.5 (dart:io)"
95.184.89.133 - - [23/Jan/2025:14:20:14 +0300] "GET /radio-kaya/image/app_images/53c6d090de1ac1fc79a5be96aef1b723.jpeg HTTP/1.1" 200 189675 "-" "Dart/3.5 (dart:io)"
95.184.89.133 - - [23/Jan/2025:14:20:19 +0300] "GET /radio-kaya/image/app_images/d0e07da0396d97c124f28a72f9c582ed.jpeg HTTP/1.1" 200 231755 "-" "Dart/3.5 (dart:io)"
95.184.89.133 - - [23/Jan/2025:14:20:24 +0300] "GET /radio-kaya/image/app_images/ae92195b33b098288be00c0c0f15fd6f.jpeg HTTP/1.1" 200 71512 "-" "Dart/3.5 (dart:io)"
95.184.89.133 - - [23/Jan/2025:14:20:29 +0300] "GET /radio-kaya/image/app_images/e6523160b707eea607fc6f999a09a94c.jpeg HTTP/1.1" 200 211291 "-" "Dart/3.5 (dart:io)"
95.184.89.133 - - [23/Jan/2025:14:20:34 +0300] "GET /radio-kaya/image/app_images/e83168c87b139aac4a42eae24c67ad3a.jpeg HTTP/1.1" 200 401010 "-" "Dart/3.5 (dart:io)"
95.184.89.133 - - [23/Jan/2025:14:20:39 +0300] "GET /radio-kaya/image/app_images/cf8c510fbe97e70405b84b770d2b4ea7.jpeg HTTP/1.1" 200 301037 "-" "Dart/3.5 (dart:io)"
197.157.230.164 - - [23/Jan/2025:14:20:46 +0300] "GET /tuliza-fm/news-podcast/1 HTTP/1.1" 200 627 "-" "Dart/2.19 (dart:io)"
95.184.89.133 - - [23/Jan/2025:14:20:44 +0300] "GET /radio-kaya/image/app_images/e6aff8951c6fede61f120ef52f6cea42.jpeg HTTP/1.1" 200 8071081 "-" "Dart/3.5 (dart:io)"
95.184.89.133 - - [23/Jan/2025:14:20:49 +0300] "GET /radio-kaya/image/app_images/230bef51dbd5f9be8e5be7939434f68b.jpeg HTTP/1.1" 200 145026 "-" "Dart/3.5 (dart:io)"
95.184.89.133 - - [23/Jan/2025:14:20:54 +0300] "GET /radio-kaya/image/app_images/b8bb6104f88200aafbea532743a313ec.jpeg HTTP/1.1" 200 97711 "-" "Dart/3.5 (dart:io)"
95.184.89.133 - - [23/Jan/2025:14:20:59 +0300] "GET /radio-kaya/image/app_images/00063af6a5c3be4d885d3c4eeca12d58.jpeg HTTP/1.1" 500 2271 "-" "Dart/3.5 (dart:io)"
95.184.89.133 - - [23/Jan/2025:14:21:04 +0300] "GET /radio-kaya/image/app_images/ca2add8f43f3cdf6afff29778d58ab41.jpeg HTTP/1.1" 200 173948 "-" "Dart/3.5 (dart:io)"
95.184.89.133 - - [23/Jan/2025:14:21:09 +0300] "GET /radio-kaya/image/app_images/6c1e8d00f6d26186e58248de3ce5b63d.jpeg HTTP/1.1" 200 176955 "-" "Dart/3.5 (dart:io)"
95.184.89.133 - - [23/Jan/2025:14:21:14 +0300] "GET /radio-kaya/image/app_images/53c6d090de1ac1fc79a5be96aef1b723.jpeg HTTP/1.1" 200 189675 "-" "Dart/3.5 (dart:io)"
95.184.89.133 - - [23/Jan/2025:14:21:19 +0300] "GET /radio-kaya/image/app_images/d0e07da0396d97c124f28a72f9c582ed.jpeg HTTP/1.1" 200 231755 "-" "Dart/3.5 (dart:io)"
95.184.89.133 - - [23/Jan/2025:14:21:24 +0300] "GET /radio-kaya/image/app_images/ae92195b33b098288be00c0c0f15fd6f.jpeg HTTP/1.1" 200 71512 "-" "Dart/3.5 (dart:io)"
95.184.89.133 - - [23/Jan/2025:14:21:29 +0300] "GET /radio-kaya/image/app_images/e6523160b707eea607fc6f999a09a94c.jpeg HTTP/1.1" 200 211291 "-" "Dart/3.5 (dart:io)"
197.157.230.164 - - [23/Jan/2025:14:21:33 +0300] "GET /tuliza-fm/image/app_images/7ea371241bf05bc00af8d36d501ba878.jpeg HTTP/1.1" 200 72612 "-" "Dart/2.19 (dart:io)"
197.157.230.164 - - [23/Jan/2025:14:21:35 +0300] "GET /tuliza-fm/image/app_images/b3230d82d21e084a595f7e9badd31721.jpeg HTTP/1.1" 200 82204 "-" "Dart/2.19 (dart:io)"
197.157.230.164 - - [23/Jan/2025:14:21:39 +0300] "GET /tuliza-fm/image/app_images/e64bb5f5e70843df0926e762cc93ee15.jpeg HTTP/1.1" 200 109023 "-" "Dart/2.19 (dart:io)"
197.157.230.164 - - [23/Jan/2025:14:21:43 +0300] "GET /tuliza-fm/image/app_images/4f4aa949a6d64a2dbacfca1ed5ac536b.jpeg HTTP/1.1" 200 71731 "-" "Dart/2.19 (dart:io)"
197.157.230.164 - - [23/Jan/2025:14:21:47 +0300] "GET /tuliza-fm/image/app_images/5fd1fc8f6d15c950cf64e43ffd97b177.jpeg HTTP/1.1" 200 74238 "-" "Dart/2.19 (dart:io)"
91.121.60.232 - - [23/Jan/2025:14:22:03 +0300] "GET /radio-kaya/send-push HTTP/2" 200 70 "-" "curl/7.61.1"
95.184.89.133 - - [23/Jan/2025:14:19:19 +0300] "GET /radio-kaya/image/app_images/d0e07da0396d97c124f28a72f9c582ed.jpeg HTTP/1.1" 200 231755 "-" "Dart/3.5 (dart:io)"
161.8.72.155 - - [23/Jan/2025:14:19:19 +0300] "GET /radio-kaya/image/app_images/6c1e8d00f6d26186e58248de3ce5b63d.jpeg HTTP/1.1" 200 176955 "-" "Dart/3.5 (dart:io)"
196.201.218.103 - - [23/Jan/2025:14:19:22 +0300] "GET /muoroto-fm/assets/img/logo.png HTTP/1.1" 200 92381 "-" "Dart/2.19 (dart:io)"
196.201.218.103 - - [23/Jan/2025:14:19:22 +0300] "GET /muoroto-fm/news-podcast/1 HTTP/1.1" 200 229 "-" "Dart/2.19 (dart:io)"
161.8.72.155 - - [23/Jan/2025:14:19:22 +0300] "GET /radio-kaya/image/app_images/53c6d090de1ac1fc79a5be96aef1b723.jpeg HTTP/1.1" 200 189675 "-" "Dart/3.5 (dart:io)"
196.201.218.103 - - [23/Jan/2025:14:19:23 +0300] "GET /muoroto-fm/image/app_images/fdea79dad7176ac458fe99927786d3fe.jpeg HTTP/1.1" 200 11477 "-" "Dart/2.19 (dart:io)"
95.184.89.133 - - [23/Jan/2025:14:19:24 +0300] "GET /radio-kaya/image/app_images/ae92195b33b098288be00c0c0f15fd6f.jpeg HTTP/1.1" 200 71512 "-" "Dart/3.5 (dart:io)"
95.184.89.133 - - [23/Jan/2025:14:19:29 +0300] "GET /radio-kaya/image/app_images/e6523160b707eea607fc6f999a09a94c.jpeg HTTP/1.1" 200 211291 "-" "Dart/3.5 (dart:io)"
95.184.89.133 - - [23/Jan/2025:14:19:34 +0300] "GET /radio-kaya/image/app_images/e83168c87b139aac4a42eae24c67ad3a.jpeg HTTP/1.1" 200 401010 "-" "Dart/3.5 (dart:io)"
95.184.89.133 - - [23/Jan/2025:14:19:39 +0300] "GET /radio-kaya/image/app_images/cf8c510fbe97e70405b84b770d2b4ea7.jpeg HTTP/1.1" 200 301037 "-" "Dart/3.5 (dart:io)"
95.184.89.133 - - [23/Jan/2025:14:19:44 +0300] "GET /radio-kaya/image/app_images/e6aff8951c6fede61f120ef52f6cea42.jpeg HTTP/1.1" 200 8071081 "-" "Dart/3.5 (dart:io)"
95.184.89.133 - - [23/Jan/2025:14:19:49 +0300] "GET /radio-kaya/image/app_images/230bef51dbd5f9be8e5be7939434f68b.jpeg HTTP/1.1" 200 145026 "-" "Dart/3.5 (dart:io)"
95.184.89.133 - - [23/Jan/2025:14:19:54 +0300] "GET /radio-kaya/image/app_images/b8bb6104f88200aafbea532743a313ec.jpeg HTTP/1.1" 200 97711 "-" "Dart/3.5 (dart:io)"
95.184.89.133 - - [23/Jan/2025:14:19:59 +0300] "GET /radio-kaya/image/app_images/00063af6a5c3be4d885d3c4eeca12d58.jpeg HTTP/1.1" 500 2271 "-" "Dart/3.5 (dart:io)"
91.121.60.232 - - [23/Jan/2025:14:20:06 +0300] "GET /tuliza-fm/send-push HTTP/2" 200 70 "-" "curl/7.61.1"
91.121.60.232 - - [23/Jan/2025:14:20:06 +0300] "GET /radio-kaya/send-push HTTP/2" 200 70 "-" "curl/7.61.1"
197.157.230.164 - - [23/Jan/2025:14:21:01 +0300] "GET /tuliza-fm/image/app_images/7ea371241bf05bc00af8d36d501ba878.jpeg HTTP/1.1" 200 72612 "-" "Dart/2.19 (dart:io)"
197.157.230.164 - - [23/Jan/2025:14:21:04 +0300] "GET /tuliza-fm/image/app_images/b3230d82d21e084a595f7e9badd31721.jpeg HTTP/1.1" 200 82204 "-" "Dart/2.19 (dart:io)"
197.157.230.164 - - [23/Jan/2025:14:21:03 +0300] "GET /tuliza-fm/image/app_images/5fd1fc8f6d15c950cf64e43ffd97b177.jpeg HTTP/1.1" 200 74238 "-" "Dart/2.19 (dart:io)"
197.157.230.164 - - [23/Jan/2025:14:21:07 +0300] "GET /tuliza-fm/image/app_images/e64bb5f5e70843df0926e762cc93ee15.jpeg HTTP/1.1" 200 109023 "-" "Dart/2.19 (dart:io)"
91.121.60.232 - - [23/Jan/2025:14:21:09 +0300] "GET /tuliza-fm/send-push HTTP/2" 200 70 "-" "curl/7.61.1"
91.121.60.232 - - [23/Jan/2025:14:21:09 +0300] "GET /radio-kaya/send-push HTTP/2" 200 70 "-" "curl/7.61.1"
197.157.230.164 - - [23/Jan/2025:14:21:11 +0300] "GET /tuliza-fm/image/app_images/4f4aa949a6d64a2dbacfca1ed5ac536b.jpeg HTTP/1.1" 200 71731 "-" "Dart/2.19 (dart:io)"
91.121.60.232 - - [23/Jan/2025:14:22:03 +0300] "GET /tuliza-fm/send-push HTTP/2" 200 70 "-" "curl/7.61.1"
91.121.60.232 - - [23/Jan/2025:14:23:03 +0300] "GET /tuliza-fm/send-push HTTP/2" 200 70 "-" "curl/7.61.1"
91.121.60.232 - - [23/Jan/2025:14:24:05 +0300] "GET /radio-kaya/send-push HTTP/2" 200 70 "-" "curl/7.61.1"
102.0.1.146 - - [23/Jan/2025:14:25:18 +0300] "GET /muoroto-fm/news-podcast/1 HTTP/1.1" 200 229 "-" "Dart/2.19 (dart:io)"
102.0.1.146 - - [23/Jan/2025:14:25:19 +0300] "GET /muoroto-fm/image/app_images/fdea79dad7176ac458fe99927786d3fe.jpeg HTTP/1.1" 200 11477 "-" "Dart/2.19 (dart:io)"
91.121.60.232 - - [23/Jan/2025:14:23:03 +0300] "GET /radio-kaya/send-push HTTP/2" 200 70 "-" "curl/7.61.1"
91.121.60.232 - - [23/Jan/2025:14:24:05 +0300] "GET /tuliza-fm/send-push HTTP/2" 200 70 "-" "curl/7.61.1"
91.121.60.232 - - [23/Jan/2025:14:25:08 +0300] "GET /tuliza-fm/send-push HTTP/2" 200 70 "-" "curl/7.61.1"
91.121.60.232 - - [23/Jan/2025:14:25:08 +0300] "GET /radio-kaya/send-push HTTP/2" 200 70 "-" "curl/7.61.1"
105.160.27.194 - - [23/Jan/2025:14:26:40 +0300] "GET /radio-kaya/news-podcast/1 HTTP/1.1" 200 2076 "-" "Dart/3.2 (dart:io)"
105.160.27.194 - - [23/Jan/2025:14:26:41 +0300] "GET /radio-kaya/image/app_images/6c1e8d00f6d26186e58248de3ce5b63d.jpeg HTTP/1.1" 200 176955 "-" "Dart/3.2 (dart:io)"
105.160.27.194 - - [23/Jan/2025:14:26:44 +0300] "GET /radio-kaya/image/app_images/53c6d090de1ac1fc79a5be96aef1b723.jpeg HTTP/1.1" 200 189675 "-" "Dart/3.2 (dart:io)"
105.160.27.194 - - [23/Jan/2025:14:26:48 +0300] "GET /radio-kaya/image/app_images/d0e07da0396d97c124f28a72f9c582ed.jpeg HTTP/1.1" 200 231755 "-" "Dart/3.2 (dart:io)"
198.244.143.113 - - [23/Jan/2025:14:26:50 +0300] "GET /muoroto-fm/news-podcast/1 HTTP/1.1" 200 229 "-" "Dart/2.19 (dart:io)"
105.160.27.194 - - [23/Jan/2025:14:26:52 +0300] "GET /radio-kaya/image/app_images/ae92195b33b098288be00c0c0f15fd6f.jpeg HTTP/1.1" 200 71512 "-" "Dart/3.2 (dart:io)"
105.160.27.194 - - [23/Jan/2025:14:26:56 +0300] "GET /radio-kaya/image/app_images/e6523160b707eea607fc6f999a09a94c.jpeg HTTP/1.1" 200 211291 "-" "Dart/3.2 (dart:io)"
91.121.60.232 - - [23/Jan/2025:14:27:03 +0300] "GET /tuliza-fm/send-push HTTP/2" 200 70 "-" "curl/7.61.1"
105.160.27.194 - - [23/Jan/2025:14:27:28 +0300] "GET /radio-kaya/image/app_images/e83168c87b139aac4a42eae24c67ad3a.jpeg HTTP/1.1" 200 401010 "-" "Dart/3.2 (dart:io)"
91.121.60.232 - - [23/Jan/2025:14:28:03 +0300] "GET /radio-kaya/send-push HTTP/2" 200 70 "-" "curl/7.61.1"
95.184.89.133 - - [23/Jan/2025:14:29:09 +0300] "GET /radio-kaya/image/app_images/230bef51dbd5f9be8e5be7939434f68b.jpeg HTTP/1.1" 200 145026 "-" "Dart/3.5 (dart:io)"
91.121.60.232 - - [23/Jan/2025:14:29:10 +0300] "GET /tuliza-fm/send-push HTTP/2" 200 70 "-" "curl/7.61.1"
91.121.60.232 - - [23/Jan/2025:14:29:10 +0300] "GET /radio-kaya/send-push HTTP/2" 200 70 "-" "curl/7.61.1"
95.184.89.133 - - [23/Jan/2025:14:29:14 +0300] "GET /radio-kaya/image/app_images/b8bb6104f88200aafbea532743a313ec.jpeg HTTP/1.1" 200 97711 "-" "Dart/3.5 (dart:io)"
95.184.89.133 - - [23/Jan/2025:14:29:24 +0300] "GET /radio-kaya/image/app_images/ca2add8f43f3cdf6afff29778d58ab41.jpeg HTTP/1.1" 200 173948 "-" "Dart/3.5 (dart:io)"
95.184.89.133 - - [23/Jan/2025:14:29:29 +0300] "GET /radio-kaya/image/app_images/6c1e8d00f6d26186e58248de3ce5b63d.jpeg HTTP/1.1" 200 176955 "-" "Dart/3.5 (dart:io)"
95.184.89.133 - - [23/Jan/2025:14:29:34 +0300] "GET /radio-kaya/image/app_images/53c6d090de1ac1fc79a5be96aef1b723.jpeg HTTP/1.1" 200 189675 "-" "Dart/3.5 (dart:io)"
95.184.89.133 - - [23/Jan/2025:14:30:14 +0300] "GET /radio-kaya/image/app_images/d0e07da0396d97c124f28a72f9c582ed.jpeg HTTP/1.1" 200 231755 "-" "Dart/3.5 (dart:io)"
95.184.89.133 - - [23/Jan/2025:14:30:17 +0300] "GET /radio-kaya/image/app_images/ae92195b33b098288be00c0c0f15fd6f.jpeg HTTP/1.1" 200 71512 "-" "Dart/3.5 (dart:io)"
95.184.89.133 - - [23/Jan/2025:14:30:22 +0300] "GET /radio-kaya/image/app_images/e6523160b707eea607fc6f999a09a94c.jpeg HTTP/1.1" 200 211291 "-" "Dart/3.5 (dart:io)"
95.184.89.133 - - [23/Jan/2025:14:30:27 +0300] "GET /radio-kaya/image/app_images/e83168c87b139aac4a42eae24c67ad3a.jpeg HTTP/1.1" 200 401010 "-" "Dart/3.5 (dart:io)"
95.184.89.133 - - [23/Jan/2025:14:30:32 +0300] "GET /radio-kaya/image/app_images/cf8c510fbe97e70405b84b770d2b4ea7.jpeg HTTP/1.1" 200 301037 "-" "Dart/3.5 (dart:io)"
95.184.89.133 - - [23/Jan/2025:14:30:57 +0300] "GET /radio-kaya/image/app_images/ca2add8f43f3cdf6afff29778d58ab41.jpeg HTTP/1.1" 200 173948 "-" "Dart/3.5 (dart:io)"
95.184.89.133 - - [23/Jan/2025:14:30:37 +0300] "GET /radio-kaya/image/app_images/e6aff8951c6fede61f120ef52f6cea42.jpeg HTTP/1.1" 200 8071081 "-" "Dart/3.5 (dart:io)"
91.121.60.232 - - [23/Jan/2025:14:26:04 +0300] "GET /tuliza-fm/send-push HTTP/2" 200 70 "-" "curl/7.61.1"
91.121.60.232 - - [23/Jan/2025:14:26:05 +0300] "GET /radio-kaya/send-push HTTP/2" 200 70 "-" "curl/7.61.1"
197.157.230.164 - - [23/Jan/2025:14:26:22 +0300] "GET /tuliza-fm/image/app_images/e64bb5f5e70843df0926e762cc93ee15.jpeg HTTP/1.1" 200 109023 "-" "Dart/2.19 (dart:io)"
197.157.230.164 - - [23/Jan/2025:14:26:23 +0300] "GET /tuliza-fm/image/app_images/4f4aa949a6d64a2dbacfca1ed5ac536b.jpeg HTTP/1.1" 200 71731 "-" "Dart/2.19 (dart:io)"
197.157.230.164 - - [23/Jan/2025:14:26:27 +0300] "GET /tuliza-fm/image/app_images/5fd1fc8f6d15c950cf64e43ffd97b177.jpeg HTTP/1.1" 200 74238 "-" "Dart/2.19 (dart:io)"
198.244.143.113 - - [23/Jan/2025:14:26:52 +0300] "GET /muoroto-fm/image/app_images/fdea79dad7176ac458fe99927786d3fe.jpeg HTTP/1.1" 200 11477 "-" "Dart/2.19 (dart:io)"
91.121.60.232 - - [23/Jan/2025:14:27:03 +0300] "GET /radio-kaya/send-push HTTP/2" 200 70 "-" "curl/7.61.1"
91.121.60.232 - - [23/Jan/2025:14:28:03 +0300] "GET /tuliza-fm/send-push HTTP/2" 200 70 "-" "curl/7.61.1"
95.184.89.133 - - [23/Jan/2025:14:28:57 +0300] "GET /radio-kaya/image/app_images/e83168c87b139aac4a42eae24c67ad3a.jpeg HTTP/1.1" 200 401010 "-" "Dart/3.5 (dart:io)"
95.184.89.133 - - [23/Jan/2025:14:28:59 +0300] "GET /radio-kaya/image/app_images/cf8c510fbe97e70405b84b770d2b4ea7.jpeg HTTP/1.1" 200 301037 "-" "Dart/3.5 (dart:io)"
105.160.27.194 - - [23/Jan/2025:14:29:12 +0300] "GET /radio-kaya/image/app_images/cf8c510fbe97e70405b84b770d2b4ea7.jpeg HTTP/1.1" 200 301037 "-" "Dart/3.2 (dart:io)"
105.160.27.194 - - [23/Jan/2025:14:29:12 +0300] "GET /radio-kaya/image/app_images/e6aff8951c6fede61f120ef52f6cea42.jpeg HTTP/1.1" 200 8071081 "-" "Dart/3.2 (dart:io)"
95.184.89.133 - - [23/Jan/2025:14:29:04 +0300] "GET /radio-kaya/image/app_images/e6aff8951c6fede61f120ef52f6cea42.jpeg HTTP/1.1" 200 8071081 "-" "Dart/3.5 (dart:io)"
95.184.89.133 - - [23/Jan/2025:14:29:19 +0300] "GET /radio-kaya/image/app_images/00063af6a5c3be4d885d3c4eeca12d58.jpeg HTTP/1.1" 500 2271 "-" "Dart/3.5 (dart:io)"
91.121.60.232 - - [23/Jan/2025:14:30:07 +0300] "GET /radio-kaya/send-push HTTP/2" 200 70 "-" "curl/7.61.1"
91.121.60.232 - - [23/Jan/2025:14:30:07 +0300] "GET /tuliza-fm/send-push HTTP/2" 200 70 "-" "curl/7.61.1"
95.184.89.133 - - [23/Jan/2025:14:30:43 +0300] "GET /radio-kaya/image/app_images/230bef51dbd5f9be8e5be7939434f68b.jpeg HTTP/1.1" 200 145026 "-" "Dart/3.5 (dart:io)"
95.184.89.133 - - [23/Jan/2025:14:30:47 +0300] "GET /radio-kaya/image/app_images/b8bb6104f88200aafbea532743a313ec.jpeg HTTP/1.1" 200 97711 "-" "Dart/3.5 (dart:io)"
95.184.89.133 - - [23/Jan/2025:14:30:52 +0300] "GET /radio-kaya/image/app_images/00063af6a5c3be4d885d3c4eeca12d58.jpeg HTTP/1.1" 500 2271 "-" "Dart/3.5 (dart:io)"
91.121.60.232 - - [23/Jan/2025:14:31:05 +0300] "GET /radio-kaya/send-push HTTP/2" 200 70 "-" "curl/7.61.1"
95.184.89.133 - - [23/Jan/2025:14:31:43 +0300] "GET /radio-kaya/image/app_images/cf8c510fbe97e70405b84b770d2b4ea7.jpeg HTTP/1.1" 200 301037 "-" "Dart/3.5 (dart:io)"
95.184.89.133 - - [23/Jan/2025:14:31:47 +0300] "GET /radio-kaya/image/app_images/e6aff8951c6fede61f120ef52f6cea42.jpeg HTTP/1.1" 200 8071081 "-" "Dart/3.5 (dart:io)"
95.184.89.133 - - [23/Jan/2025:14:31:52 +0300] "GET /radio-kaya/image/app_images/230bef51dbd5f9be8e5be7939434f68b.jpeg HTTP/1.1" 200 145026 "-" "Dart/3.5 (dart:io)"
95.184.89.133 - - [23/Jan/2025:14:31:57 +0300] "GET /radio-kaya/image/app_images/b8bb6104f88200aafbea532743a313ec.jpeg HTTP/1.1" 200 97711 "-" "Dart/3.5 (dart:io)"
95.184.89.133 - - [23/Jan/2025:14:32:02 +0300] "GET /radio-kaya/image/app_images/00063af6a5c3be4d885d3c4eeca12d58.jpeg HTTP/1.1" 500 2271 "-" "Dart/3.5 (dart:io)"
91.121.60.232 - - [23/Jan/2025:14:32:08 +0300] "GET /radio-kaya/send-push HTTP/2" 200 70 "-" "curl/7.61.1"
105.160.27.194 - - [23/Jan/2025:14:32:51 +0300] "POST /radio-kaya/send-message HTTP/1.1" 200 105 "-" "Dart/3.2 (dart:io)"
95.184.89.133 - - [23/Jan/2025:14:31:02 +0300] "GET /radio-kaya/image/app_images/6c1e8d00f6d26186e58248de3ce5b63d.jpeg HTTP/1.1" 200 176955 "-" "Dart/3.5 (dart:io)"
91.121.60.232 - - [23/Jan/2025:14:31:06 +0300] "GET /tuliza-fm/send-push HTTP/2" 200 70 "-" "curl/7.61.1"
95.184.89.133 - - [23/Jan/2025:14:31:07 +0300] "GET /radio-kaya/image/app_images/53c6d090de1ac1fc79a5be96aef1b723.jpeg HTTP/1.1" 200 189675 "-" "Dart/3.5 (dart:io)"
95.184.89.133 - - [23/Jan/2025:14:32:07 +0300] "GET /radio-kaya/image/app_images/ca2add8f43f3cdf6afff29778d58ab41.jpeg HTTP/1.1" 200 173948 "-" "Dart/3.5 (dart:io)"
91.121.60.232 - - [23/Jan/2025:14:32:08 +0300] "GET /tuliza-fm/send-push HTTP/2" 200 70 "-" "curl/7.61.1"
95.184.89.133 - - [23/Jan/2025:14:32:12 +0300] "GET /radio-kaya/image/app_images/6c1e8d00f6d26186e58248de3ce5b63d.jpeg HTTP/1.1" 200 176955 "-" "Dart/3.5 (dart:io)"
95.184.89.133 - - [23/Jan/2025:14:32:17 +0300] "GET /radio-kaya/image/app_images/53c6d090de1ac1fc79a5be96aef1b723.jpeg HTTP/1.1" 200 189675 "-" "Dart/3.5 (dart:io)"
95.184.89.133 - - [23/Jan/2025:14:32:22 +0300] "GET /radio-kaya/image/app_images/d0e07da0396d97c124f28a72f9c582ed.jpeg HTTP/1.1" 200 231755 "-" "Dart/3.5 (dart:io)"
95.184.89.133 - - [23/Jan/2025:14:32:27 +0300] "GET /radio-kaya/image/app_images/ae92195b33b098288be00c0c0f15fd6f.jpeg HTTP/1.1" 200 71512 "-" "Dart/3.5 (dart:io)"
95.184.89.133 - - [23/Jan/2025:14:32:32 +0300] "GET /radio-kaya/image/app_images/e6523160b707eea607fc6f999a09a94c.jpeg HTTP/1.1" 200 211291 "-" "Dart/3.5 (dart:io)"
105.160.27.194 - - [23/Jan/2025:14:32:56 +0300] "GET /radio-kaya/image/app_images/230bef51dbd5f9be8e5be7939434f68b.jpeg HTTP/1.1" 200 145026 "-" "Dart/3.2 (dart:io)"
105.160.27.194 - - [23/Jan/2025:14:33:00 +0300] "GET /radio-kaya/image/app_images/b8bb6104f88200aafbea532743a313ec.jpeg HTTP/1.1" 200 97711 "-" "Dart/3.2 (dart:io)"
95.184.89.133 - - [23/Jan/2025:14:33:07 +0300] "GET /radio-kaya/image/app_images/e83168c87b139aac4a42eae24c67ad3a.jpeg HTTP/1.1" 200 401010 "-" "Dart/3.5 (dart:io)"
91.121.60.232 - - [23/Jan/2025:14:33:08 +0300] "GET /tuliza-fm/send-push HTTP/2" 200 70 "-" "curl/7.61.1"
91.121.60.232 - - [23/Jan/2025:14:33:08 +0300] "GET /radio-kaya/send-push HTTP/2" 200 70 "-" "curl/7.61.1"
91.121.60.232 - - [23/Jan/2025:14:35:14 +0300] "GET /radio-kaya/send-push HTTP/2" 200 70 "-" "curl/7.61.1"
95.184.89.133 - - [23/Jan/2025:14:35:21 +0300] "GET /radio-kaya/image/app_images/230bef51dbd5f9be8e5be7939434f68b.jpeg HTTP/1.1" 200 145026 "-" "Dart/3.5 (dart:io)"
91.121.60.232 - - [23/Jan/2025:14:37:05 +0300] "GET /radio-kaya/send-push HTTP/2" 200 70 "-" "curl/7.61.1"
91.121.60.232 - - [23/Jan/2025:14:38:06 +0300] "GET /radio-kaya/send-push HTTP/2" 200 70 "-" "curl/7.61.1"
95.184.89.133 - - [23/Jan/2025:14:38:09 +0300] "GET /radio-kaya/image/app_images/6c1e8d00f6d26186e58248de3ce5b63d.jpeg HTTP/1.1" 200 176955 "-" "Dart/3.5 (dart:io)"
95.184.89.133 - - [23/Jan/2025:14:38:12 +0300] "GET /radio-kaya/image/app_images/53c6d090de1ac1fc79a5be96aef1b723.jpeg HTTP/1.1" 200 189675 "-" "Dart/3.5 (dart:io)"
95.184.89.133 - - [23/Jan/2025:14:38:16 +0300] "GET /radio-kaya/image/app_images/d0e07da0396d97c124f28a72f9c582ed.jpeg HTTP/1.1" 200 231755 "-" "Dart/3.5 (dart:io)"
95.184.89.133 - - [23/Jan/2025:14:38:21 +0300] "GET /radio-kaya/image/app_images/ae92195b33b098288be00c0c0f15fd6f.jpeg HTTP/1.1" 200 71512 "-" "Dart/3.5 (dart:io)"
95.184.89.133 - - [23/Jan/2025:14:38:26 +0300] "GET /radio-kaya/image/app_images/e6523160b707eea607fc6f999a09a94c.jpeg HTTP/1.1" 200 211291 "-" "Dart/3.5 (dart:io)"
95.184.89.133 - - [23/Jan/2025:14:38:32 +0300] "GET /radio-kaya/image/app_images/e83168c87b139aac4a42eae24c67ad3a.jpeg HTTP/1.1" 200 401010 "-" "Dart/3.5 (dart:io)"
95.184.89.133 - - [23/Jan/2025:14:38:36 +0300] "GET /radio-kaya/image/app_images/cf8c510fbe97e70405b84b770d2b4ea7.jpeg HTTP/1.1" 200 301037 "-" "Dart/3.5 (dart:io)"
95.184.89.133 - - [23/Jan/2025:14:38:47 +0300] "GET /radio-kaya/image/app_images/230bef51dbd5f9be8e5be7939434f68b.jpeg HTTP/1.1" 200 145026 "-" "Dart/3.5 (dart:io)"
95.184.89.133 - - [23/Jan/2025:14:38:41 +0300] "GET /radio-kaya/image/app_images/e6aff8951c6fede61f120ef52f6cea42.jpeg HTTP/1.1" 200 8071081 "-" "Dart/3.5 (dart:io)"
91.121.60.232 - - [23/Jan/2025:14:39:03 +0300] "GET /radio-kaya/send-push HTTP/2" 200 70 "-" "curl/7.61.1"
91.121.60.232 - - [23/Jan/2025:14:40:09 +0300] "GET /tuliza-fm/send-push HTTP/2" 200 70 "-" "curl/7.61.1"
91.121.60.232 - - [23/Jan/2025:14:41:06 +0300] "GET /radio-kaya/send-push HTTP/2" 200 70 "-" "curl/7.61.1"
154.159.254.5 - - [23/Jan/2025:14:40:01 +0300] "GET /radio-kaya/image/app_images/d0e07da0396d97c124f28a72f9c582ed.jpeg HTTP/1.1" 200 65536 "-" "Dart/3.5 (dart:io)"
91.121.60.232 - - [23/Jan/2025:14:42:06 +0300] "GET /radio-kaya/send-push HTTP/2" 200 70 "-" "curl/7.61.1"
91.121.60.232 - - [23/Jan/2025:14:43:03 +0300] "GET /tuliza-fm/send-push HTTP/2" 200 70 "-" "curl/7.61.1"
91.121.60.232 - - [23/Jan/2025:14:45:07 +0300] "GET /tuliza-fm/send-push HTTP/2" 200 70 "-" "curl/7.61.1"
102.0.1.146 - - [23/Jan/2025:14:45:14 +0300] "GET /muoroto-fm/image/app_images/fdea79dad7176ac458fe99927786d3fe.jpeg HTTP/1.1" 200 11477 "-" "Dart/2.19 (dart:io)"
91.121.60.232 - - [23/Jan/2025:14:46:07 +0300] "GET /tuliza-fm/send-push HTTP/2" 200 70 "-" "curl/7.61.1"
91.121.60.232 - - [23/Jan/2025:14:46:07 +0300] "GET /radio-kaya/send-push HTTP/2" 200 70 "-" "curl/7.61.1"
95.184.89.133 - - [23/Jan/2025:14:46:42 +0300] "GET /radio-kaya/image/app_images/00063af6a5c3be4d885d3c4eeca12d58.jpeg HTTP/1.1" 500 2271 "-" "Dart/3.5 (dart:io)"
95.184.89.133 - - [23/Jan/2025:14:46:47 +0300] "GET /radio-kaya/image/app_images/ca2add8f43f3cdf6afff29778d58ab41.jpeg HTTP/1.1" 200 173948 "-" "Dart/3.5 (dart:io)"
95.184.89.133 - - [23/Jan/2025:14:46:51 +0300] "GET /radio-kaya/image/app_images/6c1e8d00f6d26186e58248de3ce5b63d.jpeg HTTP/1.1" 200 176955 "-" "Dart/3.5 (dart:io)"
95.184.89.133 - - [23/Jan/2025:14:46:56 +0300] "GET /radio-kaya/image/app_images/53c6d090de1ac1fc79a5be96aef1b723.jpeg HTTP/1.1" 200 189675 "-" "Dart/3.5 (dart:io)"
95.184.89.133 - - [23/Jan/2025:14:47:06 +0300] "GET /radio-kaya/image/app_images/d0e07da0396d97c124f28a72f9c582ed.jpeg HTTP/1.1" 200 231755 "-" "Dart/3.5 (dart:io)"
95.184.89.133 - - [23/Jan/2025:14:47:11 +0300] "GET /radio-kaya/image/app_images/ae92195b33b098288be00c0c0f15fd6f.jpeg HTTP/1.1" 200 71512 "-" "Dart/3.5 (dart:io)"
105.160.27.194 - - [23/Jan/2025:14:47:13 +0300] "GET /radio-kaya/image/app_images/ca2add8f43f3cdf6afff29778d58ab41.jpeg HTTP/1.1" 200 173948 "-" "Dart/3.2 (dart:io)"
95.184.89.133 - - [23/Jan/2025:14:47:16 +0300] "GET /radio-kaya/image/app_images/e6523160b707eea607fc6f999a09a94c.jpeg HTTP/1.1" 200 211291 "-" "Dart/3.5 (dart:io)"
95.184.89.133 - - [23/Jan/2025:14:47:21 +0300] "GET /radio-kaya/image/app_images/e83168c87b139aac4a42eae24c67ad3a.jpeg HTTP/1.1" 200 401010 "-" "Dart/3.5 (dart:io)"
95.184.89.133 - - [23/Jan/2025:14:47:26 +0300] "GET /radio-kaya/image/app_images/cf8c510fbe97e70405b84b770d2b4ea7.jpeg HTTP/1.1" 200 301037 "-" "Dart/3.5 (dart:io)"
95.184.89.133 - - [23/Jan/2025:14:47:31 +0300] "GET /radio-kaya/image/app_images/e6aff8951c6fede61f120ef52f6cea42.jpeg HTTP/1.1" 200 8071081 "-" "Dart/3.5 (dart:io)"
46.143.155.248 - - [23/Jan/2025:14:47:50 +0300] "GET /muoroto-fm/image/app_images/fdea79dad7176ac458fe99927786d3fe.jpeg HTTP/1.1" 200 11477 "-" "Dart/2.19 (dart:io)"
46.143.155.248 - - [23/Jan/2025:14:47:50 +0300] "GET /muoroto-fm/assets/img/logo.png HTTP/1.1" 200 92381 "-" "Dart/2.19 (dart:io)"
46.143.155.248 - - [23/Jan/2025:14:47:54 +0300] "GET /muoroto-fm/image/app_images/36347d0febcb9f5cdb48f1f5bd83ae52.jpeg HTTP/1.1" 200 190575 "-" "Dart/2.19 (dart:io)"
46.143.155.248 - - [23/Jan/2025:14:47:58 +0300] "GET /muoroto-fm/image/app_images/4bfe541a3dc19b6a64cbfddc9ad4d62d.jpeg HTTP/1.1" 200 13475 "-" "Dart/2.19 (dart:io)"
46.143.155.248 - - [23/Jan/2025:14:48:02 +0300] "GET /muoroto-fm/image/app_images/6594a2859ed4334fce7305e50a84feee.jpeg HTTP/1.1" 200 13330 "-" "Dart/2.19 (dart:io)"
91.121.60.232 - - [23/Jan/2025:14:48:04 +0300] "GET /radio-kaya/send-push HTTP/2" 200 70 "-" "curl/7.61.1"
185.213.83.121 - elspacio [23/Jan/2025:14:33:14 +0300] "GET / HTTP/1.1" 403 787 "-" "Mozilla/5.0 (Windows NT 10.0; Win64; x64) AppleWebKit/537.36 (KHTML, like Gecko) Chrome/91.0.4472.124 Safari/537.36"
91.121.60.232 - - [23/Jan/2025:14:34:18 +0300] "GET /tuliza-fm/send-push HTTP/2" 200 70 "-" "curl/7.61.1"
91.121.60.232 - - [23/Jan/2025:14:34:19 +0300] "GET /radio-kaya/send-push HTTP/2" 200 70 "-" "curl/7.61.1"
95.184.89.133 - - [23/Jan/2025:14:35:11 +0300] "GET /radio-kaya/image/app_images/cf8c510fbe97e70405b84b770d2b4ea7.jpeg HTTP/1.1" 200 301037 "-" "Dart/3.5 (dart:io)"
91.121.60.232 - - [23/Jan/2025:14:35:14 +0300] "GET /tuliza-fm/send-push HTTP/2" 200 70 "-" "curl/7.61.1"
95.184.89.133 - - [23/Jan/2025:14:35:15 +0300] "GET /radio-kaya/image/app_images/e6aff8951c6fede61f120ef52f6cea42.jpeg HTTP/1.1" 200 8071081 "-" "Dart/3.5 (dart:io)"
91.121.60.232 - - [23/Jan/2025:14:36:11 +0300] "GET /tuliza-fm/send-push HTTP/2" 200 70 "-" "curl/7.61.1"
91.121.60.232 - - [23/Jan/2025:14:36:11 +0300] "GET /radio-kaya/send-push HTTP/2" 200 70 "-" "curl/7.61.1"
91.121.60.232 - - [23/Jan/2025:14:37:05 +0300] "GET /tuliza-fm/send-push HTTP/2" 200 70 "-" "curl/7.61.1"
95.184.89.133 - - [23/Jan/2025:14:37:49 +0300] "GET /radio-kaya/image/app_images/b8bb6104f88200aafbea532743a313ec.jpeg HTTP/1.1" 200 97711 "-" "Dart/3.5 (dart:io)"
95.184.89.133 - - [23/Jan/2025:14:37:50 +0300] "GET /radio-kaya/image/app_images/00063af6a5c3be4d885d3c4eeca12d58.jpeg HTTP/1.1" 500 2271 "-" "Dart/3.5 (dart:io)"
95.184.89.133 - - [23/Jan/2025:14:37:56 +0300] "GET /radio-kaya/image/app_images/ca2add8f43f3cdf6afff29778d58ab41.jpeg HTTP/1.1" 200 173948 "-" "Dart/3.5 (dart:io)"
91.121.60.232 - - [23/Jan/2025:14:38:06 +0300] "GET /tuliza-fm/send-push HTTP/2" 200 70 "-" "curl/7.61.1"
95.184.89.133 - - [23/Jan/2025:14:38:07 +0300] "GET /radio-kaya/news-podcast/1 HTTP/1.1" 200 2076 "-" "Dart/3.5 (dart:io)"
91.121.60.232 - - [23/Jan/2025:14:39:03 +0300] "GET /tuliza-fm/send-push HTTP/2" 200 70 "-" "curl/7.61.1"
91.121.60.232 - - [23/Jan/2025:14:40:09 +0300] "GET /radio-kaya/send-push HTTP/2" 200 70 "-" "curl/7.61.1"
91.121.60.232 - - [23/Jan/2025:14:41:06 +0300] "GET /tuliza-fm/send-push HTTP/2" 200 70 "-" "curl/7.61.1"
91.121.60.232 - - [23/Jan/2025:14:42:06 +0300] "GET /tuliza-fm/send-push HTTP/2" 200 70 "-" "curl/7.61.1"
91.121.60.232 - - [23/Jan/2025:14:43:03 +0300] "GET /radio-kaya/send-push HTTP/2" 200 70 "-" "curl/7.61.1"
91.121.60.232 - - [23/Jan/2025:14:44:05 +0300] "GET /radio-kaya/send-push HTTP/2" 200 70 "-" "curl/7.61.1"
91.121.60.232 - - [23/Jan/2025:14:44:05 +0300] "GET /tuliza-fm/send-push HTTP/2" 200 70 "-" "curl/7.61.1"
91.121.60.232 - - [23/Jan/2025:14:45:07 +0300] "GET /radio-kaya/send-push HTTP/2" 200 70 "-" "curl/7.61.1"
198.244.143.113 - - [23/Jan/2025:14:45:11 +0300] "GET /muoroto-fm/news-podcast/1 HTTP/1.1" 200 229 "-" "Dart/2.19 (dart:io)"
102.0.1.146 - - [23/Jan/2025:14:45:12 +0300] "GET /muoroto-fm/news-podcast/1 HTTP/1.1" 200 229 "-" "Dart/2.19 (dart:io)"
198.244.143.113 - - [23/Jan/2025:14:45:13 +0300] "GET /muoroto-fm/image/app_images/fdea79dad7176ac458fe99927786d3fe.jpeg HTTP/1.1" 200 11477 "-" "Dart/2.19 (dart:io)"
95.184.89.133 - - [23/Jan/2025:14:45:59 +0300] "GET /radio-kaya/image/app_images/b8bb6104f88200aafbea532743a313ec.jpeg HTTP/1.1" 200 97711 "-" "Dart/3.5 (dart:io)"
95.184.89.133 - - [23/Jan/2025:14:46:40 +0300] "POST /radio-kaya/send-message HTTP/1.1" 200 104 "-" "Dart/3.5 (dart:io)"
91.121.60.232 - - [23/Jan/2025:14:47:04 +0300] "GET /tuliza-fm/send-push HTTP/2" 200 70 "-" "curl/7.61.1"
91.121.60.232 - - [23/Jan/2025:14:47:04 +0300] "GET /radio-kaya/send-push HTTP/2" 200 70 "-" "curl/7.61.1"
102.0.1.146 - - [23/Jan/2025:14:47:09 +0300] "GET /muoroto-fm/image/app_images/36347d0febcb9f5cdb48f1f5bd83ae52.jpeg HTTP/1.1" 200 190575 "-" "Dart/2.19 (dart:io)"
46.143.155.248 - - [23/Jan/2025:14:47:50 +0300] "GET /muoroto-fm/news-podcast/1 HTTP/1.1" 200 229 "-" "Dart/2.19 (dart:io)"
91.121.60.232 - - [23/Jan/2025:14:49:07 +0300] "GET /radio-kaya/send-push HTTP/2" 200 70 "-" "curl/7.61.1"
91.121.60.232 - - [23/Jan/2025:14:48:04 +0300] "GET /tuliza-fm/send-push HTTP/2" 200 70 "-" "curl/7.61.1"
46.143.155.248 - - [23/Jan/2025:14:48:06 +0300] "GET /muoroto-fm/image/app_images/1e8a153acc9808f8e86e251e67d76d7f.jpeg HTTP/1.1" 200 94947 "-" "Dart/2.19 (dart:io)"
46.143.155.248 - - [23/Jan/2025:14:48:10 +0300] "GET /muoroto-fm/image/app_images/41a743f51e8413d6b280a050463c56ea.jpeg HTTP/1.1" 200 182382 "-" "Dart/2.19 (dart:io)"
46.143.155.248 - - [23/Jan/2025:14:48:14 +0300] "GET /muoroto-fm/image/app_images/d9351b752c8367458961b74b43df65f7.jpeg HTTP/1.1" 200 241473 "-" "Dart/2.19 (dart:io)"
46.143.155.248 - - [23/Jan/2025:14:48:18 +0300] "GET /muoroto-fm/image/app_images/76117a3cc6d8fdf1ccb3aef44a59f8ec.jpeg HTTP/1.1" 200 121424 "-" "Dart/2.19 (dart:io)"
167.86.166.184 - - [23/Jan/2025:14:48:50 +0300] "GET /radio-kaya/news-podcast/1 HTTP/1.1" 200 2076 "-" "Dart/3.5 (dart:io)"
91.121.60.232 - - [23/Jan/2025:14:49:06 +0300] "GET /tuliza-fm/send-push HTTP/2" 200 70 "-" "curl/7.61.1"
95.184.89.133 - - [23/Jan/2025:14:49:14 +0300] "GET /radio-kaya/image/app_images/230bef51dbd5f9be8e5be7939434f68b.jpeg HTTP/1.1" 200 145026 "-" "Dart/3.5 (dart:io)"
95.184.89.133 - - [23/Jan/2025:14:49:16 +0300] "GET /radio-kaya/image/app_images/b8bb6104f88200aafbea532743a313ec.jpeg HTTP/1.1" 200 97711 "-" "Dart/3.5 (dart:io)"
105.160.27.194 - - [23/Jan/2025:14:49:46 +0300] "POST /radio-kaya/send-message HTTP/1.1" 200 104 "-" "Dart/3.2 (dart:io)"
91.121.60.232 - - [23/Jan/2025:14:51:06 +0300] "GET /radio-kaya/send-push HTTP/2" 200 70 "-" "curl/7.61.1"
196.97.0.83 - - [23/Jan/2025:14:52:33 +0300] "GET /tuliza-fm/news-podcast/1 HTTP/1.1" 200 627 "-" "Dart/2.19 (dart:io)"
91.121.60.232 - - [23/Jan/2025:14:53:11 +0300] "GET /tuliza-fm/send-push HTTP/2" 200 70 "-" "curl/7.61.1"
91.121.60.232 - - [23/Jan/2025:14:53:11 +0300] "GET /radio-kaya/send-push HTTP/2" 200 70 "-" "curl/7.61.1"
167.86.166.184 - - [23/Jan/2025:14:54:08 +0300] "GET /radio-kaya/news-podcast/1 HTTP/1.1" 200 2076 "-" "Dart/3.5 (dart:io)"
91.121.60.232 - - [23/Jan/2025:14:56:04 +0300] "GET /tuliza-fm/send-push HTTP/2" 200 70 "-" "curl/7.61.1"
95.184.89.133 - - [23/Jan/2025:14:56:58 +0300] "GET /radio-kaya/image/app_images/e83168c87b139aac4a42eae24c67ad3a.jpeg HTTP/1.1" 200 401010 "-" "Dart/3.5 (dart:io)"
91.121.60.232 - - [23/Jan/2025:14:57:04 +0300] "GET /radio-kaya/send-push HTTP/2" 200 70 "-" "curl/7.61.1"
91.121.60.232 - - [23/Jan/2025:14:57:04 +0300] "GET /tuliza-fm/send-push HTTP/2" 200 70 "-" "curl/7.61.1"
91.121.60.232 - - [23/Jan/2025:14:58:07 +0300] "GET /radio-kaya/send-push HTTP/2" 200 70 "-" "curl/7.61.1"
91.121.60.232 - - [23/Jan/2025:14:58:07 +0300] "GET /tuliza-fm/send-push HTTP/2" 200 70 "-" "curl/7.61.1"
95.184.89.133 - - [23/Jan/2025:14:58:10 +0300] "GET /radio-kaya/image/app_images/cf8c510fbe97e70405b84b770d2b4ea7.jpeg HTTP/1.1" 200 301037 "-" "Dart/3.5 (dart:io)"
95.184.89.133 - - [23/Jan/2025:14:58:11 +0300] "GET /radio-kaya/image/app_images/e6aff8951c6fede61f120ef52f6cea42.jpeg HTTP/1.1" 200 8071081 "-" "Dart/3.5 (dart:io)"
91.121.60.232 - - [23/Jan/2025:14:59:04 +0300] "GET /tuliza-fm/send-push HTTP/2" 200 70 "-" "curl/7.61.1"
91.121.60.232 - - [23/Jan/2025:14:59:04 +0300] "GET /radio-kaya/send-push HTTP/2" 200 70 "-" "curl/7.61.1"
91.121.60.232 - - [23/Jan/2025:15:00:13 +0300] "GET /radio-kaya/send-push HTTP/2" 200 70 "-" "curl/7.61.1"
84.175.93.246 - - [23/Jan/2025:15:00:22 +0300] "GET /radio-kaya/news-podcast/1 HTTP/1.1" 200 2076 "-" "Dart/3.5 (dart:io)"
84.175.93.246 - - [23/Jan/2025:15:00:32 +0300] "GET /radio-kaya/image/app_images/d0e07da0396d97c124f28a72f9c582ed.jpeg HTTP/1.1" 200 231755 "-" "Dart/3.5 (dart:io)"
84.175.93.246 - - [23/Jan/2025:15:00:37 +0300] "GET /radio-kaya/image/app_images/ae92195b33b098288be00c0c0f15fd6f.jpeg HTTP/1.1" 200 71512 "-" "Dart/3.5 (dart:io)"
84.175.93.246 - - [23/Jan/2025:15:00:42 +0300] "GET /radio-kaya/image/app_images/e6523160b707eea607fc6f999a09a94c.jpeg HTTP/1.1" 200 211291 "-" "Dart/3.5 (dart:io)"
95.184.89.133 - - [23/Jan/2025:15:03:02 +0300] "GET /radio-kaya/image/app_images/ca2add8f43f3cdf6afff29778d58ab41.jpeg HTTP/1.1" 200 173948 "-" "Dart/3.5 (dart:io)"
130.164.168.36 - - [23/Jan/2025:15:03:04 +0300] "GET /radio-kaya/news-podcast/1 HTTP/1.1" 200 2076 "-" "Dart/3.5 (dart:io)"
91.121.60.232 - - [23/Jan/2025:15:03:05 +0300] "GET /radio-kaya/send-push HTTP/2" 200 70 "-" "curl/7.61.1"
95.184.89.133 - - [23/Jan/2025:15:03:06 +0300] "GET /radio-kaya/image/app_images/6c1e8d00f6d26186e58248de3ce5b63d.jpeg HTTP/1.1" 200 176955 "-" "Dart/3.5 (dart:io)"
95.184.89.133 - - [23/Jan/2025:15:03:12 +0300] "GET /radio-kaya/image/app_images/53c6d090de1ac1fc79a5be96aef1b723.jpeg HTTP/1.1" 200 189675 "-" "Dart/3.5 (dart:io)"
95.184.89.133 - - [23/Jan/2025:15:03:17 +0300] "GET /radio-kaya/image/app_images/d0e07da0396d97c124f28a72f9c582ed.jpeg HTTP/1.1" 200 231755 "-" "Dart/3.5 (dart:io)"
