91.121.60.232 - - [23/Jan/2025:18:20:07 +0300] "GET /tuliza-fm/send-push HTTP/2" 200 70 "-" "curl/7.61.1"
91.121.60.232 - - [23/Jan/2025:18:22:05 +0300] "GET /radio-kaya/send-push HTTP/2" 200 70 "-" "curl/7.61.1"
91.121.60.232 - - [23/Jan/2025:18:24:05 +0300] "GET /tuliza-fm/send-push HTTP/2" 200 70 "-" "curl/7.61.1"
91.121.60.232 - - [23/Jan/2025:18:24:05 +0300] "GET /radio-kaya/send-push HTTP/2" 200 70 "-" "curl/7.61.1"
91.121.60.232 - - [23/Jan/2025:18:25:06 +0300] "GET /radio-kaya/send-push HTTP/2" 200 70 "-" "curl/7.61.1"
91.121.60.232 - - [23/Jan/2025:18:25:06 +0300] "GET /tuliza-fm/send-push HTTP/2" 200 70 "-" "curl/7.61.1"
91.121.60.232 - - [23/Jan/2025:18:26:13 +0300] "GET /radio-kaya/send-push HTTP/2" 200 70 "-" "curl/7.61.1"
91.121.60.232 - - [23/Jan/2025:18:27:04 +0300] "GET /radio-kaya/send-push HTTP/2" 200 70 "-" "curl/7.61.1"
91.121.60.232 - - [23/Jan/2025:18:29:05 +0300] "GET /tuliza-fm/send-push HTTP/2" 200 70 "-" "curl/7.61.1"
91.121.60.232 - - [23/Jan/2025:18:29:05 +0300] "GET /radio-kaya/send-push HTTP/2" 200 70 "-" "curl/7.61.1"
91.121.60.232 - - [23/Jan/2025:18:31:06 +0300] "GET /tuliza-fm/send-push HTTP/2" 200 70 "-" "curl/7.61.1"
91.121.60.232 - - [23/Jan/2025:18:32:06 +0300] "GET /tuliza-fm/send-push HTTP/2" 200 70 "-" "curl/7.61.1"
91.121.60.232 - - [23/Jan/2025:18:32:06 +0300] "GET /radio-kaya/send-push HTTP/2" 200 70 "-" "curl/7.61.1"
91.121.60.232 - - [23/Jan/2025:18:33:06 +0300] "GET /radio-kaya/send-push HTTP/2" 200 70 "-" "curl/7.61.1"
91.121.60.232 - - [23/Jan/2025:18:34:05 +0300] "GET /tuliza-fm/send-push HTTP/2" 200 70 "-" "curl/7.61.1"
91.121.60.232 - - [23/Jan/2025:18:35:07 +0300] "GET /radio-kaya/send-push HTTP/2" 200 70 "-" "curl/7.61.1"
91.121.60.232 - - [23/Jan/2025:18:35:07 +0300] "GET /tuliza-fm/send-push HTTP/2" 200 70 "-" "curl/7.61.1"
91.121.60.232 - - [23/Jan/2025:18:36:05 +0300] "GET /tuliza-fm/send-push HTTP/2" 200 70 "-" "curl/7.61.1"
91.121.60.232 - - [23/Jan/2025:18:37:04 +0300] "GET /radio-kaya/send-push HTTP/2" 200 70 "-" "curl/7.61.1"
91.121.60.232 - - [23/Jan/2025:18:38:05 +0300] "GET /radio-kaya/send-push HTTP/2" 200 70 "-" "curl/7.61.1"
91.121.60.232 - - [23/Jan/2025:18:39:04 +0300] "GET /tuliza-fm/send-push HTTP/2" 200 70 "-" "curl/7.61.1"
91.121.60.232 - - [23/Jan/2025:18:40:08 +0300] "GET /radio-kaya/send-push HTTP/2" 200 70 "-" "curl/7.61.1"
91.121.60.232 - - [23/Jan/2025:18:41:05 +0300] "GET /radio-kaya/send-push HTTP/2" 200 70 "-" "curl/7.61.1"
91.121.60.232 - - [23/Jan/2025:18:41:05 +0300] "GET /tuliza-fm/send-push HTTP/2" 200 70 "-" "curl/7.61.1"
91.121.60.232 - - [23/Jan/2025:18:42:08 +0300] "GET /tuliza-fm/send-push HTTP/2" 200 70 "-" "curl/7.61.1"
91.121.60.232 - - [23/Jan/2025:18:43:09 +0300] "GET /tuliza-fm/send-push HTTP/2" 200 70 "-" "curl/7.61.1"
91.121.60.232 - - [23/Jan/2025:18:44:05 +0300] "GET /tuliza-fm/send-push HTTP/2" 200 70 "-" "curl/7.61.1"
91.121.60.232 - - [23/Jan/2025:18:45:08 +0300] "GET /radio-kaya/send-push HTTP/2" 200 70 "-" "curl/7.61.1"
91.121.60.232 - - [23/Jan/2025:18:47:05 +0300] "GET /radio-kaya/send-push HTTP/2" 200 70 "-" "curl/7.61.1"
91.121.60.232 - - [23/Jan/2025:18:47:06 +0300] "GET /tuliza-fm/send-push HTTP/2" 200 70 "-" "curl/7.61.1"
91.121.60.232 - - [23/Jan/2025:18:48:09 +0300] "GET /tuliza-fm/send-push HTTP/2" 200 70 "-" "curl/7.61.1"
46.143.155.248 - - [23/Jan/2025:18:48:09 +0300] "GET /muoroto-fm/news-podcast/1 HTTP/1.1" 200 229 "-" "Dart/2.19 (dart:io)"
91.121.60.232 - - [23/Jan/2025:18:30:07 +0300] "GET /tuliza-fm/send-push HTTP/2" 200 70 "-" "curl/7.61.1"
91.121.60.232 - - [23/Jan/2025:18:30:08 +0300] "GET /radio-kaya/send-push HTTP/2" 200 70 "-" "curl/7.61.1"
91.121.60.232 - - [23/Jan/2025:18:31:06 +0300] "GET /radio-kaya/send-push HTTP/2" 200 70 "-" "curl/7.61.1"
91.121.60.232 - - [23/Jan/2025:18:33:06 +0300] "GET /tuliza-fm/send-push HTTP/2" 200 70 "-" "curl/7.61.1"
91.121.60.232 - - [23/Jan/2025:18:34:04 +0300] "GET /radio-kaya/send-push HTTP/2" 200 70 "-" "curl/7.61.1"
91.121.60.232 - - [23/Jan/2025:18:36:05 +0300] "GET /radio-kaya/send-push HTTP/2" 200 70 "-" "curl/7.61.1"
91.121.60.232 - - [23/Jan/2025:18:37:04 +0300] "GET /tuliza-fm/send-push HTTP/2" 200 70 "-" "curl/7.61.1"
91.121.60.232 - - [23/Jan/2025:18:38:05 +0300] "GET /tuliza-fm/send-push HTTP/2" 200 70 "-" "curl/7.61.1"
91.121.60.232 - - [23/Jan/2025:18:39:04 +0300] "GET /radio-kaya/send-push HTTP/2" 200 70 "-" "curl/7.61.1"
91.121.60.232 - - [23/Jan/2025:18:40:07 +0300] "GET /tuliza-fm/send-push HTTP/2" 200 70 "-" "curl/7.61.1"
91.121.60.232 - - [23/Jan/2025:18:42:08 +0300] "GET /radio-kaya/send-push HTTP/2" 200 70 "-" "curl/7.61.1"
91.121.60.232 - - [23/Jan/2025:18:43:09 +0300] "GET /radio-kaya/send-push HTTP/2" 200 70 "-" "curl/7.61.1"
91.121.60.232 - - [23/Jan/2025:18:44:06 +0300] "GET /radio-kaya/send-push HTTP/2" 200 70 "-" "curl/7.61.1"
91.121.60.232 - - [23/Jan/2025:18:45:08 +0300] "GET /tuliza-fm/send-push HTTP/2" 200 70 "-" "curl/7.61.1"
91.121.60.232 - - [23/Jan/2025:18:46:03 +0300] "GET /radio-kaya/send-push HTTP/2" 200 70 "-" "curl/7.61.1"
91.121.60.232 - - [23/Jan/2025:18:46:03 +0300] "GET /tuliza-fm/send-push HTTP/2" 200 70 "-" "curl/7.61.1"
91.121.60.232 - - [23/Jan/2025:18:48:09 +0300] "GET /radio-kaya/send-push HTTP/2" 200 70 "-" "curl/7.61.1"
46.143.155.248 - - [23/Jan/2025:18:48:09 +0300] "GET /muoroto-fm/image/app_images/fdea79dad7176ac458fe99927786d3fe.jpeg HTTP/1.1" 200 11477 "-" "Dart/2.19 (dart:io)"
46.143.155.248 - - [23/Jan/2025:18:48:13 +0300] "GET /muoroto-fm/image/app_images/36347d0febcb9f5cdb48f1f5bd83ae52.jpeg HTTP/1.1" 200 190575 "-" "Dart/2.19 (dart:io)"
46.143.155.248 - - [23/Jan/2025:18:48:17 +0300] "GET /muoroto-fm/image/app_images/4bfe541a3dc19b6a64cbfddc9ad4d62d.jpeg HTTP/1.1" 200 13475 "-" "Dart/2.19 (dart:io)"
46.143.155.248 - - [23/Jan/2025:18:48:21 +0300] "GET /muoroto-fm/image/app_images/6594a2859ed4334fce7305e50a84feee.jpeg HTTP/1.1" 200 13330 "-" "Dart/2.19 (dart:io)"
91.121.60.232 - - [23/Jan/2025:18:49:08 +0300] "GET /tuliza-fm/send-push HTTP/2" 200 70 "-" "curl/7.61.1"
91.121.60.232 - - [23/Jan/2025:18:49:08 +0300] "GET /radio-kaya/send-push HTTP/2" 200 70 "-" "curl/7.61.1"
46.143.155.248 - - [23/Jan/2025:18:49:52 +0300] "GET /muoroto-fm/image/app_images/1e8a153acc9808f8e86e251e67d76d7f.jpeg HTTP/1.1" 200 94947 "-" "Dart/2.19 (dart:io)"
91.121.60.232 - - [23/Jan/2025:18:50:09 +0300] "GET /radio-kaya/send-push HTTP/2" 200 70 "-" "curl/7.61.1"
46.143.155.248 - - [23/Jan/2025:18:50:03 +0300] "GET /muoroto-fm/image/app_images/41a743f51e8413d6b280a050463c56ea.jpeg HTTP/1.1" 200 182382 "-" "Dart/2.19 (dart:io)"
91.121.60.232 - - [23/Jan/2025:18:51:04 +0300] "GET /tuliza-fm/send-push HTTP/2" 200 70 "-" "curl/7.61.1"
91.121.60.232 - - [23/Jan/2025:18:51:04 +0300] "GET /radio-kaya/send-push HTTP/2" 200 70 "-" "curl/7.61.1"
91.121.60.232 - - [23/Jan/2025:18:52:06 +0300] "GET /radio-kaya/send-push HTTP/2" 200 70 "-" "curl/7.61.1"
91.121.60.232 - - [23/Jan/2025:18:52:06 +0300] "GET /tuliza-fm/send-push HTTP/2" 200 70 "-" "curl/7.61.1"
91.121.60.232 - - [23/Jan/2025:18:53:07 +0300] "GET /radio-kaya/send-push HTTP/2" 200 70 "-" "curl/7.61.1"
91.121.60.232 - - [23/Jan/2025:18:53:07 +0300] "GET /tuliza-fm/send-push HTTP/2" 200 70 "-" "curl/7.61.1"
91.121.60.232 - - [23/Jan/2025:18:55:09 +0300] "GET /radio-kaya/send-push HTTP/2" 200 172 "-" "curl/7.61.1"
91.121.60.232 - - [23/Jan/2025:18:56:03 +0300] "GET /radio-kaya/send-push HTTP/2" 200 70 "-" "curl/7.61.1"
91.121.60.232 - - [23/Jan/2025:18:56:03 +0300] "GET /tuliza-fm/send-push HTTP/2" 200 70 "-" "curl/7.61.1"
41.90.45.199 - - [23/Jan/2025:18:56:56 +0300] "GET /muoroto-fm/image/app_images/fdea79dad7176ac458fe99927786d3fe.jpeg HTTP/1.1" 200 11477 "-" "Dart/2.19 (dart:io)"
91.121.60.232 - - [23/Jan/2025:18:57:05 +0300] "GET /radio-kaya/send-push HTTP/2" 200 70 "-" "curl/7.61.1"
91.121.60.232 - - [23/Jan/2025:18:57:05 +0300] "GET /tuliza-fm/send-push HTTP/2" 200 70 "-" "curl/7.61.1"
91.121.60.232 - - [23/Jan/2025:18:58:05 +0300] "GET /radio-kaya/send-push HTTP/2" 200 70 "-" "curl/7.61.1"
91.121.60.232 - - [23/Jan/2025:18:58:05 +0300] "GET /tuliza-fm/send-push HTTP/2" 200 70 "-" "curl/7.61.1"
102.213.241.214 - - [23/Jan/2025:19:00:46 +0300] "GET /radio-kaya/image/app_images/53c6d090de1ac1fc79a5be96aef1b723.jpeg HTTP/1.1" 200 189675 "-" "Dart/3.5 (dart:io)"
102.213.241.214 - - [23/Jan/2025:19:00:45 +0300] "GET /radio-kaya/image/app_images/d0e07da0396d97c124f28a72f9c582ed.jpeg HTTP/1.1" 200 231755 "-" "Dart/3.5 (dart:io)"
91.121.60.232 - - [23/Jan/2025:19:01:11 +0300] "GET /tuliza-fm/send-push HTTP/2" 200 70 "-" "curl/7.61.1"
105.160.37.80 - - [23/Jan/2025:19:01:39 +0300] "GET /muoroto-fm/assets/img/logo.png HTTP/1.1" 200 92381 "-" "Dart/2.19 (dart:io)"
41.90.5.223 - - [23/Jan/2025:19:01:39 +0300] "GET /muoroto-fm/news-podcast/1 HTTP/1.1" 200 229 "-" "Dart/2.19 (dart:io)"
41.90.5.223 - - [23/Jan/2025:19:01:39 +0300] "GET /muoroto-fm/image/app_images/fdea79dad7176ac458fe99927786d3fe.jpeg HTTP/1.1" 200 11477 "-" "Dart/2.19 (dart:io)"
41.90.5.223 - - [23/Jan/2025:19:01:42 +0300] "GET /muoroto-fm/image/app_images/36347d0febcb9f5cdb48f1f5bd83ae52.jpeg HTTP/1.1" 200 190575 "-" "Dart/2.19 (dart:io)"
41.90.5.223 - - [23/Jan/2025:19:01:46 +0300] "GET /muoroto-fm/image/app_images/4bfe541a3dc19b6a64cbfddc9ad4d62d.jpeg HTTP/1.1" 200 13475 "-" "Dart/2.19 (dart:io)"
41.90.5.223 - - [23/Jan/2025:19:01:50 +0300] "GET /muoroto-fm/image/app_images/6594a2859ed4334fce7305e50a84feee.jpeg HTTP/1.1" 200 13330 "-" "Dart/2.19 (dart:io)"
41.90.5.223 - - [23/Jan/2025:19:01:54 +0300] "GET /muoroto-fm/image/app_images/1e8a153acc9808f8e86e251e67d76d7f.jpeg HTTP/1.1" 200 94947 "-" "Dart/2.19 (dart:io)"
41.90.5.223 - - [23/Jan/2025:19:01:58 +0300] "GET /muoroto-fm/image/app_images/41a743f51e8413d6b280a050463c56ea.jpeg HTTP/1.1" 200 182382 "-" "Dart/2.19 (dart:io)"
41.90.5.223 - - [23/Jan/2025:19:02:02 +0300] "GET /muoroto-fm/image/app_images/d9351b752c8367458961b74b43df65f7.jpeg HTTP/1.1" 200 241473 "-" "Dart/2.19 (dart:io)"
41.90.5.223 - - [23/Jan/2025:19:02:06 +0300] "GET /muoroto-fm/image/app_images/76117a3cc6d8fdf1ccb3aef44a59f8ec.jpeg HTTP/1.1" 200 121424 "-" "Dart/2.19 (dart:io)"
91.121.60.232 - - [23/Jan/2025:19:02:09 +0300] "GET /radio-kaya/send-push HTTP/2" 200 70 "-" "curl/7.61.1"
41.90.5.223 - - [23/Jan/2025:19:02:10 +0300] "GET /muoroto-fm/image/app_images/fdea79dad7176ac458fe99927786d3fe.jpeg HTTP/1.1" 200 11477 "-" "Dart/2.19 (dart:io)"
41.90.5.223 - - [23/Jan/2025:19:02:14 +0300] "GET /muoroto-fm/image/app_images/36347d0febcb9f5cdb48f1f5bd83ae52.jpeg HTTP/1.1" 200 190575 "-" "Dart/2.19 (dart:io)"
41.90.5.223 - - [23/Jan/2025:19:02:18 +0300] "GET /muoroto-fm/image/app_images/4bfe541a3dc19b6a64cbfddc9ad4d62d.jpeg HTTP/1.1" 200 13475 "-" "Dart/2.19 (dart:io)"
41.90.5.223 - - [23/Jan/2025:19:02:22 +0300] "GET /muoroto-fm/image/app_images/6594a2859ed4334fce7305e50a84feee.jpeg HTTP/1.1" 200 13330 "-" "Dart/2.19 (dart:io)"
41.90.5.223 - - [23/Jan/2025:19:02:26 +0300] "GET /muoroto-fm/image/app_images/1e8a153acc9808f8e86e251e67d76d7f.jpeg HTTP/1.1" 200 94947 "-" "Dart/2.19 (dart:io)"
41.90.5.223 - - [23/Jan/2025:19:02:30 +0300] "GET /muoroto-fm/image/app_images/41a743f51e8413d6b280a050463c56ea.jpeg HTTP/1.1" 200 182382 "-" "Dart/2.19 (dart:io)"
41.90.5.223 - - [23/Jan/2025:19:02:34 +0300] "GET /muoroto-fm/image/app_images/d9351b752c8367458961b74b43df65f7.jpeg HTTP/1.1" 200 241473 "-" "Dart/2.19 (dart:io)"
41.90.5.223 - - [23/Jan/2025:19:02:38 +0300] "GET /muoroto-fm/image/app_images/76117a3cc6d8fdf1ccb3aef44a59f8ec.jpeg HTTP/1.1" 200 121424 "-" "Dart/2.19 (dart:io)"
102.213.241.214 - - [23/Jan/2025:18:49:25 +0300] "GET /radio-kaya/news-podcast/1 HTTP/1.1" 200 2076 "-" "Dart/3.5 (dart:io)"
91.121.60.232 - - [23/Jan/2025:18:50:09 +0300] "GET /tuliza-fm/send-push HTTP/2" 200 70 "-" "curl/7.61.1"
91.121.60.232 - - [23/Jan/2025:18:54:12 +0300] "GET /radio-kaya/send-push HTTP/2" 200 70 "-" "curl/7.61.1"
91.121.60.232 - - [23/Jan/2025:18:54:12 +0300] "GET /tuliza-fm/send-push HTTP/2" 200 70 "-" "curl/7.61.1"
91.121.60.232 - - [23/Jan/2025:18:55:09 +0300] "GET /tuliza-fm/send-push HTTP/2" 200 70 "-" "curl/7.61.1"
41.90.35.215 - - [23/Jan/2025:18:56:55 +0300] "GET /muoroto-fm/news-podcast/1 HTTP/1.1" 200 229 "-" "Dart/2.19 (dart:io)"
74.125.217.74 - - [23/Jan/2025:18:57:48 +0300] "GET /khendo-privacy.html HTTP/1.1" 200 3840 "-" "PlayStore-Google"
74.125.217.74 - - [23/Jan/2025:18:57:53 +0300] "GET /khendo-privacy.html HTTP/1.1" 200 3840 "-" "PlayStore-Google"
91.121.60.232 - - [23/Jan/2025:18:59:04 +0300] "GET /tuliza-fm/send-push HTTP/2" 200 70 "-" "curl/7.61.1"
91.121.60.232 - - [23/Jan/2025:18:59:04 +0300] "GET /radio-kaya/send-push HTTP/2" 200 70 "-" "curl/7.61.1"
91.121.60.232 - - [23/Jan/2025:19:00:15 +0300] "GET /radio-kaya/send-push HTTP/2" 200 70 "-" "curl/7.61.1"
91.121.60.232 - - [23/Jan/2025:19:00:15 +0300] "GET /tuliza-fm/send-push HTTP/2" 200 70 "-" "curl/7.61.1"
102.213.241.214 - - [23/Jan/2025:19:00:51 +0300] "GET /radio-kaya/image/app_images/ae92195b33b098288be00c0c0f15fd6f.jpeg HTTP/1.1" 200 71512 "-" "Dart/3.5 (dart:io)"
102.213.241.214 - - [23/Jan/2025:19:00:54 +0300] "GET /radio-kaya/image/app_images/e6523160b707eea607fc6f999a09a94c.jpeg HTTP/1.1" 200 211291 "-" "Dart/3.5 (dart:io)"
91.121.60.232 - - [23/Jan/2025:19:01:11 +0300] "GET /radio-kaya/send-push HTTP/2" 200 70 "-" "curl/7.61.1"
91.121.60.232 - - [23/Jan/2025:19:02:10 +0300] "GET /tuliza-fm/send-push HTTP/2" 200 70 "-" "curl/7.61.1"
46.143.155.248 - - [23/Jan/2025:19:03:50 +0300] "GET /muoroto-fm/image/app_images/76117a3cc6d8fdf1ccb3aef44a59f8ec.jpeg HTTP/1.1" 200 121424 "-" "Dart/2.19 (dart:io)"
41.90.5.223 - - [23/Jan/2025:19:03:58 +0300] "GET /muoroto-fm/image/app_images/6594a2859ed4334fce7305e50a84feee.jpeg HTTP/1.1" 200 13330 "-" "Dart/2.19 (dart:io)"
41.90.5.223 - - [23/Jan/2025:19:04:02 +0300] "GET /muoroto-fm/image/app_images/1e8a153acc9808f8e86e251e67d76d7f.jpeg HTTP/1.1" 200 94947 "-" "Dart/2.19 (dart:io)"
91.121.60.232 - - [23/Jan/2025:19:04:03 +0300] "GET /tuliza-fm/send-push HTTP/2" 200 70 "-" "curl/7.61.1"
91.121.60.232 - - [23/Jan/2025:19:04:03 +0300] "GET /radio-kaya/send-push HTTP/2" 200 70 "-" "curl/7.61.1"
41.90.5.223 - - [23/Jan/2025:19:04:06 +0300] "GET /muoroto-fm/image/app_images/41a743f51e8413d6b280a050463c56ea.jpeg HTTP/1.1" 200 182382 "-" "Dart/2.19 (dart:io)"
41.90.5.223 - - [23/Jan/2025:19:04:10 +0300] "GET /muoroto-fm/image/app_images/d9351b752c8367458961b74b43df65f7.jpeg HTTP/1.1" 200 241473 "-" "Dart/2.19 (dart:io)"
41.90.5.223 - - [23/Jan/2025:19:04:14 +0300] "GET /muoroto-fm/image/app_images/76117a3cc6d8fdf1ccb3aef44a59f8ec.jpeg HTTP/1.1" 200 121424 "-" "Dart/2.19 (dart:io)"
41.90.5.223 - - [23/Jan/2025:19:04:18 +0300] "GET /muoroto-fm/image/app_images/fdea79dad7176ac458fe99927786d3fe.jpeg HTTP/1.1" 200 11477 "-" "Dart/2.19 (dart:io)"
41.90.5.223 - - [23/Jan/2025:19:04:22 +0300] "GET /muoroto-fm/image/app_images/36347d0febcb9f5cdb48f1f5bd83ae52.jpeg HTTP/1.1" 200 190575 "-" "Dart/2.19 (dart:io)"
41.90.5.223 - - [23/Jan/2025:19:04:26 +0300] "GET /muoroto-fm/image/app_images/4bfe541a3dc19b6a64cbfddc9ad4d62d.jpeg HTTP/1.1" 200 13475 "-" "Dart/2.19 (dart:io)"
41.90.5.223 - - [23/Jan/2025:19:04:34 +0300] "GET /muoroto-fm/image/app_images/1e8a153acc9808f8e86e251e67d76d7f.jpeg HTTP/1.1" 200 94947 "-" "Dart/2.19 (dart:io)"
41.90.5.223 - - [23/Jan/2025:19:04:38 +0300] "GET /muoroto-fm/image/app_images/41a743f51e8413d6b280a050463c56ea.jpeg HTTP/1.1" 200 182382 "-" "Dart/2.19 (dart:io)"
51.39.147.22 - - [23/Jan/2025:19:04:42 +0300] "GET /radio-kaya/news-podcast/1 HTTP/1.1" 200 2076 "-" "Dart/3.5 (dart:io)"
41.90.5.223 - - [23/Jan/2025:19:04:42 +0300] "GET /muoroto-fm/image/app_images/d9351b752c8367458961b74b43df65f7.jpeg HTTP/1.1" 200 241473 "-" "Dart/2.19 (dart:io)"
41.90.5.223 - - [23/Jan/2025:19:04:46 +0300] "GET /muoroto-fm/image/app_images/76117a3cc6d8fdf1ccb3aef44a59f8ec.jpeg HTTP/1.1" 200 121424 "-" "Dart/2.19 (dart:io)"
51.39.147.22 - - [23/Jan/2025:19:04:47 +0300] "GET /radio-kaya/image/app_images/6c1e8d00f6d26186e58248de3ce5b63d.jpeg HTTP/1.1" 200 176955 "-" "Dart/3.5 (dart:io)"
41.90.5.223 - - [23/Jan/2025:19:04:50 +0300] "GET /muoroto-fm/image/app_images/fdea79dad7176ac458fe99927786d3fe.jpeg HTTP/1.1" 200 11477 "-" "Dart/2.19 (dart:io)"
51.39.147.22 - - [23/Jan/2025:19:04:51 +0300] "GET /radio-kaya/image/app_images/d0e07da0396d97c124f28a72f9c582ed.jpeg HTTP/1.1" 200 231755 "-" "Dart/3.5 (dart:io)"
41.90.5.223 - - [23/Jan/2025:19:04:54 +0300] "GET /muoroto-fm/image/app_images/36347d0febcb9f5cdb48f1f5bd83ae52.jpeg HTTP/1.1" 200 190575 "-" "Dart/2.19 (dart:io)"
51.39.147.22 - - [23/Jan/2025:19:04:56 +0300] "GET /radio-kaya/image/app_images/ae92195b33b098288be00c0c0f15fd6f.jpeg HTTP/1.1" 200 71512 "-" "Dart/3.5 (dart:io)"
41.90.5.223 - - [23/Jan/2025:19:04:58 +0300] "GET /muoroto-fm/image/app_images/4bfe541a3dc19b6a64cbfddc9ad4d62d.jpeg HTTP/1.1" 200 13475 "-" "Dart/2.19 (dart:io)"
41.90.5.223 - - [23/Jan/2025:19:05:02 +0300] "GET /muoroto-fm/image/app_images/6594a2859ed4334fce7305e50a84feee.jpeg HTTP/1.1" 200 13330 "-" "Dart/2.19 (dart:io)"
51.39.147.22 - - [23/Jan/2025:19:05:01 +0300] "GET /radio-kaya/image/app_images/e6523160b707eea607fc6f999a09a94c.jpeg HTTP/1.1" 200 211291 "-" "Dart/3.5 (dart:io)"
51.39.147.22 - - [23/Jan/2025:19:05:06 +0300] "GET /radio-kaya/image/app_images/e83168c87b139aac4a42eae24c67ad3a.jpeg HTTP/1.1" 200 401010 "-" "Dart/3.5 (dart:io)"
91.121.60.232 - - [23/Jan/2025:19:05:11 +0300] "GET /tuliza-fm/send-push HTTP/2" 200 70 "-" "curl/7.61.1"
41.90.5.223 - - [23/Jan/2025:19:05:34 +0300] "GET /muoroto-fm/image/app_images/6594a2859ed4334fce7305e50a84feee.jpeg HTTP/1.1" 200 13330 "-" "Dart/2.19 (dart:io)"
41.90.5.223 - - [23/Jan/2025:19:05:38 +0300] "GET /muoroto-fm/image/app_images/1e8a153acc9808f8e86e251e67d76d7f.jpeg HTTP/1.1" 200 94947 "-" "Dart/2.19 (dart:io)"
51.39.147.22 - - [23/Jan/2025:19:05:41 +0300] "GET /radio-kaya/image/app_images/00063af6a5c3be4d885d3c4eeca12d58.jpeg HTTP/1.1" 500 2271 "-" "Dart/3.5 (dart:io)"
41.90.5.223 - - [23/Jan/2025:19:05:42 +0300] "GET /muoroto-fm/image/app_images/41a743f51e8413d6b280a050463c56ea.jpeg HTTP/1.1" 200 182382 "-" "Dart/2.19 (dart:io)"
41.90.5.223 - - [23/Jan/2025:19:05:46 +0300] "GET /muoroto-fm/image/app_images/d9351b752c8367458961b74b43df65f7.jpeg HTTP/1.1" 200 241473 "-" "Dart/2.19 (dart:io)"
41.90.5.223 - - [23/Jan/2025:19:05:50 +0300] "GET /muoroto-fm/image/app_images/76117a3cc6d8fdf1ccb3aef44a59f8ec.jpeg HTTP/1.1" 200 121424 "-" "Dart/2.19 (dart:io)"
41.90.5.223 - - [23/Jan/2025:19:05:54 +0300] "GET /muoroto-fm/image/app_images/fdea79dad7176ac458fe99927786d3fe.jpeg HTTP/1.1" 200 11477 "-" "Dart/2.19 (dart:io)"
41.90.5.223 - - [23/Jan/2025:19:05:58 +0300] "GET /muoroto-fm/image/app_images/36347d0febcb9f5cdb48f1f5bd83ae52.jpeg HTTP/1.1" 200 190575 "-" "Dart/2.19 (dart:io)"
41.90.5.223 - - [23/Jan/2025:19:06:02 +0300] "GET /muoroto-fm/image/app_images/4bfe541a3dc19b6a64cbfddc9ad4d62d.jpeg HTTP/1.1" 200 13475 "-" "Dart/2.19 (dart:io)"
51.39.147.22 - - [23/Jan/2025:19:06:17 +0300] "GET /radio-kaya/image/app_images/cf8c510fbe97e70405b84b770d2b4ea7.jpeg HTTP/1.1" 200 301037 "-" "Dart/3.5 (dart:io)"
51.39.147.22 - - [23/Jan/2025:19:06:21 +0300] "GET /radio-kaya/image/app_images/e6aff8951c6fede61f120ef52f6cea42.jpeg HTTP/1.1" 200 8071081 "-" "Dart/3.5 (dart:io)"
91.121.60.232 - - [23/Jan/2025:19:07:06 +0300] "GET /tuliza-fm/send-push HTTP/2" 200 70 "-" "curl/7.61.1"
91.121.60.232 - - [23/Jan/2025:19:08:07 +0300] "GET /tuliza-fm/send-push HTTP/2" 200 70 "-" "curl/7.61.1"
91.121.60.232 - - [23/Jan/2025:19:09:07 +0300] "GET /radio-kaya/send-push HTTP/2" 200 70 "-" "curl/7.61.1"
41.90.5.223 - - [23/Jan/2025:19:02:42 +0300] "GET /muoroto-fm/image/app_images/fdea79dad7176ac458fe99927786d3fe.jpeg HTTP/1.1" 200 11477 "-" "Dart/2.19 (dart:io)"
41.90.5.223 - - [23/Jan/2025:19:02:46 +0300] "GET /muoroto-fm/image/app_images/36347d0febcb9f5cdb48f1f5bd83ae52.jpeg HTTP/1.1" 200 190575 "-" "Dart/2.19 (dart:io)"
41.90.5.223 - - [23/Jan/2025:19:02:50 +0300] "GET /muoroto-fm/image/app_images/4bfe541a3dc19b6a64cbfddc9ad4d62d.jpeg HTTP/1.1" 200 13475 "-" "Dart/2.19 (dart:io)"
41.90.5.223 - - [23/Jan/2025:19:02:54 +0300] "GET /muoroto-fm/image/app_images/6594a2859ed4334fce7305e50a84feee.jpeg HTTP/1.1" 200 13330 "-" "Dart/2.19 (dart:io)"
41.90.5.223 - - [23/Jan/2025:19:02:58 +0300] "GET /muoroto-fm/image/app_images/1e8a153acc9808f8e86e251e67d76d7f.jpeg HTTP/1.1" 200 94947 "-" "Dart/2.19 (dart:io)"
41.90.5.223 - - [23/Jan/2025:19:03:02 +0300] "GET /muoroto-fm/image/app_images/41a743f51e8413d6b280a050463c56ea.jpeg HTTP/1.1" 200 182382 "-" "Dart/2.19 (dart:io)"
91.121.60.232 - - [23/Jan/2025:19:03:04 +0300] "GET /radio-kaya/send-push HTTP/2" 200 70 "-" "curl/7.61.1"
91.121.60.232 - - [23/Jan/2025:19:03:04 +0300] "GET /tuliza-fm/send-push HTTP/2" 200 70 "-" "curl/7.61.1"
41.90.5.223 - - [23/Jan/2025:19:03:06 +0300] "GET /muoroto-fm/image/app_images/d9351b752c8367458961b74b43df65f7.jpeg HTTP/1.1" 200 241473 "-" "Dart/2.19 (dart:io)"
41.90.5.223 - - [23/Jan/2025:19:03:10 +0300] "GET /muoroto-fm/image/app_images/76117a3cc6d8fdf1ccb3aef44a59f8ec.jpeg HTTP/1.1" 200 121424 "-" "Dart/2.19 (dart:io)"
41.90.5.223 - - [23/Jan/2025:19:03:14 +0300] "GET /muoroto-fm/image/app_images/fdea79dad7176ac458fe99927786d3fe.jpeg HTTP/1.1" 200 11477 "-" "Dart/2.19 (dart:io)"
41.90.5.223 - - [23/Jan/2025:19:03:18 +0300] "GET /muoroto-fm/image/app_images/36347d0febcb9f5cdb48f1f5bd83ae52.jpeg HTTP/1.1" 200 190575 "-" "Dart/2.19 (dart:io)"
41.90.5.223 - - [23/Jan/2025:19:03:22 +0300] "GET /muoroto-fm/image/app_images/4bfe541a3dc19b6a64cbfddc9ad4d62d.jpeg HTTP/1.1" 200 13475 "-" "Dart/2.19 (dart:io)"
41.90.5.223 - - [23/Jan/2025:19:03:26 +0300] "GET /muoroto-fm/image/app_images/6594a2859ed4334fce7305e50a84feee.jpeg HTTP/1.1" 200 13330 "-" "Dart/2.19 (dart:io)"
41.90.5.223 - - [23/Jan/2025:19:03:30 +0300] "GET /muoroto-fm/image/app_images/1e8a153acc9808f8e86e251e67d76d7f.jpeg HTTP/1.1" 200 94947 "-" "Dart/2.19 (dart:io)"
41.90.5.223 - - [23/Jan/2025:19:03:34 +0300] "GET /muoroto-fm/image/app_images/41a743f51e8413d6b280a050463c56ea.jpeg HTTP/1.1" 200 182382 "-" "Dart/2.19 (dart:io)"
46.143.155.248 - - [23/Jan/2025:19:03:49 +0300] "GET /muoroto-fm/image/app_images/d9351b752c8367458961b74b43df65f7.jpeg HTTP/1.1" 200 241473 "-" "Dart/2.19 (dart:io)"
51.39.147.22 - - [23/Jan/2025:19:04:47 +0300] "GET /radio-kaya/image/app_images/53c6d090de1ac1fc79a5be96aef1b723.jpeg HTTP/1.1" 200 189675 "-" "Dart/3.5 (dart:io)"
129.222.187.232 - - [23/Jan/2025:19:04:57 +0300] "GET /muoroto-fm/news-podcast/1 HTTP/1.1" 200 229 "-" "Dart/2.19 (dart:io)"
91.121.60.232 - - [23/Jan/2025:19:05:11 +0300] "GET /radio-kaya/send-push HTTP/2" 200 172 "-" "curl/7.61.1"
51.39.147.22 - - [23/Jan/2025:19:05:41 +0300] "GET /radio-kaya/image/app_images/ca2add8f43f3cdf6afff29778d58ab41.jpeg HTTP/1.1" 200 173948 "-" "Dart/3.5 (dart:io)"
91.121.60.232 - - [23/Jan/2025:19:06:09 +0300] "GET /tuliza-fm/send-push HTTP/2" 200 70 "-" "curl/7.61.1"
91.121.60.232 - - [23/Jan/2025:19:06:10 +0300] "GET /radio-kaya/send-push HTTP/2" 200 70 "-" "curl/7.61.1"
51.39.147.22 - - [23/Jan/2025:19:06:28 +0300] "GET /radio-kaya/image/app_images/230bef51dbd5f9be8e5be7939434f68b.jpeg HTTP/1.1" 200 145026 "-" "Dart/3.5 (dart:io)"
91.121.60.232 - - [23/Jan/2025:19:07:06 +0300] "GET /radio-kaya/send-push HTTP/2" 200 70 "-" "curl/7.61.1"
91.121.60.232 - - [23/Jan/2025:19:08:07 +0300] "GET /radio-kaya/send-push HTTP/2" 200 70 "-" "curl/7.61.1"
91.121.60.232 - - [23/Jan/2025:19:10:09 +0300] "GET /tuliza-fm/send-push HTTP/2" 200 70 "-" "curl/7.61.1"
154.79.158.137 - - [23/Jan/2025:19:10:59 +0300] "GET /muoroto-fm/assets/img/logo.png HTTP/1.1" 200 92381 "-" "Dart/2.19 (dart:io)"
91.121.60.232 - - [23/Jan/2025:19:11:05 +0300] "GET /tuliza-fm/send-push HTTP/2" 200 70 "-" "curl/7.61.1"
91.121.60.232 - - [23/Jan/2025:19:12:04 +0300] "GET /radio-kaya/send-push HTTP/2" 200 70 "-" "curl/7.61.1"
91.121.60.232 - - [23/Jan/2025:19:12:04 +0300] "GET /tuliza-fm/send-push HTTP/2" 200 70 "-" "curl/7.61.1"
154.159.252.245 - - [23/Jan/2025:19:12:04 +0300] "GET /muoroto-fm/image/app_images/36347d0febcb9f5cdb48f1f5bd83ae52.jpeg HTTP/1.1" 200 190575 "-" "Dart/2.19 (dart:io)"
196.96.33.81 - - [23/Jan/2025:19:12:51 +0300] "GET /radio-kaya/image/app_images/ae92195b33b098288be00c0c0f15fd6f.jpeg HTTP/1.1" 200 71512 "-" "Dart/3.5 (dart:io)"
196.96.33.81 - - [23/Jan/2025:19:12:53 +0300] "GET /radio-kaya/image/app_images/e6523160b707eea607fc6f999a09a94c.jpeg HTTP/1.1" 200 211291 "-" "Dart/3.5 (dart:io)"
196.96.33.81 - - [23/Jan/2025:19:12:58 +0300] "GET /radio-kaya/image/app_images/e83168c87b139aac4a42eae24c67ad3a.jpeg HTTP/1.1" 200 401010 "-" "Dart/3.5 (dart:io)"
91.121.60.232 - - [23/Jan/2025:19:13:04 +0300] "GET /tuliza-fm/send-push HTTP/2" 200 70 "-" "curl/7.61.1"
91.121.60.232 - - [23/Jan/2025:19:13:04 +0300] "GET /radio-kaya/send-push HTTP/2" 200 70 "-" "curl/7.61.1"
196.96.33.81 - - [23/Jan/2025:19:13:07 +0300] "GET /radio-kaya/image/app_images/cf8c510fbe97e70405b84b770d2b4ea7.jpeg HTTP/1.1" 200 301037 "-" "Dart/3.5 (dart:io)"
196.96.33.81 - - [23/Jan/2025:19:13:08 +0300] "GET /radio-kaya/image/app_images/e6aff8951c6fede61f120ef52f6cea42.jpeg HTTP/1.1" 200 8071081 "-" "Dart/3.5 (dart:io)"
196.96.33.81 - - [23/Jan/2025:19:13:13 +0300] "GET /radio-kaya/image/app_images/230bef51dbd5f9be8e5be7939434f68b.jpeg HTTP/1.1" 200 145026 "-" "Dart/3.5 (dart:io)"
196.96.33.81 - - [23/Jan/2025:19:13:13 +0300] "GET /radio-kaya/image/app_images/b8bb6104f88200aafbea532743a313ec.jpeg HTTP/1.1" 200 97711 "-" "Dart/3.5 (dart:io)"
196.96.33.81 - - [23/Jan/2025:19:13:23 +0300] "GET /radio-kaya/image/app_images/00063af6a5c3be4d885d3c4eeca12d58.jpeg HTTP/1.1" 500 2271 "-" "Dart/3.5 (dart:io)"
196.96.33.81 - - [23/Jan/2025:19:13:29 +0300] "GET /radio-kaya/image/app_images/6c1e8d00f6d26186e58248de3ce5b63d.jpeg HTTP/1.1" 200 176955 "-" "Dart/3.5 (dart:io)"
41.90.5.223 - - [23/Jan/2025:19:14:02 +0300] "GET /muoroto-fm/image/app_images/fdea79dad7176ac458fe99927786d3fe.jpeg HTTP/1.1" 200 11477 "-" "Dart/2.19 (dart:io)"
91.121.60.232 - - [23/Jan/2025:19:14:03 +0300] "GET /radio-kaya/send-push HTTP/2" 200 70 "-" "curl/7.61.1"
91.121.60.232 - - [23/Jan/2025:19:14:03 +0300] "GET /tuliza-fm/send-push HTTP/2" 200 70 "-" "curl/7.61.1"
91.121.60.232 - - [23/Jan/2025:19:15:07 +0300] "GET /tuliza-fm/send-push HTTP/2" 200 70 "-" "curl/7.61.1"
41.209.10.114 - - [23/Jan/2025:19:15:54 +0300] "GET /muoroto-fm/image/app_images/4bfe541a3dc19b6a64cbfddc9ad4d62d.jpeg HTTP/1.1" 200 13475 "-" "Dart/2.19 (dart:io)"
91.121.60.232 - - [23/Jan/2025:19:16:09 +0300] "GET /radio-kaya/send-push HTTP/2" 200 70 "-" "curl/7.61.1"
91.121.60.232 - - [23/Jan/2025:19:16:09 +0300] "GET /tuliza-fm/send-push HTTP/2" 200 70 "-" "curl/7.61.1"
91.121.60.232 - - [23/Jan/2025:19:18:03 +0300] "GET /radio-kaya/send-push HTTP/2" 200 70 "-" "curl/7.61.1"
91.121.60.232 - - [23/Jan/2025:19:19:04 +0300] "GET /tuliza-fm/send-push HTTP/2" 200 70 "-" "curl/7.61.1"
91.121.60.232 - - [23/Jan/2025:19:19:04 +0300] "GET /radio-kaya/send-push HTTP/2" 200 70 "-" "curl/7.61.1"
91.121.60.232 - - [23/Jan/2025:19:21:05 +0300] "GET /radio-kaya/send-push HTTP/2" 200 70 "-" "curl/7.61.1"
91.121.60.232 - - [23/Jan/2025:19:22:04 +0300] "GET /radio-kaya/send-push HTTP/2" 200 70 "-" "curl/7.61.1"
91.121.60.232 - - [23/Jan/2025:19:23:05 +0300] "GET /radio-kaya/send-push HTTP/2" 200 70 "-" "curl/7.61.1"
91.121.60.232 - - [23/Jan/2025:19:24:05 +0300] "GET /radio-kaya/send-push HTTP/2" 200 70 "-" "curl/7.61.1"
91.121.60.232 - - [23/Jan/2025:19:25:07 +0300] "GET /radio-kaya/send-push HTTP/2" 200 70 "-" "curl/7.61.1"
91.121.60.232 - - [23/Jan/2025:19:26:06 +0300] "GET /radio-kaya/send-push HTTP/2" 200 70 "-" "curl/7.61.1"
91.121.60.232 - - [23/Jan/2025:19:09:07 +0300] "GET /tuliza-fm/send-push HTTP/2" 200 70 "-" "curl/7.61.1"
91.121.60.232 - - [23/Jan/2025:19:10:09 +0300] "GET /radio-kaya/send-push HTTP/2" 200 70 "-" "curl/7.61.1"
154.79.158.137 - - [23/Jan/2025:19:10:58 +0300] "GET /muoroto-fm/news-podcast/1 HTTP/1.1" 200 229 "-" "Dart/2.19 (dart:io)"
154.79.158.137 - - [23/Jan/2025:19:11:00 +0300] "GET /muoroto-fm/image/app_images/fdea79dad7176ac458fe99927786d3fe.jpeg HTTP/1.1" 200 11477 "-" "Dart/2.19 (dart:io)"
91.121.60.232 - - [23/Jan/2025:19:11:05 +0300] "GET /radio-kaya/send-push HTTP/2" 200 70 "-" "curl/7.61.1"
154.159.252.245 - - [23/Jan/2025:19:12:03 +0300] "GET /muoroto-fm/news-podcast/1 HTTP/1.1" 200 229 "-" "Dart/2.19 (dart:io)"
154.159.252.245 - - [23/Jan/2025:19:12:04 +0300] "GET /muoroto-fm/image/app_images/fdea79dad7176ac458fe99927786d3fe.jpeg HTTP/1.1" 200 11477 "-" "Dart/2.19 (dart:io)"
154.159.252.245 - - [23/Jan/2025:19:12:07 +0300] "GET /muoroto-fm/image/app_images/4bfe541a3dc19b6a64cbfddc9ad4d62d.jpeg HTTP/1.1" 200 13475 "-" "Dart/2.19 (dart:io)"
196.96.33.81 - - [23/Jan/2025:19:13:28 +0300] "GET /radio-kaya/image/app_images/ca2add8f43f3cdf6afff29778d58ab41.jpeg HTTP/1.1" 200 173948 "-" "Dart/3.5 (dart:io)"
41.90.5.223 - - [23/Jan/2025:19:14:01 +0300] "GET /muoroto-fm/news-podcast/1 HTTP/1.1" 200 229 "-" "Dart/2.19 (dart:io)"
91.121.60.232 - - [23/Jan/2025:19:15:07 +0300] "GET /radio-kaya/send-push HTTP/2" 200 70 "-" "curl/7.61.1"
41.209.10.114 - - [23/Jan/2025:19:15:38 +0300] "GET /muoroto-fm/news-podcast/1 HTTP/1.1" 200 229 "-" "Dart/2.19 (dart:io)"
41.209.10.114 - - [23/Jan/2025:19:15:40 +0300] "GET /muoroto-fm/image/app_images/fdea79dad7176ac458fe99927786d3fe.jpeg HTTP/1.1" 200 11477 "-" "Dart/2.19 (dart:io)"
41.209.10.114 - - [23/Jan/2025:19:15:37 +0300] "GET /muoroto-fm/assets/img/logo.png HTTP/1.1" 200 92381 "-" "Dart/2.19 (dart:io)"
41.209.10.114 - - [23/Jan/2025:19:15:56 +0300] "GET /muoroto-fm/image/app_images/6594a2859ed4334fce7305e50a84feee.jpeg HTTP/1.1" 200 13330 "-" "Dart/2.19 (dart:io)"
41.209.10.114 - - [23/Jan/2025:19:15:59 +0300] "GET /muoroto-fm/image/app_images/1e8a153acc9808f8e86e251e67d76d7f.jpeg HTTP/1.1" 200 94947 "-" "Dart/2.19 (dart:io)"
41.209.10.114 - - [23/Jan/2025:19:15:47 +0300] "GET /muoroto-fm/image/app_images/36347d0febcb9f5cdb48f1f5bd83ae52.jpeg HTTP/1.1" 200 190575 "-" "Dart/2.19 (dart:io)"
91.121.60.232 - - [23/Jan/2025:19:17:04 +0300] "GET /tuliza-fm/send-push HTTP/2" 200 70 "-" "curl/7.61.1"
91.121.60.232 - - [23/Jan/2025:19:17:04 +0300] "GET /radio-kaya/send-push HTTP/2" 200 70 "-" "curl/7.61.1"
91.121.60.232 - - [23/Jan/2025:19:18:03 +0300] "GET /tuliza-fm/send-push HTTP/2" 200 70 "-" "curl/7.61.1"
91.121.60.232 - - [23/Jan/2025:19:20:07 +0300] "GET /tuliza-fm/send-push HTTP/2" 200 70 "-" "curl/7.61.1"
91.121.60.232 - - [23/Jan/2025:19:20:06 +0300] "GET /radio-kaya/send-push HTTP/2" 200 70 "-" "curl/7.61.1"
91.121.60.232 - - [23/Jan/2025:19:21:05 +0300] "GET /tuliza-fm/send-push HTTP/2" 200 70 "-" "curl/7.61.1"
91.121.60.232 - - [23/Jan/2025:19:22:04 +0300] "GET /tuliza-fm/send-push HTTP/2" 200 70 "-" "curl/7.61.1"
91.121.60.232 - - [23/Jan/2025:19:23:05 +0300] "GET /tuliza-fm/send-push HTTP/2" 200 70 "-" "curl/7.61.1"
91.121.60.232 - - [23/Jan/2025:19:24:05 +0300] "GET /tuliza-fm/send-push HTTP/2" 200 70 "-" "curl/7.61.1"
91.121.60.232 - - [23/Jan/2025:19:25:08 +0300] "GET /tuliza-fm/send-push HTTP/2" 200 70 "-" "curl/7.61.1"
91.121.60.232 - - [23/Jan/2025:19:26:06 +0300] "GET /tuliza-fm/send-push HTTP/2" 200 70 "-" "curl/7.61.1"
91.121.60.232 - - [23/Jan/2025:19:27:04 +0300] "GET /tuliza-fm/send-push HTTP/2" 200 70 "-" "curl/7.61.1"
91.121.60.232 - - [23/Jan/2025:19:27:05 +0300] "GET /radio-kaya/send-push HTTP/2" 200 70 "-" "curl/7.61.1"
91.121.60.232 - - [23/Jan/2025:19:28:05 +0300] "GET /tuliza-fm/send-push HTTP/2" 200 70 "-" "curl/7.61.1"
91.121.60.232 - - [23/Jan/2025:19:28:05 +0300] "GET /radio-kaya/send-push HTTP/2" 200 70 "-" "curl/7.61.1"
91.121.60.232 - - [23/Jan/2025:19:29:07 +0300] "GET /radio-kaya/send-push HTTP/2" 200 70 "-" "curl/7.61.1"
41.209.10.114 - - [23/Jan/2025:19:28:12 +0300] "GET /muoroto-fm/image/app_images/41a743f51e8413d6b280a050463c56ea.jpeg HTTP/1.1" 200 182382 "-" "Dart/2.19 (dart:io)"
41.209.10.114 - - [23/Jan/2025:19:28:19 +0300] "GET /muoroto-fm/image/app_images/d9351b752c8367458961b74b43df65f7.jpeg HTTP/1.1" 200 241473 "-" "Dart/2.19 (dart:io)"
91.121.60.232 - - [23/Jan/2025:19:29:07 +0300] "GET /tuliza-fm/send-push HTTP/2" 200 70 "-" "curl/7.61.1"
91.121.60.232 - - [23/Jan/2025:19:30:11 +0300] "GET /tuliza-fm/send-push HTTP/2" 200 70 "-" "curl/7.61.1"
91.121.60.232 - - [23/Jan/2025:19:30:11 +0300] "GET /radio-kaya/send-push HTTP/2" 200 70 "-" "curl/7.61.1"
91.121.60.232 - - [23/Jan/2025:19:31:05 +0300] "GET /tuliza-fm/send-push HTTP/2" 200 70 "-" "curl/7.61.1"
91.121.60.232 - - [23/Jan/2025:19:32:17 +0300] "GET /tuliza-fm/send-push HTTP/2" 200 70 "-" "curl/7.61.1"
91.121.60.232 - - [23/Jan/2025:19:33:25 +0300] "GET /tuliza-fm/send-push HTTP/2" 200 70 "-" "curl/7.61.1"
41.81.186.218 - - [23/Jan/2025:19:33:36 +0300] "GET /radio-kaya/news-podcast/1 HTTP/1.1" 200 2076 "-" "Dart/3.2 (dart:io)"
105.161.142.152 - - [23/Jan/2025:19:33:42 +0300] "GET /radio-kaya/news-podcast/1 HTTP/1.1" 200 2076 "-" "Dart/3.5 (dart:io)"
105.161.142.152 - - [23/Jan/2025:19:33:43 +0300] "GET /radio-kaya/image/app_images/6c1e8d00f6d26186e58248de3ce5b63d.jpeg HTTP/1.1" 200 176955 "-" "Dart/3.5 (dart:io)"
105.161.142.152 - - [23/Jan/2025:19:33:46 +0300] "GET /radio-kaya/image/app_images/53c6d090de1ac1fc79a5be96aef1b723.jpeg HTTP/1.1" 200 189675 "-" "Dart/3.5 (dart:io)"
105.161.142.152 - - [23/Jan/2025:19:33:51 +0300] "GET /radio-kaya/image/app_images/d0e07da0396d97c124f28a72f9c582ed.jpeg HTTP/1.1" 200 231755 "-" "Dart/3.5 (dart:io)"
105.161.142.152 - - [23/Jan/2025:19:33:56 +0300] "GET /radio-kaya/image/app_images/ae92195b33b098288be00c0c0f15fd6f.jpeg HTTP/1.1" 200 71512 "-" "Dart/3.5 (dart:io)"
105.161.142.152 - - [23/Jan/2025:19:34:01 +0300] "GET /radio-kaya/image/app_images/e6523160b707eea607fc6f999a09a94c.jpeg HTTP/1.1" 200 211291 "-" "Dart/3.5 (dart:io)"
105.161.142.152 - - [23/Jan/2025:19:34:06 +0300] "GET /radio-kaya/image/app_images/e83168c87b139aac4a42eae24c67ad3a.jpeg HTTP/1.1" 200 401010 "-" "Dart/3.5 (dart:io)"
41.81.186.218 - - [23/Jan/2025:19:34:08 +0300] "GET /radio-kaya/image/app_images/230bef51dbd5f9be8e5be7939434f68b.jpeg HTTP/1.1" 200 145026 "-" "Dart/3.2 (dart:io)"
105.161.142.152 - - [23/Jan/2025:19:34:11 +0300] "GET /radio-kaya/image/app_images/cf8c510fbe97e70405b84b770d2b4ea7.jpeg HTTP/1.1" 200 301037 "-" "Dart/3.5 (dart:io)"
41.81.186.218 - - [23/Jan/2025:19:34:19 +0300] "GET /radio-kaya/image/app_images/ca2add8f43f3cdf6afff29778d58ab41.jpeg HTTP/1.1" 200 173948 "-" "Dart/3.2 (dart:io)"
105.161.142.152 - - [23/Jan/2025:19:34:16 +0300] "GET /radio-kaya/image/app_images/e6aff8951c6fede61f120ef52f6cea42.jpeg HTTP/1.1" 200 8071081 "-" "Dart/3.5 (dart:io)"
105.161.142.152 - - [23/Jan/2025:19:34:28 +0300] "GET /radio-kaya/image/app_images/b8bb6104f88200aafbea532743a313ec.jpeg HTTP/1.1" 200 97711 "-" "Dart/3.5 (dart:io)"
154.159.254.61 - - [23/Jan/2025:19:34:30 +0300] "GET /radio-kaya/news-podcast/1 HTTP/1.1" 200 2076 "-" "Dart/3.5 (dart:io)"
105.161.142.152 - - [23/Jan/2025:19:34:31 +0300] "GET /radio-kaya/image/app_images/00063af6a5c3be4d885d3c4eeca12d58.jpeg HTTP/1.1" 500 2271 "-" "Dart/3.5 (dart:io)"
91.121.60.232 - - [23/Jan/2025:19:35:11 +0300] "GET /radio-kaya/send-push HTTP/2" 200 70 "-" "curl/7.61.1"
91.121.60.232 - - [23/Jan/2025:19:36:06 +0300] "GET /tuliza-fm/send-push HTTP/2" 200 70 "-" "curl/7.61.1"
102.213.241.214 - - [23/Jan/2025:19:36:19 +0300] "GET /radio-kaya/image/app_images/cf8c510fbe97e70405b84b770d2b4ea7.jpeg HTTP/1.1" 200 301037 "-" "Dart/3.5 (dart:io)"
91.121.60.232 - - [23/Jan/2025:19:37:05 +0300] "GET /tuliza-fm/send-push HTTP/2" 200 70 "-" "curl/7.61.1"
91.121.60.232 - - [23/Jan/2025:19:37:05 +0300] "GET /radio-kaya/send-push HTTP/2" 200 70 "-" "curl/7.61.1"
41.81.149.247 - - [23/Jan/2025:19:37:20 +0300] "GET /muoroto-fm/assets/img/logo.png HTTP/1.1" 200 92381 "-" "Dart/2.19 (dart:io)"
91.121.60.232 - - [23/Jan/2025:19:31:05 +0300] "GET /radio-kaya/send-push HTTP/2" 200 70 "-" "curl/7.61.1"
91.121.60.232 - - [23/Jan/2025:19:32:17 +0300] "GET /radio-kaya/send-push HTTP/2" 200 70 "-" "curl/7.61.1"
91.121.60.232 - - [23/Jan/2025:19:33:25 +0300] "GET /radio-kaya/send-push HTTP/2" 200 70 "-" "curl/7.61.1"
41.81.186.218 - - [23/Jan/2025:19:33:38 +0300] "GET /radio-kaya/image/app_images/6c1e8d00f6d26186e58248de3ce5b63d.jpeg HTTP/1.1" 200 176955 "-" "Dart/3.2 (dart:io)"
41.81.186.218 - - [23/Jan/2025:19:33:40 +0300] "GET /radio-kaya/image/app_images/53c6d090de1ac1fc79a5be96aef1b723.jpeg HTTP/1.1" 200 189675 "-" "Dart/3.2 (dart:io)"
41.81.186.218 - - [23/Jan/2025:19:33:43 +0300] "GET /radio-kaya/image/app_images/d0e07da0396d97c124f28a72f9c582ed.jpeg HTTP/1.1" 200 231755 "-" "Dart/3.2 (dart:io)"
41.81.186.218 - - [23/Jan/2025:19:33:48 +0300] "GET /radio-kaya/image/app_images/ae92195b33b098288be00c0c0f15fd6f.jpeg HTTP/1.1" 200 71512 "-" "Dart/3.2 (dart:io)"
41.81.186.218 - - [23/Jan/2025:19:33:52 +0300] "GET /radio-kaya/image/app_images/e6523160b707eea607fc6f999a09a94c.jpeg HTTP/1.1" 200 211291 "-" "Dart/3.2 (dart:io)"
41.81.186.218 - - [23/Jan/2025:19:33:55 +0300] "GET /radio-kaya/image/app_images/e83168c87b139aac4a42eae24c67ad3a.jpeg HTTP/1.1" 200 401010 "-" "Dart/3.2 (dart:io)"
41.81.186.218 - - [23/Jan/2025:19:34:00 +0300] "GET /radio-kaya/image/app_images/cf8c510fbe97e70405b84b770d2b4ea7.jpeg HTTP/1.1" 200 301037 "-" "Dart/3.2 (dart:io)"
41.81.186.218 - - [23/Jan/2025:19:34:03 +0300] "GET /radio-kaya/image/app_images/e6aff8951c6fede61f120ef52f6cea42.jpeg HTTP/1.1" 200 8071081 "-" "Dart/3.2 (dart:io)"
41.81.186.218 - - [23/Jan/2025:19:34:11 +0300] "GET /radio-kaya/image/app_images/b8bb6104f88200aafbea532743a313ec.jpeg HTTP/1.1" 200 97711 "-" "Dart/3.2 (dart:io)"
91.121.60.232 - - [23/Jan/2025:19:34:11 +0300] "GET /radio-kaya/send-push HTTP/2" 200 70 "-" "curl/7.61.1"
91.121.60.232 - - [23/Jan/2025:19:34:11 +0300] "GET /tuliza-fm/send-push HTTP/2" 200 70 "-" "curl/7.61.1"
41.81.186.218 - - [23/Jan/2025:19:34:15 +0300] "GET /radio-kaya/image/app_images/00063af6a5c3be4d885d3c4eeca12d58.jpeg HTTP/1.1" 500 2271 "-" "Dart/3.2 (dart:io)"
105.161.142.152 - - [23/Jan/2025:19:34:25 +0300] "GET /radio-kaya/image/app_images/230bef51dbd5f9be8e5be7939434f68b.jpeg HTTP/1.1" 200 145026 "-" "Dart/3.5 (dart:io)"
154.159.254.61 - - [23/Jan/2025:19:34:31 +0300] "GET /radio-kaya/image/app_images/6c1e8d00f6d26186e58248de3ce5b63d.jpeg HTTP/1.1" 200 176955 "-" "Dart/3.5 (dart:io)"
91.121.60.232 - - [23/Jan/2025:19:35:10 +0300] "GET /tuliza-fm/send-push HTTP/2" 200 70 "-" "curl/7.61.1"
91.121.60.232 - - [23/Jan/2025:19:36:06 +0300] "GET /radio-kaya/send-push HTTP/2" 200 70 "-" "curl/7.61.1"
102.213.241.214 - - [23/Jan/2025:19:36:14 +0300] "GET /radio-kaya/image/app_images/e83168c87b139aac4a42eae24c67ad3a.jpeg HTTP/1.1" 200 401010 "-" "Dart/3.5 (dart:io)"
102.213.241.214 - - [23/Jan/2025:19:36:27 +0300] "GET /radio-kaya/image/app_images/230bef51dbd5f9be8e5be7939434f68b.jpeg HTTP/1.1" 200 145026 "-" "Dart/3.5 (dart:io)"
41.81.149.247 - - [23/Jan/2025:19:37:21 +0300] "GET /muoroto-fm/image/app_images/fdea79dad7176ac458fe99927786d3fe.jpeg HTTP/1.1" 200 11477 "-" "Dart/2.19 (dart:io)"
91.121.60.232 - - [23/Jan/2025:19:38:04 +0300] "GET /radio-kaya/send-push HTTP/2" 200 70 "-" "curl/7.61.1"
91.121.60.232 - - [23/Jan/2025:19:39:05 +0300] "GET /radio-kaya/send-push HTTP/2" 200 70 "-" "curl/7.61.1"
91.121.60.232 - - [23/Jan/2025:19:41:04 +0300] "GET /tuliza-fm/send-push HTTP/2" 200 70 "-" "curl/7.61.1"
102.209.76.14 - - [23/Jan/2025:19:42:20 +0300] "GET /muoroto-fm/image/app_images/d9351b752c8367458961b74b43df65f7.jpeg HTTP/1.1" 200 65536 "-" "Dart/2.19 (dart:io)"
91.121.60.232 - - [23/Jan/2025:19:43:04 +0300] "GET /radio-kaya/send-push HTTP/2" 200 70 "-" "curl/7.61.1"
129.222.187.232 - - [23/Jan/2025:19:43:13 +0300] "GET /muoroto-fm/news-podcast/1 HTTP/1.1" 200 229 "-" "Dart/2.19 (dart:io)"
41.81.149.247 - - [23/Jan/2025:19:37:20 +0300] "GET /muoroto-fm/news-podcast/1 HTTP/1.1" 200 229 "-" "Dart/2.19 (dart:io)"
41.81.149.247 - - [23/Jan/2025:19:37:40 +0300] "GET /muoroto-fm/image/app_images/36347d0febcb9f5cdb48f1f5bd83ae52.jpeg HTTP/1.1" 200 190575 "-" "Dart/2.19 (dart:io)"
41.81.149.247 - - [23/Jan/2025:19:37:43 +0300] "GET /muoroto-fm/image/app_images/4bfe541a3dc19b6a64cbfddc9ad4d62d.jpeg HTTP/1.1" 200 13475 "-" "Dart/2.19 (dart:io)"
41.81.149.247 - - [23/Jan/2025:19:37:47 +0300] "GET /muoroto-fm/image/app_images/6594a2859ed4334fce7305e50a84feee.jpeg HTTP/1.1" 200 13330 "-" "Dart/2.19 (dart:io)"
41.81.149.247 - - [23/Jan/2025:19:37:51 +0300] "GET /muoroto-fm/image/app_images/1e8a153acc9808f8e86e251e67d76d7f.jpeg HTTP/1.1" 200 94947 "-" "Dart/2.19 (dart:io)"
41.81.149.247 - - [23/Jan/2025:19:37:55 +0300] "GET /muoroto-fm/image/app_images/41a743f51e8413d6b280a050463c56ea.jpeg HTTP/1.1" 200 182382 "-" "Dart/2.19 (dart:io)"
91.121.60.232 - - [23/Jan/2025:19:38:05 +0300] "GET /tuliza-fm/send-push HTTP/2" 200 70 "-" "curl/7.61.1"
102.213.241.214 - - [23/Jan/2025:19:36:22 +0300] "GET /radio-kaya/image/app_images/e6aff8951c6fede61f120ef52f6cea42.jpeg HTTP/1.1" 200 8071081 "-" "Dart/3.5 (dart:io)"
91.121.60.232 - - [23/Jan/2025:19:39:05 +0300] "GET /tuliza-fm/send-push HTTP/2" 200 70 "-" "curl/7.61.1"
91.121.60.232 - - [23/Jan/2025:19:40:06 +0300] "GET /radio-kaya/send-push HTTP/2" 200 70 "-" "curl/7.61.1"
91.121.60.232 - - [23/Jan/2025:19:40:06 +0300] "GET /tuliza-fm/send-push HTTP/2" 200 70 "-" "curl/7.61.1"
91.121.60.232 - - [23/Jan/2025:19:41:04 +0300] "GET /radio-kaya/send-push HTTP/2" 200 70 "-" "curl/7.61.1"
102.209.76.14 - - [23/Jan/2025:19:41:56 +0300] "GET /muoroto-fm/image/app_images/fdea79dad7176ac458fe99927786d3fe.jpeg HTTP/1.1" 200 11477 "-" "Dart/2.19 (dart:io)"
102.209.76.14 - - [23/Jan/2025:19:41:58 +0300] "GET /muoroto-fm/image/app_images/36347d0febcb9f5cdb48f1f5bd83ae52.jpeg HTTP/1.1" 200 190575 "-" "Dart/2.19 (dart:io)"
102.209.76.14 - - [23/Jan/2025:19:42:04 +0300] "GET /muoroto-fm/image/app_images/4bfe541a3dc19b6a64cbfddc9ad4d62d.jpeg HTTP/1.1" 200 13475 "-" "Dart/2.19 (dart:io)"
102.209.76.14 - - [23/Jan/2025:19:42:09 +0300] "GET /muoroto-fm/image/app_images/6594a2859ed4334fce7305e50a84feee.jpeg HTTP/1.1" 200 13330 "-" "Dart/2.19 (dart:io)"
91.121.60.232 - - [23/Jan/2025:19:42:09 +0300] "GET /tuliza-fm/send-push HTTP/2" 200 70 "-" "curl/7.61.1"
91.121.60.232 - - [23/Jan/2025:19:42:09 +0300] "GET /radio-kaya/send-push HTTP/2" 200 70 "-" "curl/7.61.1"
102.209.76.14 - - [23/Jan/2025:19:42:10 +0300] "GET /muoroto-fm/image/app_images/1e8a153acc9808f8e86e251e67d76d7f.jpeg HTTP/1.1" 200 94947 "-" "Dart/2.19 (dart:io)"
102.209.76.14 - - [23/Jan/2025:19:42:14 +0300] "GET /muoroto-fm/image/app_images/41a743f51e8413d6b280a050463c56ea.jpeg HTTP/1.1" 200 131072 "-" "Dart/2.19 (dart:io)"
91.121.60.232 - - [23/Jan/2025:19:43:04 +0300] "GET /tuliza-fm/send-push HTTP/2" 200 70 "-" "curl/7.61.1"
41.215.128.109 - - [23/Jan/2025:19:43:49 +0300] "GET /tuliza-fm/image/app_images/5fd1fc8f6d15c950cf64e43ffd97b177.jpeg HTTP/1.1" 200 74238 "-" "Dart/2.19 (dart:io)"
91.121.60.232 - - [23/Jan/2025:19:45:07 +0300] "GET /radio-kaya/send-push HTTP/2" 200 70 "-" "curl/7.61.1"
91.121.60.232 - - [23/Jan/2025:19:47:06 +0300] "GET /radio-kaya/send-push HTTP/2" 200 70 "-" "curl/7.61.1"
196.96.33.81 - - [23/Jan/2025:19:47:33 +0300] "GET /radio-kaya/image/app_images/53c6d090de1ac1fc79a5be96aef1b723.jpeg HTTP/1.1" 200 189675 "-" "Dart/3.5 (dart:io)"
196.96.33.81 - - [23/Jan/2025:19:47:38 +0300] "GET /radio-kaya/image/app_images/d0e07da0396d97c124f28a72f9c582ed.jpeg HTTP/1.1" 200 231755 "-" "Dart/3.5 (dart:io)"
91.121.60.232 - - [23/Jan/2025:19:48:03 +0300] "GET /radio-kaya/send-push HTTP/2" 200 70 "-" "curl/7.61.1"
91.121.60.232 - - [23/Jan/2025:19:49:07 +0300] "GET /tuliza-fm/send-push HTTP/2" 200 70 "-" "curl/7.61.1"
91.121.60.232 - - [23/Jan/2025:19:50:11 +0300] "GET /tuliza-fm/send-push HTTP/2" 200 70 "-" "curl/7.61.1"
91.121.60.232 - - [23/Jan/2025:19:50:11 +0300] "GET /radio-kaya/send-push HTTP/2" 200 70 "-" "curl/7.61.1"
129.222.187.232 - - [23/Jan/2025:19:43:15 +0300] "GET /muoroto-fm/image/app_images/fdea79dad7176ac458fe99927786d3fe.jpeg HTTP/1.1" 200 11477 "-" "Dart/2.19 (dart:io)"
129.222.187.232 - - [23/Jan/2025:19:43:16 +0300] "GET /muoroto-fm/image/app_images/36347d0febcb9f5cdb48f1f5bd83ae52.jpeg HTTP/1.1" 200 190575 "-" "Dart/2.19 (dart:io)"
105.161.155.210 - - [23/Jan/2025:19:43:29 +0300] "GET /radio-kaya/news-podcast/1 HTTP/1.1" 200 2076 "-" "Dart/2.19 (dart:io)"
105.161.155.210 - - [23/Jan/2025:19:43:31 +0300] "GET /radio-kaya/image/app_images/6c1e8d00f6d26186e58248de3ce5b63d.jpeg HTTP/1.1" 200 176955 "-" "Dart/2.19 (dart:io)"
41.215.128.109 - - [23/Jan/2025:19:43:48 +0300] "GET /tuliza-fm/news-podcast/1 HTTP/1.1" 200 627 "-" "Dart/2.19 (dart:io)"
91.121.60.232 - - [23/Jan/2025:19:44:03 +0300] "GET /tuliza-fm/send-push HTTP/2" 200 70 "-" "curl/7.61.1"
91.121.60.232 - - [23/Jan/2025:19:44:03 +0300] "GET /radio-kaya/send-push HTTP/2" 200 70 "-" "curl/7.61.1"
41.81.186.218 - - [23/Jan/2025:19:44:59 +0300] "GET /radio-kaya/news-podcast/1 HTTP/1.1" 200 2076 "-" "Dart/3.2 (dart:io)"
91.121.60.232 - - [23/Jan/2025:19:45:07 +0300] "GET /tuliza-fm/send-push HTTP/2" 200 70 "-" "curl/7.61.1"
91.121.60.232 - - [23/Jan/2025:19:46:04 +0300] "GET /radio-kaya/send-push HTTP/2" 200 70 "-" "curl/7.61.1"
91.121.60.232 - - [23/Jan/2025:19:46:04 +0300] "GET /tuliza-fm/send-push HTTP/2" 200 70 "-" "curl/7.61.1"
91.121.60.232 - - [23/Jan/2025:19:47:06 +0300] "GET /tuliza-fm/send-push HTTP/2" 200 70 "-" "curl/7.61.1"
91.121.60.232 - - [23/Jan/2025:19:48:03 +0300] "GET /tuliza-fm/send-push HTTP/2" 200 70 "-" "curl/7.61.1"
91.121.60.232 - - [23/Jan/2025:19:49:06 +0300] "GET /radio-kaya/send-push HTTP/2" 200 70 "-" "curl/7.61.1"
91.121.60.232 - - [23/Jan/2025:19:51:13 +0300] "GET /radio-kaya/send-push HTTP/2" 200 70 "-" "curl/7.61.1"
91.121.60.232 - - [23/Jan/2025:19:52:06 +0300] "GET /tuliza-fm/send-push HTTP/2" 200 70 "-" "curl/7.61.1"
91.121.60.232 - - [23/Jan/2025:19:52:06 +0300] "GET /radio-kaya/send-push HTTP/2" 200 70 "-" "curl/7.61.1"
91.121.60.232 - - [23/Jan/2025:19:54:13 +0300] "GET /radio-kaya/send-push HTTP/2" 200 70 "-" "curl/7.61.1"
91.121.60.232 - - [23/Jan/2025:19:55:08 +0300] "GET /tuliza-fm/send-push HTTP/2" 200 172 "-" "curl/7.61.1"
91.121.60.232 - - [23/Jan/2025:19:56:04 +0300] "GET /radio-kaya/send-push HTTP/2" 200 70 "-" "curl/7.61.1"
91.121.60.232 - - [23/Jan/2025:19:57:04 +0300] "GET /radio-kaya/send-push HTTP/2" 200 70 "-" "curl/7.61.1"
51.252.196.99 - - [23/Jan/2025:19:58:03 +0300] "GET /muoroto-fm/image/app_images/fdea79dad7176ac458fe99927786d3fe.jpeg HTTP/1.1" 200 11477 "-" "Dart/2.19 (dart:io)"
102.135.168.100 - - [23/Jan/2025:19:58:29 +0300] "GET /muoroto-fm/assets/img/logo.png HTTP/1.1" 200 92381 "-" "Dart/2.19 (dart:io)"
102.135.168.114 - - [23/Jan/2025:19:58:32 +0300] "GET /muoroto-fm/image/app_images/fdea79dad7176ac458fe99927786d3fe.jpeg HTTP/1.1" 200 11477 "-" "Dart/2.19 (dart:io)"
91.121.60.232 - - [23/Jan/2025:19:59:03 +0300] "GET /tuliza-fm/send-push HTTP/2" 200 70 "-" "curl/7.61.1"
91.121.60.232 - - [23/Jan/2025:19:59:03 +0300] "GET /radio-kaya/send-push HTTP/2" 200 70 "-" "curl/7.61.1"
105.161.32.152 - - [23/Jan/2025:20:00:16 +0300] "GET /radio-kaya/news-podcast/1 HTTP/1.1" 200 2076 "-" "Dart/3.2 (dart:io)"
105.161.32.152 - - [23/Jan/2025:20:00:50 +0300] "GET /radio-kaya/image/app_images/230bef51dbd5f9be8e5be7939434f68b.jpeg HTTP/1.1" 200 145026 "-" "Dart/3.2 (dart:io)"
105.161.32.152 - - [23/Jan/2025:20:00:53 +0300] "GET /radio-kaya/image/app_images/b8bb6104f88200aafbea532743a313ec.jpeg HTTP/1.1" 200 97711 "-" "Dart/3.2 (dart:io)"
91.121.60.232 - - [23/Jan/2025:20:02:03 +0300] "GET /radio-kaya/send-push HTTP/2" 200 70 "-" "curl/7.61.1"
129.222.187.232 - - [23/Jan/2025:20:02:50 +0300] "GET /muoroto-fm/news-podcast/1 HTTP/1.1" 200 229 "-" "Dart/2.19 (dart:io)"
129.222.187.232 - - [23/Jan/2025:20:02:51 +0300] "GET /muoroto-fm/image/app_images/fdea79dad7176ac458fe99927786d3fe.jpeg HTTP/1.1" 200 11477 "-" "Dart/2.19 (dart:io)"
91.121.60.232 - - [23/Jan/2025:19:51:13 +0300] "GET /tuliza-fm/send-push HTTP/2" 200 70 "-" "curl/7.61.1"
91.121.60.232 - - [23/Jan/2025:19:53:09 +0300] "GET /tuliza-fm/send-push HTTP/2" 200 70 "-" "curl/7.61.1"
91.121.60.232 - - [23/Jan/2025:19:53:09 +0300] "GET /radio-kaya/send-push HTTP/2" 200 70 "-" "curl/7.61.1"
91.121.60.232 - - [23/Jan/2025:19:54:14 +0300] "GET /tuliza-fm/send-push HTTP/2" 200 70 "-" "curl/7.61.1"
91.121.60.232 - - [23/Jan/2025:19:55:08 +0300] "GET /radio-kaya/send-push HTTP/2" 200 172 "-" "curl/7.61.1"
91.121.60.232 - - [23/Jan/2025:19:56:04 +0300] "GET /tuliza-fm/send-push HTTP/2" 200 70 "-" "curl/7.61.1"
91.121.60.232 - - [23/Jan/2025:19:57:04 +0300] "GET /tuliza-fm/send-push HTTP/2" 200 70 "-" "curl/7.61.1"
51.252.196.99 - - [23/Jan/2025:19:58:01 +0300] "GET /muoroto-fm/news-podcast/1 HTTP/1.1" 200 229 "-" "Dart/2.19 (dart:io)"
91.121.60.232 - - [23/Jan/2025:19:58:06 +0300] "GET /tuliza-fm/send-push HTTP/2" 200 70 "-" "curl/7.61.1"
91.121.60.232 - - [23/Jan/2025:19:58:05 +0300] "GET /radio-kaya/send-push HTTP/2" 200 70 "-" "curl/7.61.1"
102.135.168.114 - - [23/Jan/2025:19:58:29 +0300] "GET /muoroto-fm/news-podcast/1 HTTP/1.1" 200 229 "-" "Dart/2.19 (dart:io)"
102.135.168.113 - - [23/Jan/2025:19:58:57 +0300] "GET /muoroto-fm/image/app_images/36347d0febcb9f5cdb48f1f5bd83ae52.jpeg HTTP/1.1" 200 190575 "-" "Dart/2.19 (dart:io)"
91.121.60.232 - - [23/Jan/2025:20:00:06 +0300] "GET /radio-kaya/send-push HTTP/2" 200 70 "-" "curl/7.61.1"
91.121.60.232 - - [23/Jan/2025:20:00:06 +0300] "GET /tuliza-fm/send-push HTTP/2" 200 70 "-" "curl/7.61.1"
105.161.32.152 - - [23/Jan/2025:20:00:28 +0300] "GET /radio-kaya/image/app_images/ae92195b33b098288be00c0c0f15fd6f.jpeg HTTP/1.1" 200 71512 "-" "Dart/3.2 (dart:io)"
105.161.32.152 - - [23/Jan/2025:20:00:32 +0300] "GET /radio-kaya/image/app_images/e6523160b707eea607fc6f999a09a94c.jpeg HTTP/1.1" 200 211291 "-" "Dart/3.2 (dart:io)"
105.161.32.152 - - [23/Jan/2025:20:00:35 +0300] "GET /radio-kaya/image/app_images/e83168c87b139aac4a42eae24c67ad3a.jpeg HTTP/1.1" 200 401010 "-" "Dart/3.2 (dart:io)"
