105.161.32.152 - - [23/Jan/2025:20:00:39 +0300] "GET /radio-kaya/image/app_images/cf8c510fbe97e70405b84b770d2b4ea7.jpeg HTTP/1.1" 200 301037 "-" "Dart/3.2 (dart:io)"
105.161.32.152 - - [23/Jan/2025:20:00:43 +0300] "GET /radio-kaya/image/app_images/e6aff8951c6fede61f120ef52f6cea42.jpeg HTTP/1.1" 200 8071081 "-" "Dart/3.2 (dart:io)"
91.121.60.232 - - [23/Jan/2025:20:01:04 +0300] "GET /tuliza-fm/send-push HTTP/2" 200 70 "-" "curl/7.61.1"
91.121.60.232 - - [23/Jan/2025:20:01:04 +0300] "GET /radio-kaya/send-push HTTP/2" 200 70 "-" "curl/7.61.1"
91.121.60.232 - - [23/Jan/2025:20:02:03 +0300] "GET /tuliza-fm/send-push HTTP/2" 200 70 "-" "curl/7.61.1"
91.121.60.232 - - [23/Jan/2025:20:04:07 +0300] "GET /radio-kaya/send-push HTTP/2" 200 70 "-" "curl/7.61.1"
91.121.60.232 - - [23/Jan/2025:20:04:07 +0300] "GET /tuliza-fm/send-push HTTP/2" 200 70 "-" "curl/7.61.1"
178.128.223.100 - - [23/Jan/2025:20:04:22 +0300] "POST /admin/index.php?route=common/login HTTP/1.1" 404 796 "-" "Mozilla/5.0 (Windows NT 10.0; Win64; x64) AppleWebKit/537.36 (KHTML, like Gecko) Chrome/120.0.6099.71 Safari/537.36"
91.121.60.232 - - [23/Jan/2025:20:06:11 +0300] "GET /tuliza-fm/send-push HTTP/2" 200 70 "-" "curl/7.61.1"
91.121.60.232 - - [23/Jan/2025:20:07:05 +0300] "GET /radio-kaya/send-push HTTP/2" 200 70 "-" "curl/7.61.1"
51.252.196.99 - - [23/Jan/2025:20:07:38 +0300] "GET /muoroto-fm/image/app_images/36347d0febcb9f5cdb48f1f5bd83ae52.jpeg HTTP/1.1" 200 190575 "-" "Dart/2.19 (dart:io)"
51.252.196.99 - - [23/Jan/2025:20:07:40 +0300] "GET /muoroto-fm/image/app_images/4bfe541a3dc19b6a64cbfddc9ad4d62d.jpeg HTTP/1.1" 200 13475 "-" "Dart/2.19 (dart:io)"
51.252.196.99 - - [23/Jan/2025:20:07:44 +0300] "GET /muoroto-fm/image/app_images/6594a2859ed4334fce7305e50a84feee.jpeg HTTP/1.1" 200 13330 "-" "Dart/2.19 (dart:io)"
91.121.60.232 - - [23/Jan/2025:20:08:03 +0300] "GET /radio-kaya/send-push HTTP/2" 200 70 "-" "curl/7.61.1"
129.222.187.232 - - [23/Jan/2025:20:02:53 +0300] "GET /muoroto-fm/image/app_images/36347d0febcb9f5cdb48f1f5bd83ae52.jpeg HTTP/1.1" 200 190575 "-" "Dart/2.19 (dart:io)"
91.121.60.232 - - [23/Jan/2025:20:03:03 +0300] "GET /tuliza-fm/send-push HTTP/2" 200 70 "-" "curl/7.61.1"
91.121.60.232 - - [23/Jan/2025:20:03:03 +0300] "GET /radio-kaya/send-push HTTP/2" 200 70 "-" "curl/7.61.1"
91.121.60.232 - - [23/Jan/2025:20:05:06 +0300] "GET /radio-kaya/send-push HTTP/2" 200 172 "-" "curl/7.61.1"
91.121.60.232 - - [23/Jan/2025:20:05:06 +0300] "GET /tuliza-fm/send-push HTTP/2" 200 172 "-" "curl/7.61.1"
91.121.60.232 - - [23/Jan/2025:20:06:11 +0300] "GET /radio-kaya/send-push HTTP/2" 200 70 "-" "curl/7.61.1"
91.121.60.232 - - [23/Jan/2025:20:07:05 +0300] "GET /tuliza-fm/send-push HTTP/2" 200 70 "-" "curl/7.61.1"
105.161.45.35 - - [23/Jan/2025:20:07:30 +0300] "GET /radio-kaya/news-podcast/1 HTTP/1.1" 200 2076 "-" "Dart/3.2 (dart:io)"
91.121.60.232 - - [23/Jan/2025:20:09:04 +0300] "GET /radio-kaya/send-push HTTP/2" 200 70 "-" "curl/7.61.1"
91.121.60.232 - - [23/Jan/2025:20:09:04 +0300] "GET /tuliza-fm/send-push HTTP/2" 200 70 "-" "curl/7.61.1"
91.121.60.232 - - [23/Jan/2025:20:10:05 +0300] "GET /tuliza-fm/send-push HTTP/2" 200 70 "-" "curl/7.61.1"
91.121.60.232 - - [23/Jan/2025:20:10:05 +0300] "GET /radio-kaya/send-push HTTP/2" 200 70 "-" "curl/7.61.1"
91.121.60.232 - - [23/Jan/2025:20:12:04 +0300] "GET /tuliza-fm/send-push HTTP/2" 200 70 "-" "curl/7.61.1"
91.121.60.232 - - [23/Jan/2025:20:14:07 +0300] "GET /radio-kaya/send-push HTTP/2" 200 70 "-" "curl/7.61.1"
91.121.60.232 - - [23/Jan/2025:20:14:07 +0300] "GET /tuliza-fm/send-push HTTP/2" 200 70 "-" "curl/7.61.1"
91.121.60.232 - - [23/Jan/2025:20:15:05 +0300] "GET /tuliza-fm/send-push HTTP/2" 200 70 "-" "curl/7.61.1"
91.121.60.232 - - [23/Jan/2025:20:16:06 +0300] "GET /radio-kaya/send-push HTTP/2" 200 70 "-" "curl/7.61.1"
91.121.60.232 - - [23/Jan/2025:20:17:07 +0300] "GET /tuliza-fm/send-push HTTP/2" 200 70 "-" "curl/7.61.1"
51.252.196.99 - - [23/Jan/2025:20:18:41 +0300] "GET /muoroto-fm/news-podcast/1 HTTP/1.1" 200 229 "-" "Dart/2.19 (dart:io)"
91.121.60.232 - - [23/Jan/2025:20:19:04 +0300] "GET /tuliza-fm/send-push HTTP/2" 200 70 "-" "curl/7.61.1"
91.121.60.232 - - [23/Jan/2025:20:20:08 +0300] "GET /radio-kaya/send-push HTTP/2" 200 70 "-" "curl/7.61.1"
154.154.91.49 - - [23/Jan/2025:20:20:32 +0300] "GET /muoroto-fm/news-podcast/1 HTTP/1.1" 200 229 "-" "Dart/2.19 (dart:io)"
154.154.91.49 - - [23/Jan/2025:20:20:33 +0300] "GET /muoroto-fm/image/app_images/fdea79dad7176ac458fe99927786d3fe.jpeg HTTP/1.1" 200 11477 "-" "Dart/2.19 (dart:io)"
102.213.241.214 - - [23/Jan/2025:20:21:14 +0300] "GET /radio-kaya/image/app_images/00063af6a5c3be4d885d3c4eeca12d58.jpeg HTTP/1.1" 500 2271 "-" "Dart/3.5 (dart:io)"
102.213.241.214 - - [23/Jan/2025:20:21:13 +0300] "GET /radio-kaya/image/app_images/b8bb6104f88200aafbea532743a313ec.jpeg HTTP/1.1" 200 97711 "-" "Dart/3.5 (dart:io)"
102.213.241.214 - - [23/Jan/2025:20:21:17 +0300] "GET /radio-kaya/image/app_images/ca2add8f43f3cdf6afff29778d58ab41.jpeg HTTP/1.1" 200 173948 "-" "Dart/3.5 (dart:io)"
91.121.60.232 - - [23/Jan/2025:20:22:06 +0300] "GET /tuliza-fm/send-push HTTP/2" 200 70 "-" "curl/7.61.1"
91.121.60.232 - - [23/Jan/2025:20:23:05 +0300] "GET /tuliza-fm/send-push HTTP/2" 200 70 "-" "curl/7.61.1"
91.121.60.232 - - [23/Jan/2025:20:23:05 +0300] "GET /radio-kaya/send-push HTTP/2" 200 70 "-" "curl/7.61.1"
91.121.60.232 - - [23/Jan/2025:20:24:03 +0300] "GET /radio-kaya/send-push HTTP/2" 200 70 "-" "curl/7.61.1"
129.222.187.232 - - [23/Jan/2025:20:26:00 +0300] "GET /muoroto-fm/image/app_images/4bfe541a3dc19b6a64cbfddc9ad4d62d.jpeg HTTP/1.1" 200 13475 "-" "Dart/2.19 (dart:io)"
129.222.187.232 - - [23/Jan/2025:20:26:01 +0300] "GET /muoroto-fm/image/app_images/6594a2859ed4334fce7305e50a84feee.jpeg HTTP/1.1" 200 13330 "-" "Dart/2.19 (dart:io)"
91.121.60.232 - - [23/Jan/2025:20:26:06 +0300] "GET /tuliza-fm/send-push HTTP/2" 200 70 "-" "curl/7.61.1"
91.121.60.232 - - [23/Jan/2025:20:27:04 +0300] "GET /tuliza-fm/send-push HTTP/2" 200 70 "-" "curl/7.61.1"
91.121.60.232 - - [23/Jan/2025:20:08:03 +0300] "GET /tuliza-fm/send-push HTTP/2" 200 70 "-" "curl/7.61.1"
51.252.196.99 - - [23/Jan/2025:20:08:17 +0300] "GET /muoroto-fm/image/app_images/1e8a153acc9808f8e86e251e67d76d7f.jpeg HTTP/1.1" 200 94947 "-" "Dart/2.19 (dart:io)"
91.121.60.232 - - [23/Jan/2025:20:11:03 +0300] "GET /tuliza-fm/send-push HTTP/2" 200 70 "-" "curl/7.61.1"
91.121.60.232 - - [23/Jan/2025:20:11:04 +0300] "GET /radio-kaya/send-push HTTP/2" 200 70 "-" "curl/7.61.1"
91.121.60.232 - - [23/Jan/2025:20:12:04 +0300] "GET /radio-kaya/send-push HTTP/2" 200 70 "-" "curl/7.61.1"
91.121.60.232 - - [23/Jan/2025:20:13:03 +0300] "GET /tuliza-fm/send-push HTTP/2" 200 70 "-" "curl/7.61.1"
91.121.60.232 - - [23/Jan/2025:20:13:03 +0300] "GET /radio-kaya/send-push HTTP/2" 200 70 "-" "curl/7.61.1"
91.121.60.232 - - [23/Jan/2025:20:15:05 +0300] "GET /radio-kaya/send-push HTTP/2" 200 70 "-" "curl/7.61.1"
91.121.60.232 - - [23/Jan/2025:20:16:05 +0300] "GET /tuliza-fm/send-push HTTP/2" 200 70 "-" "curl/7.61.1"
91.121.60.232 - - [23/Jan/2025:20:17:07 +0300] "GET /radio-kaya/send-push HTTP/2" 200 70 "-" "curl/7.61.1"
91.121.60.232 - - [23/Jan/2025:20:18:06 +0300] "GET /tuliza-fm/send-push HTTP/2" 200 70 "-" "curl/7.61.1"
91.121.60.232 - - [23/Jan/2025:20:18:06 +0300] "GET /radio-kaya/send-push HTTP/2" 200 70 "-" "curl/7.61.1"
51.252.196.99 - - [23/Jan/2025:20:18:43 +0300] "GET /muoroto-fm/image/app_images/fdea79dad7176ac458fe99927786d3fe.jpeg HTTP/1.1" 200 11477 "-" "Dart/2.19 (dart:io)"
91.121.60.232 - - [23/Jan/2025:20:19:04 +0300] "GET /radio-kaya/send-push HTTP/2" 200 70 "-" "curl/7.61.1"
91.121.60.232 - - [23/Jan/2025:20:20:08 +0300] "GET /tuliza-fm/send-push HTTP/2" 200 70 "-" "curl/7.61.1"
91.121.60.232 - - [23/Jan/2025:20:21:08 +0300] "GET /tuliza-fm/send-push HTTP/2" 200 70 "-" "curl/7.61.1"
91.121.60.232 - - [23/Jan/2025:20:21:08 +0300] "GET /radio-kaya/send-push HTTP/2" 200 70 "-" "curl/7.61.1"
91.121.60.232 - - [23/Jan/2025:20:22:06 +0300] "GET /radio-kaya/send-push HTTP/2" 200 70 "-" "curl/7.61.1"
91.121.60.232 - - [23/Jan/2025:20:24:03 +0300] "GET /tuliza-fm/send-push HTTP/2" 200 70 "-" "curl/7.61.1"
91.121.60.232 - - [23/Jan/2025:20:25:13 +0300] "GET /tuliza-fm/send-push HTTP/2" 200 70 "-" "curl/7.61.1"
91.121.60.232 - - [23/Jan/2025:20:25:13 +0300] "GET /radio-kaya/send-push HTTP/2" 200 70 "-" "curl/7.61.1"
91.121.60.232 - - [23/Jan/2025:20:26:06 +0300] "GET /radio-kaya/send-push HTTP/2" 200 70 "-" "curl/7.61.1"
91.121.60.232 - - [23/Jan/2025:20:27:04 +0300] "GET /radio-kaya/send-push HTTP/2" 200 70 "-" "curl/7.61.1"
91.121.60.232 - - [23/Jan/2025:20:28:03 +0300] "GET /radio-kaya/send-push HTTP/2" 200 70 "-" "curl/7.61.1"
91.121.60.232 - - [23/Jan/2025:20:29:03 +0300] "GET /tuliza-fm/send-push HTTP/2" 200 70 "-" "curl/7.61.1"
91.121.60.232 - - [23/Jan/2025:20:29:03 +0300] "GET /radio-kaya/send-push HTTP/2" 200 70 "-" "curl/7.61.1"
91.121.60.232 - - [23/Jan/2025:20:30:11 +0300] "GET /radio-kaya/send-push HTTP/2" 200 70 "-" "curl/7.61.1"
204.10.194.229 - - [23/Jan/2025:20:30:15 +0300] "POST /wp-login.php HTTP/1.1" 404 796 "https://elspaciohost.co.ke/wp-admin/" "Mozilla/5.0 (Windows NT 10.0; Win64; x64) AppleWebKit/537.36 (KHTML, like Gecko) Chrome/90.0.4430.85 Safari/537.36"
204.10.194.229 - - [23/Jan/2025:20:30:15 +0300] "GET /wp-admin/ HTTP/1.1" 301 795 "https://www.google.com" "Mozilla/5.0 (Windows NT 10.0; Win64; x64) AppleWebKit/537.36 (KHTML, like Gecko) Chrome/90.0.4430.85 Safari/537.36"
204.10.194.229 - - [23/Jan/2025:20:30:15 +0300] "GET /wp-admin HTTP/1.1" 404 796 "https://www.google.com" "Mozilla/5.0 (Windows NT 10.0; Win64; x64) AppleWebKit/537.36 (KHTML, like Gecko) Chrome/90.0.4430.85 Safari/537.36"
91.121.60.232 - - [23/Jan/2025:20:31:05 +0300] "GET /radio-kaya/send-push HTTP/2" 200 70 "-" "curl/7.61.1"
102.6.41.82 - - [23/Jan/2025:20:33:33 +0300] "GET /muoroto-fm/image/app_images/fdea79dad7176ac458fe99927786d3fe.jpeg HTTP/1.1" 200 11477 "-" "Dart/2.19 (dart:io)"
91.121.60.232 - - [23/Jan/2025:20:34:10 +0300] "GET /radio-kaya/send-push HTTP/2" 200 70 "-" "curl/7.61.1"
91.121.60.232 - - [23/Jan/2025:20:28:03 +0300] "GET /tuliza-fm/send-push HTTP/2" 200 70 "-" "curl/7.61.1"
91.121.60.232 - - [23/Jan/2025:20:30:10 +0300] "GET /tuliza-fm/send-push HTTP/2" 200 70 "-" "curl/7.61.1"
91.121.60.232 - - [23/Jan/2025:20:31:05 +0300] "GET /tuliza-fm/send-push HTTP/2" 200 70 "-" "curl/7.61.1"
91.121.60.232 - - [23/Jan/2025:20:32:03 +0300] "GET /radio-kaya/send-push HTTP/2" 200 70 "-" "curl/7.61.1"
91.121.60.232 - - [23/Jan/2025:20:32:04 +0300] "GET /tuliza-fm/send-push HTTP/2" 200 70 "-" "curl/7.61.1"
91.121.60.232 - - [23/Jan/2025:20:33:05 +0300] "GET /radio-kaya/send-push HTTP/2" 200 70 "-" "curl/7.61.1"
91.121.60.232 - - [23/Jan/2025:20:33:05 +0300] "GET /tuliza-fm/send-push HTTP/2" 200 70 "-" "curl/7.61.1"
102.6.41.82 - - [23/Jan/2025:20:33:32 +0300] "GET /muoroto-fm/assets/img/logo.png HTTP/1.1" 200 92381 "-" "Dart/2.19 (dart:io)"
102.6.41.82 - - [23/Jan/2025:20:33:32 +0300] "GET /muoroto-fm/news-podcast/1 HTTP/1.1" 200 229 "-" "Dart/2.19 (dart:io)"
91.121.60.232 - - [23/Jan/2025:20:35:10 +0300] "GET /tuliza-fm/send-push HTTP/2" 200 70 "-" "curl/7.61.1"
91.121.60.232 - - [23/Jan/2025:20:35:10 +0300] "GET /radio-kaya/send-push HTTP/2" 200 70 "-" "curl/7.61.1"
91.121.60.232 - - [23/Jan/2025:20:36:07 +0300] "GET /radio-kaya/send-push HTTP/2" 200 70 "-" "curl/7.61.1"
178.128.223.100 - - [23/Jan/2025:20:36:45 +0300] "GET /muoroto-fm/admin/auth/login HTTP/1.1" 200 1936 "-" "Mozilla/5.0 (Windows NT 10.0; Win64; x64) AppleWebKit/537.36 (KHTML, like Gecko) Chrome/120.0.6099.71 Safari/537.36"
41.81.94.144 - - [23/Jan/2025:20:37:07 +0300] "GET /radio-kaya/news-podcast/1 HTTP/1.1" 200 2076 "-" "Dart/3.5 (dart:io)"
91.121.60.232 - - [23/Jan/2025:20:37:07 +0300] "GET /radio-kaya/send-push HTTP/2" 200 70 "-" "curl/7.61.1"
41.81.94.144 - - [23/Jan/2025:20:37:12 +0300] "GET /radio-kaya/image/app_images/53c6d090de1ac1fc79a5be96aef1b723.jpeg HTTP/1.1" 200 189675 "-" "Dart/3.5 (dart:io)"
41.81.94.144 - - [23/Jan/2025:20:37:16 +0300] "GET /radio-kaya/image/app_images/d0e07da0396d97c124f28a72f9c582ed.jpeg HTTP/1.1" 200 231755 "-" "Dart/3.5 (dart:io)"
41.81.94.144 - - [23/Jan/2025:20:37:21 +0300] "GET /radio-kaya/image/app_images/ae92195b33b098288be00c0c0f15fd6f.jpeg HTTP/1.1" 200 71512 "-" "Dart/3.5 (dart:io)"
41.81.94.144 - - [23/Jan/2025:20:37:26 +0300] "GET /radio-kaya/image/app_images/e6523160b707eea607fc6f999a09a94c.jpeg HTTP/1.1" 200 211291 "-" "Dart/3.5 (dart:io)"
41.81.94.144 - - [23/Jan/2025:20:37:31 +0300] "GET /radio-kaya/image/app_images/e83168c87b139aac4a42eae24c67ad3a.jpeg HTTP/1.1" 200 401010 "-" "Dart/3.5 (dart:io)"
41.81.94.144 - - [23/Jan/2025:20:37:36 +0300] "GET /radio-kaya/image/app_images/cf8c510fbe97e70405b84b770d2b4ea7.jpeg HTTP/1.1" 200 301037 "-" "Dart/3.5 (dart:io)"
41.81.94.144 - - [23/Jan/2025:20:37:41 +0300] "GET /radio-kaya/image/app_images/e6aff8951c6fede61f120ef52f6cea42.jpeg HTTP/1.1" 200 8071081 "-" "Dart/3.5 (dart:io)"
41.81.94.144 - - [23/Jan/2025:20:37:47 +0300] "GET /radio-kaya/image/app_images/230bef51dbd5f9be8e5be7939434f68b.jpeg HTTP/1.1" 200 131072 "-" "Dart/3.5 (dart:io)"
91.121.60.232 - - [23/Jan/2025:20:38:10 +0300] "GET /tuliza-fm/send-push HTTP/2" 200 70 "-" "curl/7.61.1"
154.159.252.101 - - [23/Jan/2025:20:38:31 +0300] "GET /muoroto-fm/news-podcast/1 HTTP/1.1" 200 229 "-" "Dart/2.19 (dart:io)"
154.159.252.101 - - [23/Jan/2025:20:38:33 +0300] "GET /muoroto-fm/image/app_images/fdea79dad7176ac458fe99927786d3fe.jpeg HTTP/1.1" 200 11477 "-" "Dart/2.19 (dart:io)"
91.121.60.232 - - [23/Jan/2025:20:40:15 +0300] "GET /tuliza-fm/send-push HTTP/2" 200 70 "-" "curl/7.61.1"
41.81.94.144 - - [23/Jan/2025:20:40:49 +0300] "GET /radio-kaya/image/app_images/230bef51dbd5f9be8e5be7939434f68b.jpeg HTTP/1.1" 200 145026 "-" "Dart/3.5 (dart:io)"
41.81.94.144 - - [23/Jan/2025:20:40:53 +0300] "GET /radio-kaya/image/app_images/b8bb6104f88200aafbea532743a313ec.jpeg HTTP/1.1" 200 97711 "-" "Dart/3.5 (dart:io)"
41.81.94.144 - - [23/Jan/2025:20:41:03 +0300] "GET /radio-kaya/image/app_images/ca2add8f43f3cdf6afff29778d58ab41.jpeg HTTP/1.1" 200 173948 "-" "Dart/3.5 (dart:io)"
91.121.60.232 - - [23/Jan/2025:20:34:11 +0300] "GET /tuliza-fm/send-push HTTP/2" 200 70 "-" "curl/7.61.1"
91.121.60.232 - - [23/Jan/2025:20:36:07 +0300] "GET /tuliza-fm/send-push HTTP/2" 200 70 "-" "curl/7.61.1"
91.121.60.232 - - [23/Jan/2025:20:37:07 +0300] "GET /tuliza-fm/send-push HTTP/2" 200 70 "-" "curl/7.61.1"
91.121.60.232 - - [23/Jan/2025:20:38:10 +0300] "GET /radio-kaya/send-push HTTP/2" 200 70 "-" "curl/7.61.1"
91.121.60.232 - - [23/Jan/2025:20:39:05 +0300] "GET /tuliza-fm/send-push HTTP/2" 200 70 "-" "curl/7.61.1"
91.121.60.232 - - [23/Jan/2025:20:39:05 +0300] "GET /radio-kaya/send-push HTTP/2" 200 70 "-" "curl/7.61.1"
41.81.94.144 - - [23/Jan/2025:20:40:09 +0300] "GET /radio-kaya/news-podcast/1 HTTP/1.1" 200 2076 "-" "Dart/3.5 (dart:io)"
91.121.60.232 - - [23/Jan/2025:20:40:15 +0300] "GET /radio-kaya/send-push HTTP/2" 200 70 "-" "curl/7.61.1"
41.81.94.144 - - [23/Jan/2025:20:40:44 +0300] "GET /radio-kaya/image/app_images/e6aff8951c6fede61f120ef52f6cea42.jpeg HTTP/1.1" 200 8071081 "-" "Dart/3.5 (dart:io)"
41.81.94.144 - - [23/Jan/2025:20:40:58 +0300] "GET /radio-kaya/image/app_images/00063af6a5c3be4d885d3c4eeca12d58.jpeg HTTP/1.1" 500 2271 "-" "Dart/3.5 (dart:io)"
91.121.60.232 - - [23/Jan/2025:20:41:08 +0300] "GET /tuliza-fm/send-push HTTP/2" 200 70 "-" "curl/7.61.1"
102.6.41.82 - - [23/Jan/2025:20:41:16 +0300] "GET /muoroto-fm/image/app_images/36347d0febcb9f5cdb48f1f5bd83ae52.jpeg HTTP/1.1" 200 190575 "-" "Dart/2.19 (dart:io)"
102.6.41.82 - - [23/Jan/2025:20:41:20 +0300] "GET /muoroto-fm/image/app_images/4bfe541a3dc19b6a64cbfddc9ad4d62d.jpeg HTTP/1.1" 200 13475 "-" "Dart/2.19 (dart:io)"
91.121.60.232 - - [23/Jan/2025:20:42:04 +0300] "GET /radio-kaya/send-push HTTP/2" 200 70 "-" "curl/7.61.1"
91.121.60.232 - - [23/Jan/2025:20:42:04 +0300] "GET /tuliza-fm/send-push HTTP/2" 200 70 "-" "curl/7.61.1"
91.121.60.232 - - [23/Jan/2025:20:43:10 +0300] "GET /radio-kaya/send-push HTTP/2" 200 70 "-" "curl/7.61.1"
91.121.60.232 - - [23/Jan/2025:20:44:14 +0300] "GET /radio-kaya/send-push HTTP/2" 200 70 "-" "curl/7.61.1"
91.121.60.232 - - [23/Jan/2025:20:45:13 +0300] "GET /tuliza-fm/send-push HTTP/2" 200 70 "-" "curl/7.61.1"
91.121.60.232 - - [23/Jan/2025:20:46:07 +0300] "GET /radio-kaya/send-push HTTP/2" 200 70 "-" "curl/7.61.1"
91.121.60.232 - - [23/Jan/2025:20:47:08 +0300] "GET /tuliza-fm/send-push HTTP/2" 200 70 "-" "curl/7.61.1"
91.121.60.232 - - [23/Jan/2025:20:48:05 +0300] "GET /tuliza-fm/send-push HTTP/2" 200 70 "-" "curl/7.61.1"
91.121.60.232 - - [23/Jan/2025:20:49:07 +0300] "GET /tuliza-fm/send-push HTTP/2" 200 70 "-" "curl/7.61.1"
91.121.60.232 - - [23/Jan/2025:20:51:07 +0300] "GET /radio-kaya/send-push HTTP/2" 200 70 "-" "curl/7.61.1"
91.121.60.232 - - [23/Jan/2025:20:52:05 +0300] "GET /radio-kaya/send-push HTTP/2" 200 70 "-" "curl/7.61.1"
91.121.60.232 - - [23/Jan/2025:20:41:08 +0300] "GET /radio-kaya/send-push HTTP/2" 200 70 "-" "curl/7.61.1"
91.121.60.232 - - [23/Jan/2025:20:43:10 +0300] "GET /tuliza-fm/send-push HTTP/2" 200 70 "-" "curl/7.61.1"
91.121.60.232 - - [23/Jan/2025:20:44:14 +0300] "GET /tuliza-fm/send-push HTTP/2" 200 70 "-" "curl/7.61.1"
91.121.60.232 - - [23/Jan/2025:20:45:14 +0300] "GET /radio-kaya/send-push HTTP/2" 200 70 "-" "curl/7.61.1"
91.121.60.232 - - [23/Jan/2025:20:46:07 +0300] "GET /tuliza-fm/send-push HTTP/2" 200 70 "-" "curl/7.61.1"
91.121.60.232 - - [23/Jan/2025:20:47:08 +0300] "GET /radio-kaya/send-push HTTP/2" 200 70 "-" "curl/7.61.1"
91.121.60.232 - - [23/Jan/2025:20:48:05 +0300] "GET /radio-kaya/send-push HTTP/2" 200 70 "-" "curl/7.61.1"
91.121.60.232 - - [23/Jan/2025:20:49:07 +0300] "GET /radio-kaya/send-push HTTP/2" 200 70 "-" "curl/7.61.1"
91.121.60.232 - - [23/Jan/2025:20:50:08 +0300] "GET /tuliza-fm/send-push HTTP/2" 200 70 "-" "curl/7.61.1"
91.121.60.232 - - [23/Jan/2025:20:50:08 +0300] "GET /radio-kaya/send-push HTTP/2" 200 70 "-" "curl/7.61.1"
91.121.60.232 - - [23/Jan/2025:20:51:07 +0300] "GET /tuliza-fm/send-push HTTP/2" 200 70 "-" "curl/7.61.1"
91.121.60.232 - - [23/Jan/2025:20:52:05 +0300] "GET /tuliza-fm/send-push HTTP/2" 200 70 "-" "curl/7.61.1"
91.121.60.232 - - [23/Jan/2025:20:53:03 +0300] "GET /radio-kaya/send-push HTTP/2" 200 70 "-" "curl/7.61.1"
91.121.60.232 - - [23/Jan/2025:20:54:09 +0300] "GET /tuliza-fm/send-push HTTP/2" 200 70 "-" "curl/7.61.1"
91.121.60.232 - - [23/Jan/2025:20:55:11 +0300] "GET /tuliza-fm/send-push HTTP/2" 200 70 "-" "curl/7.61.1"
49.51.196.42 - - [23/Jan/2025:20:55:20 +0300] "GET / HTTP/1.1" 403 787 "http://elspaciohost.co.ke" "Mozilla/5.0 (iPhone; CPU iPhone OS 13_2_3 like Mac OS X) AppleWebKit/605.1.15 (KHTML, like Gecko) Version/13.0.3 Mobile/15E148 Safari/604.1"
91.121.60.232 - - [23/Jan/2025:20:57:07 +0300] "GET /tuliza-fm/send-push HTTP/2" 200 70 "-" "curl/7.61.1"
91.121.60.232 - - [23/Jan/2025:20:57:07 +0300] "GET /radio-kaya/send-push HTTP/2" 200 70 "-" "curl/7.61.1"
41.90.228.115 - - [23/Jan/2025:20:58:00 +0300] "GET /radio-kaya/image/app_images/6c1e8d00f6d26186e58248de3ce5b63d.jpeg HTTP/1.1" 200 176955 "-" "Dart/3.5 (dart:io)"
41.90.228.115 - - [23/Jan/2025:20:58:03 +0300] "GET /radio-kaya/image/app_images/53c6d090de1ac1fc79a5be96aef1b723.jpeg HTTP/1.1" 200 189675 "-" "Dart/3.5 (dart:io)"
41.90.228.115 - - [23/Jan/2025:20:58:08 +0300] "GET /radio-kaya/image/app_images/d0e07da0396d97c124f28a72f9c582ed.jpeg HTTP/1.1" 200 231755 "-" "Dart/3.5 (dart:io)"
91.121.60.232 - - [23/Jan/2025:20:58:08 +0300] "GET /tuliza-fm/send-push HTTP/2" 200 70 "-" "curl/7.61.1"
91.121.60.232 - - [23/Jan/2025:20:58:08 +0300] "GET /radio-kaya/send-push HTTP/2" 200 70 "-" "curl/7.61.1"
41.90.228.115 - - [23/Jan/2025:20:58:13 +0300] "GET /radio-kaya/image/app_images/ae92195b33b098288be00c0c0f15fd6f.jpeg HTTP/1.1" 200 71512 "-" "Dart/3.5 (dart:io)"
41.90.228.115 - - [23/Jan/2025:20:58:18 +0300] "GET /radio-kaya/image/app_images/e6523160b707eea607fc6f999a09a94c.jpeg HTTP/1.1" 200 211291 "-" "Dart/3.5 (dart:io)"
105.230.58.47 - - [23/Jan/2025:20:58:17 +0300] "GET /muoroto-fm/news-podcast/1 HTTP/1.1" 200 229 "-" "Dart/2.19 (dart:io)"
41.90.228.115 - - [23/Jan/2025:20:58:23 +0300] "GET /radio-kaya/image/app_images/e83168c87b139aac4a42eae24c67ad3a.jpeg HTTP/1.1" 200 401010 "-" "Dart/3.5 (dart:io)"
41.90.228.115 - - [23/Jan/2025:20:58:28 +0300] "GET /radio-kaya/image/app_images/cf8c510fbe97e70405b84b770d2b4ea7.jpeg HTTP/1.1" 200 301037 "-" "Dart/3.5 (dart:io)"
91.121.60.232 - - [23/Jan/2025:20:59:08 +0300] "GET /radio-kaya/send-push HTTP/2" 200 70 "-" "curl/7.61.1"
41.90.228.115 - - [23/Jan/2025:20:59:13 +0300] "GET /radio-kaya/image/app_images/ca2add8f43f3cdf6afff29778d58ab41.jpeg HTTP/1.1" 200 173948 "-" "Dart/3.5 (dart:io)"
91.121.60.232 - - [23/Jan/2025:21:00:18 +0300] "GET /radio-kaya/send-push HTTP/2" 200 70 "-" "curl/7.61.1"
105.161.213.65 - - [23/Jan/2025:21:01:03 +0300] "GET /tuliza-fm/news-podcast/1 HTTP/1.1" 200 627 "-" "Dart/2.19 (dart:io)"
91.121.60.232 - - [23/Jan/2025:21:01:07 +0300] "GET /radio-kaya/send-push HTTP/2" 200 70 "-" "curl/7.61.1"
91.121.60.232 - - [23/Jan/2025:21:02:20 +0300] "GET /tuliza-fm/send-push HTTP/2" 200 70 "-" "curl/7.61.1"
41.90.228.115 - - [23/Jan/2025:21:03:34 +0300] "GET /radio-kaya/image/app_images/00063af6a5c3be4d885d3c4eeca12d58.jpeg HTTP/1.1" 500 2271 "-" "Dart/3.5 (dart:io)"
91.121.60.232 - - [23/Jan/2025:20:53:03 +0300] "GET /tuliza-fm/send-push HTTP/2" 200 70 "-" "curl/7.61.1"
91.121.60.232 - - [23/Jan/2025:20:54:09 +0300] "GET /radio-kaya/send-push HTTP/2" 200 70 "-" "curl/7.61.1"
91.121.60.232 - - [23/Jan/2025:20:55:11 +0300] "GET /radio-kaya/send-push HTTP/2" 200 70 "-" "curl/7.61.1"
91.121.60.232 - - [23/Jan/2025:20:56:07 +0300] "GET /tuliza-fm/send-push HTTP/2" 200 70 "-" "curl/7.61.1"
91.121.60.232 - - [23/Jan/2025:20:56:06 +0300] "GET /radio-kaya/send-push HTTP/2" 200 70 "-" "curl/7.61.1"
41.90.228.115 - - [23/Jan/2025:20:57:59 +0300] "GET /radio-kaya/news-podcast/1 HTTP/1.1" 200 2076 "-" "Dart/3.5 (dart:io)"
105.230.58.47 - - [23/Jan/2025:20:58:29 +0300] "GET /muoroto-fm/image/app_images/36347d0febcb9f5cdb48f1f5bd83ae52.jpeg HTTP/1.1" 200 190575 "-" "Dart/2.19 (dart:io)"
41.81.94.144 - - [23/Jan/2025:20:58:54 +0300] "GET /radio-kaya/news-podcast/1 HTTP/1.1" 200 2076 "-" "Dart/3.5 (dart:io)"
41.90.228.115 - - [23/Jan/2025:20:58:58 +0300] "GET /radio-kaya/image/app_images/230bef51dbd5f9be8e5be7939434f68b.jpeg HTTP/1.1" 200 145026 "-" "Dart/3.5 (dart:io)"
41.90.228.115 - - [23/Jan/2025:20:59:03 +0300] "GET /radio-kaya/image/app_images/b8bb6104f88200aafbea532743a313ec.jpeg HTTP/1.1" 200 97711 "-" "Dart/3.5 (dart:io)"
41.90.228.115 - - [23/Jan/2025:20:59:08 +0300] "GET /radio-kaya/image/app_images/00063af6a5c3be4d885d3c4eeca12d58.jpeg HTTP/1.1" 500 2271 "-" "Dart/3.5 (dart:io)"
91.121.60.232 - - [23/Jan/2025:20:59:08 +0300] "GET /tuliza-fm/send-push HTTP/2" 200 70 "-" "curl/7.61.1"
41.90.228.115 - - [23/Jan/2025:20:58:56 +0300] "GET /radio-kaya/image/app_images/e6aff8951c6fede61f120ef52f6cea42.jpeg HTTP/1.1" 200 8071081 "-" "Dart/3.5 (dart:io)"
91.121.60.232 - - [23/Jan/2025:21:00:18 +0300] "GET /tuliza-fm/send-push HTTP/2" 200 70 "-" "curl/7.61.1"
105.161.213.65 - - [23/Jan/2025:21:01:06 +0300] "GET /tuliza-fm/image/app_images/5fd1fc8f6d15c950cf64e43ffd97b177.jpeg HTTP/1.1" 200 74238 "-" "Dart/2.19 (dart:io)"
91.121.60.232 - - [23/Jan/2025:21:01:07 +0300] "GET /tuliza-fm/send-push HTTP/2" 200 70 "-" "curl/7.61.1"
105.161.213.65 - - [23/Jan/2025:21:01:10 +0300] "GET /tuliza-fm/image/app_images/7ea371241bf05bc00af8d36d501ba878.jpeg HTTP/1.1" 200 72612 "-" "Dart/2.19 (dart:io)"
105.161.213.65 - - [23/Jan/2025:21:01:14 +0300] "GET /tuliza-fm/image/app_images/b3230d82d21e084a595f7e9badd31721.jpeg HTTP/1.1" 200 82204 "-" "Dart/2.19 (dart:io)"
105.161.213.65 - - [23/Jan/2025:21:01:18 +0300] "GET /tuliza-fm/image/app_images/e64bb5f5e70843df0926e762cc93ee15.jpeg HTTP/1.1" 200 109023 "-" "Dart/2.19 (dart:io)"
105.161.213.65 - - [23/Jan/2025:21:01:22 +0300] "GET /tuliza-fm/news-podcast/2 HTTP/1.1" 200 642 "-" "Dart/2.19 (dart:io)"
41.90.228.115 - - [23/Jan/2025:21:01:25 +0300] "GET /radio-kaya/news-podcast/1 HTTP/1.1" 200 2076 "-" "Dart/3.5 (dart:io)"
105.161.213.65 - - [23/Jan/2025:21:01:28 +0300] "GET /tuliza-fm/news-podcast/1 HTTP/1.1" 200 627 "-" "Dart/2.19 (dart:io)"
41.90.217.99 - - [23/Jan/2025:21:01:46 +0300] "GET /tuliza-fm/image/app_images/4f4aa949a6d64a2dbacfca1ed5ac536b.jpeg HTTP/1.1" 200 71731 "-" "Dart/2.19 (dart:io)"
91.121.60.232 - - [23/Jan/2025:21:02:20 +0300] "GET /radio-kaya/send-push HTTP/2" 200 70 "-" "curl/7.61.1"
91.121.60.232 - - [23/Jan/2025:21:03:17 +0300] "GET /radio-kaya/send-push HTTP/2" 200 70 "-" "curl/7.61.1"
91.121.60.232 - - [23/Jan/2025:21:03:17 +0300] "GET /tuliza-fm/send-push HTTP/2" 200 70 "-" "curl/7.61.1"
91.121.60.232 - - [23/Jan/2025:21:04:19 +0300] "GET /radio-kaya/send-push HTTP/2" 200 70 "-" "curl/7.61.1"
91.121.60.232 - - [23/Jan/2025:21:06:06 +0300] "GET /radio-kaya/send-push HTTP/2" 200 70 "-" "curl/7.61.1"
31.111.23.100 - - [23/Jan/2025:21:08:35 +0300] "GET /radio-kaya/news-podcast/1 HTTP/1.1" 200 2076 "-" "Dart/3.5 (dart:io)"
91.121.60.232 - - [23/Jan/2025:21:09:04 +0300] "GET /tuliza-fm/send-push HTTP/2" 200 70 "-" "curl/7.61.1"
31.111.23.100 - - [23/Jan/2025:21:09:54 +0300] "GET /radio-kaya/news-podcast/1 HTTP/1.1" 200 2076 "-" "Dart/3.5 (dart:io)"
154.159.254.43 - - [23/Jan/2025:21:10:14 +0300] "GET /muoroto-fm/news-podcast/1 HTTP/1.1" 200 229 "-" "Dart/2.19 (dart:io)"
154.159.254.43 - - [23/Jan/2025:21:10:17 +0300] "GET /muoroto-fm/image/app_images/fdea79dad7176ac458fe99927786d3fe.jpeg HTTP/1.1" 200 11477 "-" "Dart/2.19 (dart:io)"
91.121.60.232 - - [23/Jan/2025:21:11:05 +0300] "GET /tuliza-fm/send-push HTTP/2" 200 70 "-" "curl/7.61.1"
91.121.60.232 - - [23/Jan/2025:21:12:04 +0300] "GET /radio-kaya/send-push HTTP/2" 200 70 "-" "curl/7.61.1"
105.230.58.47 - - [23/Jan/2025:21:12:20 +0300] "GET /muoroto-fm/news-podcast/1 HTTP/1.1" 200 229 "-" "Dart/2.19 (dart:io)"
105.230.58.47 - - [23/Jan/2025:21:12:21 +0300] "GET /muoroto-fm/image/app_images/fdea79dad7176ac458fe99927786d3fe.jpeg HTTP/1.1" 200 11477 "-" "Dart/2.19 (dart:io)"
91.121.60.232 - - [23/Jan/2025:21:13:08 +0300] "GET /radio-kaya/send-push HTTP/2" 200 70 "-" "curl/7.61.1"
91.121.60.232 - - [23/Jan/2025:21:14:10 +0300] "GET /tuliza-fm/send-push HTTP/2" 200 70 "-" "curl/7.61.1"
154.159.252.253 - - [23/Jan/2025:21:14:43 +0300] "GET /muoroto-fm/news-podcast/1 HTTP/1.1" 200 229 "-" "Dart/2.19 (dart:io)"
154.159.252.253 - - [23/Jan/2025:21:14:45 +0300] "GET /muoroto-fm/image/app_images/fdea79dad7176ac458fe99927786d3fe.jpeg HTTP/1.1" 200 11477 "-" "Dart/2.19 (dart:io)"
154.159.252.253 - - [23/Jan/2025:21:14:46 +0300] "GET /muoroto-fm/image/app_images/36347d0febcb9f5cdb48f1f5bd83ae52.jpeg HTTP/1.1" 200 190575 "-" "Dart/2.19 (dart:io)"
154.159.252.253 - - [23/Jan/2025:21:14:50 +0300] "GET /muoroto-fm/image/app_images/4bfe541a3dc19b6a64cbfddc9ad4d62d.jpeg HTTP/1.1" 200 13475 "-" "Dart/2.19 (dart:io)"
154.159.252.253 - - [23/Jan/2025:21:14:54 +0300] "GET /muoroto-fm/image/app_images/6594a2859ed4334fce7305e50a84feee.jpeg HTTP/1.1" 200 13330 "-" "Dart/2.19 (dart:io)"
154.159.252.253 - - [23/Jan/2025:21:14:58 +0300] "GET /muoroto-fm/image/app_images/1e8a153acc9808f8e86e251e67d76d7f.jpeg HTTP/1.1" 200 94947 "-" "Dart/2.19 (dart:io)"
91.121.60.232 - - [23/Jan/2025:21:15:11 +0300] "GET /tuliza-fm/send-push HTTP/2" 200 70 "-" "curl/7.61.1"
91.121.60.232 - - [23/Jan/2025:21:16:10 +0300] "GET /tuliza-fm/send-push HTTP/2" 200 70 "-" "curl/7.61.1"
91.121.60.232 - - [23/Jan/2025:21:17:23 +0300] "GET /radio-kaya/send-push HTTP/2" 200 70 "-" "curl/7.61.1"
91.121.60.232 - - [23/Jan/2025:21:18:24 +0300] "GET /tuliza-fm/send-push HTTP/2" 200 70 "-" "curl/7.61.1"
91.121.60.232 - - [23/Jan/2025:21:18:24 +0300] "GET /radio-kaya/send-push HTTP/2" 200 70 "-" "curl/7.61.1"
91.121.60.232 - - [23/Jan/2025:21:19:05 +0300] "GET /radio-kaya/send-push HTTP/2" 200 70 "-" "curl/7.61.1"
91.121.60.232 - - [23/Jan/2025:21:20:28 +0300] "GET /tuliza-fm/send-push HTTP/2" 200 70 "-" "curl/7.61.1"
91.121.60.232 - - [23/Jan/2025:21:21:13 +0300] "GET /radio-kaya/send-push HTTP/2" 200 70 "-" "curl/7.61.1"
105.160.72.89 - - [23/Jan/2025:21:22:04 +0300] "GET /tuliza-fm/image/app_images/5fd1fc8f6d15c950cf64e43ffd97b177.jpeg HTTP/1.1" 200 74238 "-" "Dart/2.19 (dart:io)"
91.121.60.232 - - [23/Jan/2025:21:22:07 +0300] "GET /tuliza-fm/send-push HTTP/2" 200 70 "-" "curl/7.61.1"
91.121.60.232 - - [23/Jan/2025:21:22:07 +0300] "GET /radio-kaya/send-push HTTP/2" 200 70 "-" "curl/7.61.1"
105.160.72.89 - - [23/Jan/2025:21:22:23 +0300] "GET /tuliza-fm/image/app_images/7ea371241bf05bc00af8d36d501ba878.jpeg HTTP/1.1" 200 72612 "-" "Dart/2.19 (dart:io)"
105.160.72.89 - - [23/Jan/2025:21:22:27 +0300] "GET /tuliza-fm/image/app_images/b3230d82d21e084a595f7e9badd31721.jpeg HTTP/1.1" 200 82204 "-" "Dart/2.19 (dart:io)"
105.160.72.89 - - [23/Jan/2025:21:22:31 +0300] "GET /tuliza-fm/image/app_images/e64bb5f5e70843df0926e762cc93ee15.jpeg HTTP/1.1" 200 109023 "-" "Dart/2.19 (dart:io)"
105.160.72.89 - - [23/Jan/2025:21:22:34 +0300] "GET /tuliza-fm/image/app_images/4f4aa949a6d64a2dbacfca1ed5ac536b.jpeg HTTP/1.1" 200 71731 "-" "Dart/2.19 (dart:io)"
105.160.72.89 - - [23/Jan/2025:21:22:48 +0300] "GET /tuliza-fm/news-podcast/2 HTTP/1.1" 200 642 "-" "Dart/2.19 (dart:io)"
41.90.5.76 - - [23/Jan/2025:21:22:52 +0300] "GET /tuliza-fm/image/news_podcasts/33d9be6ff6e4979dd6080ef1d9733f0a.mpeg HTTP/1.1" 500 965421 "-" "Dalvik/2.1.0 (Linux; U; Android 12; SM-A032F Build/SP1A.210812.016)"
41.90.5.76 - - [23/Jan/2025:21:22:55 +0300] "GET /tuliza-fm/image/news_podcasts/33d9be6ff6e4979dd6080ef1d9733f0a.mpeg HTTP/1.1" 500 965421 "-" "Dalvik/2.1.0 (Linux; U; Android 12; SM-A032F Build/SP1A.210812.016)"
105.160.72.89 - - [23/Jan/2025:21:23:00 +0300] "GET /tuliza-fm/news-podcast/1 HTTP/1.1" 200 627 "-" "Dart/2.19 (dart:io)"
41.90.5.76 - - [23/Jan/2025:21:23:00 +0300] "GET /tuliza-fm/image/news_podcasts/33d9be6ff6e4979dd6080ef1d9733f0a.mpeg HTTP/1.1" 500 965421 "-" "Dalvik/2.1.0 (Linux; U; Android 12; SM-A032F Build/SP1A.210812.016)"
91.121.60.232 - - [23/Jan/2025:21:23:05 +0300] "GET /tuliza-fm/send-push HTTP/2" 200 70 "-" "curl/7.61.1"
41.90.5.76 - - [23/Jan/2025:21:23:06 +0300] "GET /tuliza-fm/image/news_podcasts/33d9be6ff6e4979dd6080ef1d9733f0a.mpeg HTTP/1.1" 500 965421 "-" "Dalvik/2.1.0 (Linux; U; Android 12; SM-A032F Build/SP1A.210812.016)"
105.230.58.47 - - [23/Jan/2025:21:23:45 +0300] "GET /muoroto-fm/image/app_images/fdea79dad7176ac458fe99927786d3fe.jpeg HTTP/1.1" 200 11477 "-" "Dart/2.19 (dart:io)"
41.81.94.144 - - [23/Jan/2025:21:23:59 +0300] "GET /radio-kaya/image/app_images/00063af6a5c3be4d885d3c4eeca12d58.jpeg HTTP/1.1" 500 2271 "-" "Dart/3.5 (dart:io)"
91.121.60.232 - - [23/Jan/2025:21:24:07 +0300] "GET /radio-kaya/send-push HTTP/2" 200 70 "-" "curl/7.61.1"
91.121.60.232 - - [23/Jan/2025:21:24:07 +0300] "GET /tuliza-fm/send-push HTTP/2" 200 70 "-" "curl/7.61.1"
91.121.60.232 - - [23/Jan/2025:21:25:11 +0300] "GET /tuliza-fm/send-push HTTP/2" 200 70 "-" "curl/7.61.1"
91.121.60.232 - - [23/Jan/2025:21:25:11 +0300] "GET /radio-kaya/send-push HTTP/2" 200 70 "-" "curl/7.61.1"
41.81.94.144 - - [23/Jan/2025:21:25:25 +0300] "GET /radio-kaya/image/app_images/00063af6a5c3be4d885d3c4eeca12d58.jpeg HTTP/1.1" 500 2271 "-" "Dart/3.5 (dart:io)"
91.121.60.232 - - [23/Jan/2025:21:26:10 +0300] "GET /radio-kaya/send-push HTTP/2" 200 70 "-" "curl/7.61.1"
91.121.60.232 - - [23/Jan/2025:21:26:10 +0300] "GET /tuliza-fm/send-push HTTP/2" 200 70 "-" "curl/7.61.1"
91.121.60.232 - - [23/Jan/2025:21:27:04 +0300] "GET /radio-kaya/send-push HTTP/2" 200 70 "-" "curl/7.61.1"
41.90.4.142 - - [23/Jan/2025:21:28:01 +0300] "GET /muoroto-fm/image/app_images/d9351b752c8367458961b74b43df65f7.jpeg HTTP/1.1" 200 241473 "-" "Dart/2.19 (dart:io)"
41.90.4.142 - - [23/Jan/2025:21:28:02 +0300] "GET /muoroto-fm/image/app_images/76117a3cc6d8fdf1ccb3aef44a59f8ec.jpeg HTTP/1.1" 200 121424 "-" "Dart/2.19 (dart:io)"
41.90.4.142 - - [23/Jan/2025:21:28:06 +0300] "GET /muoroto-fm/image/app_images/fdea79dad7176ac458fe99927786d3fe.jpeg HTTP/1.1" 200 11477 "-" "Dart/2.19 (dart:io)"
41.90.4.142 - - [23/Jan/2025:21:28:09 +0300] "GET /muoroto-fm/image/app_images/36347d0febcb9f5cdb48f1f5bd83ae52.jpeg HTTP/1.1" 200 190575 "-" "Dart/2.19 (dart:io)"
91.121.60.232 - - [23/Jan/2025:21:28:14 +0300] "GET /tuliza-fm/send-push HTTP/2" 200 70 "-" "curl/7.61.1"
91.121.60.232 - - [23/Jan/2025:21:28:14 +0300] "GET /radio-kaya/send-push HTTP/2" 200 70 "-" "curl/7.61.1"
91.121.60.232 - - [23/Jan/2025:21:29:08 +0300] "GET /tuliza-fm/send-push HTTP/2" 200 70 "-" "curl/7.61.1"
91.121.60.232 - - [23/Jan/2025:21:29:08 +0300] "GET /radio-kaya/send-push HTTP/2" 200 70 "-" "curl/7.61.1"
91.121.60.232 - - [23/Jan/2025:21:32:07 +0300] "GET /tuliza-fm/send-push HTTP/2" 200 70 "-" "curl/7.61.1"
91.121.60.232 - - [23/Jan/2025:21:32:07 +0300] "GET /radio-kaya/send-push HTTP/2" 200 70 "-" "curl/7.61.1"
91.121.60.232 - - [23/Jan/2025:21:04:19 +0300] "GET /tuliza-fm/send-push HTTP/2" 200 70 "-" "curl/7.61.1"
91.121.60.232 - - [23/Jan/2025:21:05:19 +0300] "GET /tuliza-fm/send-push HTTP/2" 200 70 "-" "curl/7.61.1"
91.121.60.232 - - [23/Jan/2025:21:05:19 +0300] "GET /radio-kaya/send-push HTTP/2" 200 70 "-" "curl/7.61.1"
91.121.60.232 - - [23/Jan/2025:21:06:06 +0300] "GET /tuliza-fm/send-push HTTP/2" 200 70 "-" "curl/7.61.1"
91.121.60.232 - - [23/Jan/2025:21:07:10 +0300] "GET /tuliza-fm/send-push HTTP/2" 200 70 "-" "curl/7.61.1"
91.121.60.232 - - [23/Jan/2025:21:07:10 +0300] "GET /radio-kaya/send-push HTTP/2" 200 70 "-" "curl/7.61.1"
91.121.60.232 - - [23/Jan/2025:21:08:08 +0300] "GET /tuliza-fm/send-push HTTP/2" 200 70 "-" "curl/7.61.1"
91.121.60.232 - - [23/Jan/2025:21:08:08 +0300] "GET /radio-kaya/send-push HTTP/2" 200 70 "-" "curl/7.61.1"
91.121.60.232 - - [23/Jan/2025:21:09:04 +0300] "GET /radio-kaya/send-push HTTP/2" 200 70 "-" "curl/7.61.1"
31.111.23.100 - - [23/Jan/2025:21:09:55 +0300] "GET /radio-kaya/image/app_images/6c1e8d00f6d26186e58248de3ce5b63d.jpeg HTTP/1.1" 200 176955 "-" "Dart/3.5 (dart:io)"
31.111.23.100 - - [23/Jan/2025:21:09:59 +0300] "GET /radio-kaya/image/app_images/53c6d090de1ac1fc79a5be96aef1b723.jpeg HTTP/1.1" 200 189675 "-" "Dart/3.5 (dart:io)"
31.111.23.100 - - [23/Jan/2025:21:10:04 +0300] "GET /radio-kaya/image/app_images/d0e07da0396d97c124f28a72f9c582ed.jpeg HTTP/1.1" 200 231755 "-" "Dart/3.5 (dart:io)"
91.121.60.232 - - [23/Jan/2025:21:10:06 +0300] "GET /radio-kaya/send-push HTTP/2" 200 70 "-" "curl/7.61.1"
91.121.60.232 - - [23/Jan/2025:21:10:07 +0300] "GET /tuliza-fm/send-push HTTP/2" 200 70 "-" "curl/7.61.1"
91.121.60.232 - - [23/Jan/2025:21:11:05 +0300] "GET /radio-kaya/send-push HTTP/2" 200 70 "-" "curl/7.61.1"
91.121.60.232 - - [23/Jan/2025:21:12:04 +0300] "GET /tuliza-fm/send-push HTTP/2" 200 70 "-" "curl/7.61.1"
91.121.60.232 - - [23/Jan/2025:21:13:08 +0300] "GET /tuliza-fm/send-push HTTP/2" 200 70 "-" "curl/7.61.1"
91.121.60.232 - - [23/Jan/2025:21:14:10 +0300] "GET /radio-kaya/send-push HTTP/2" 200 70 "-" "curl/7.61.1"
91.121.60.232 - - [23/Jan/2025:21:15:11 +0300] "GET /radio-kaya/send-push HTTP/2" 200 70 "-" "curl/7.61.1"
91.121.60.232 - - [23/Jan/2025:21:16:10 +0300] "GET /radio-kaya/send-push HTTP/2" 200 70 "-" "curl/7.61.1"
91.121.60.232 - - [23/Jan/2025:21:17:23 +0300] "GET /tuliza-fm/send-push HTTP/2" 200 70 "-" "curl/7.61.1"
91.121.60.232 - - [23/Jan/2025:21:19:05 +0300] "GET /tuliza-fm/send-push HTTP/2" 200 70 "-" "curl/7.61.1"
91.121.60.232 - - [23/Jan/2025:21:20:29 +0300] "GET /radio-kaya/send-push HTTP/2" 200 70 "-" "curl/7.61.1"
91.121.60.232 - - [23/Jan/2025:21:21:13 +0300] "GET /tuliza-fm/send-push HTTP/2" 200 70 "-" "curl/7.61.1"
105.160.72.89 - - [23/Jan/2025:21:22:03 +0300] "GET /tuliza-fm/news-podcast/1 HTTP/1.1" 200 627 "-" "Dart/2.19 (dart:io)"
105.160.72.89 - - [23/Jan/2025:21:23:00 +0300] "GET /tuliza-fm/image/app_images/b3230d82d21e084a595f7e9badd31721.jpeg HTTP/1.1" 200 82204 "-" "Dart/2.19 (dart:io)"
41.90.5.76 - - [23/Jan/2025:21:23:00 +0300] "GET /tuliza-fm/news-podcast/2 HTTP/1.1" 200 642 "-" "Dart/2.19 (dart:io)"
41.90.5.76 - - [23/Jan/2025:21:23:00 +0300] "GET /tuliza-fm/image/app_images/e64bb5f5e70843df0926e762cc93ee15.jpeg HTTP/1.1" 200 109023 "-" "Dart/2.19 (dart:io)"
91.121.60.232 - - [23/Jan/2025:21:23:04 +0300] "GET /radio-kaya/send-push HTTP/2" 200 70 "-" "curl/7.61.1"
105.230.58.47 - - [23/Jan/2025:21:23:41 +0300] "GET /muoroto-fm/news-podcast/1 HTTP/1.1" 200 229 "-" "Dart/2.19 (dart:io)"
91.121.60.232 - - [23/Jan/2025:21:27:05 +0300] "GET /tuliza-fm/send-push HTTP/2" 200 70 "-" "curl/7.61.1"
91.121.60.232 - - [23/Jan/2025:21:30:07 +0300] "GET /tuliza-fm/send-push HTTP/2" 200 70 "-" "curl/7.61.1"
91.121.60.232 - - [23/Jan/2025:21:30:07 +0300] "GET /radio-kaya/send-push HTTP/2" 200 70 "-" "curl/7.61.1"
91.121.60.232 - - [23/Jan/2025:21:31:10 +0300] "GET /tuliza-fm/send-push HTTP/2" 200 70 "-" "curl/7.61.1"
91.121.60.232 - - [23/Jan/2025:21:31:10 +0300] "GET /radio-kaya/send-push HTTP/2" 200 70 "-" "curl/7.61.1"
105.160.66.93 - - [23/Jan/2025:21:33:04 +0300] "GET /muoroto-fm/image/app_images/4bfe541a3dc19b6a64cbfddc9ad4d62d.jpeg HTTP/1.1" 200 13475 "-" "Dart/2.19 (dart:io)"
105.160.66.93 - - [23/Jan/2025:21:33:06 +0300] "GET /muoroto-fm/image/app_images/6594a2859ed4334fce7305e50a84feee.jpeg HTTP/1.1" 200 13330 "-" "Dart/2.19 (dart:io)"
91.121.60.232 - - [23/Jan/2025:21:33:12 +0300] "GET /radio-kaya/send-push HTTP/2" 200 70 "-" "curl/7.61.1"
154.159.252.219 - - [23/Jan/2025:21:34:33 +0300] "GET /muoroto-fm/news-podcast/1 HTTP/1.1" 200 229 "-" "Dart/2.19 (dart:io)"
154.159.252.219 - - [23/Jan/2025:21:34:33 +0300] "GET /muoroto-fm/assets/img/logo.png HTTP/1.1" 200 92381 "-" "Dart/2.19 (dart:io)"
154.159.252.219 - - [23/Jan/2025:21:34:34 +0300] "GET /muoroto-fm/image/app_images/fdea79dad7176ac458fe99927786d3fe.jpeg HTTP/1.1" 200 11477 "-" "Dart/2.19 (dart:io)"
91.121.60.232 - - [23/Jan/2025:21:35:12 +0300] "GET /tuliza-fm/send-push HTTP/2" 200 70 "-" "curl/7.61.1"
91.121.60.232 - - [23/Jan/2025:21:35:12 +0300] "GET /radio-kaya/send-push HTTP/2" 200 70 "-" "curl/7.61.1"
91.121.60.232 - - [23/Jan/2025:21:36:16 +0300] "GET /tuliza-fm/send-push HTTP/2" 200 70 "-" "curl/7.61.1"
91.121.60.232 - - [23/Jan/2025:21:37:07 +0300] "GET /radio-kaya/send-push HTTP/2" 200 70 "-" "curl/7.61.1"
91.121.60.232 - - [23/Jan/2025:21:38:07 +0300] "GET /radio-kaya/send-push HTTP/2" 200 70 "-" "curl/7.61.1"
91.121.60.232 - - [23/Jan/2025:21:40:14 +0300] "GET /tuliza-fm/send-push HTTP/2" 200 70 "-" "curl/7.61.1"
41.90.217.32 - - [23/Jan/2025:21:41:10 +0300] "GET /muoroto-fm/image/app_images/fdea79dad7176ac458fe99927786d3fe.jpeg HTTP/1.1" 200 11477 "-" "Dart/2.19 (dart:io)"
91.121.60.232 - - [23/Jan/2025:21:41:12 +0300] "GET /tuliza-fm/send-push HTTP/2" 200 70 "-" "curl/7.61.1"
91.121.60.232 - - [23/Jan/2025:21:41:12 +0300] "GET /radio-kaya/send-push HTTP/2" 200 70 "-" "curl/7.61.1"
41.90.217.32 - - [23/Jan/2025:21:41:12 +0300] "GET /muoroto-fm/image/app_images/36347d0febcb9f5cdb48f1f5bd83ae52.jpeg HTTP/1.1" 200 190575 "-" "Dart/2.19 (dart:io)"
41.90.217.32 - - [23/Jan/2025:21:41:16 +0300] "GET /muoroto-fm/image/app_images/4bfe541a3dc19b6a64cbfddc9ad4d62d.jpeg HTTP/1.1" 200 13475 "-" "Dart/2.19 (dart:io)"
41.90.217.32 - - [23/Jan/2025:21:41:20 +0300] "GET /muoroto-fm/image/app_images/6594a2859ed4334fce7305e50a84feee.jpeg HTTP/1.1" 200 13330 "-" "Dart/2.19 (dart:io)"
41.90.217.32 - - [23/Jan/2025:21:41:24 +0300] "GET /muoroto-fm/image/app_images/1e8a153acc9808f8e86e251e67d76d7f.jpeg HTTP/1.1" 200 94947 "-" "Dart/2.19 (dart:io)"
41.90.217.32 - - [23/Jan/2025:21:41:28 +0300] "GET /muoroto-fm/image/app_images/41a743f51e8413d6b280a050463c56ea.jpeg HTTP/1.1" 200 182382 "-" "Dart/2.19 (dart:io)"
2.90.90.56 - - [23/Jan/2025:21:41:30 +0300] "GET /radio-kaya/news-podcast/1 HTTP/1.1" 200 2076 "-" "Dart/3.5 (dart:io)"
41.90.217.32 - - [23/Jan/2025:21:41:32 +0300] "GET /muoroto-fm/image/app_images/d9351b752c8367458961b74b43df65f7.jpeg HTTP/1.1" 200 241473 "-" "Dart/2.19 (dart:io)"
41.90.217.32 - - [23/Jan/2025:21:41:36 +0300] "GET /muoroto-fm/image/app_images/76117a3cc6d8fdf1ccb3aef44a59f8ec.jpeg HTTP/1.1" 200 121424 "-" "Dart/2.19 (dart:io)"
2.90.90.56 - - [23/Jan/2025:21:42:10 +0300] "GET /radio-kaya/image/app_images/230bef51dbd5f9be8e5be7939434f68b.jpeg HTTP/1.1" 200 145026 "-" "Dart/3.5 (dart:io)"
2.90.90.56 - - [23/Jan/2025:21:42:14 +0300] "GET /radio-kaya/image/app_images/b8bb6104f88200aafbea532743a313ec.jpeg HTTP/1.1" 200 97711 "-" "Dart/3.5 (dart:io)"
2.90.90.56 - - [23/Jan/2025:21:42:19 +0300] "GET /radio-kaya/image/app_images/00063af6a5c3be4d885d3c4eeca12d58.jpeg HTTP/1.1" 500 2271 "-" "Dart/3.5 (dart:io)"
2.90.90.56 - - [23/Jan/2025:21:42:25 +0300] "GET /radio-kaya/image/app_images/ca2add8f43f3cdf6afff29778d58ab41.jpeg HTTP/1.1" 200 173948 "-" "Dart/3.5 (dart:io)"
91.121.60.232 - - [23/Jan/2025:21:44:15 +0300] "GET /radio-kaya/send-push HTTP/2" 200 70 "-" "curl/7.61.1"
91.121.60.232 - - [23/Jan/2025:21:46:13 +0300] "GET /radio-kaya/send-push HTTP/2" 200 70 "-" "curl/7.61.1"
91.121.60.232 - - [23/Jan/2025:21:33:12 +0300] "GET /tuliza-fm/send-push HTTP/2" 200 70 "-" "curl/7.61.1"
91.121.60.232 - - [23/Jan/2025:21:34:13 +0300] "GET /radio-kaya/send-push HTTP/2" 200 70 "-" "curl/7.61.1"
91.121.60.232 - - [23/Jan/2025:21:34:13 +0300] "GET /tuliza-fm/send-push HTTP/2" 200 70 "-" "curl/7.61.1"
91.121.60.232 - - [23/Jan/2025:21:36:16 +0300] "GET /radio-kaya/send-push HTTP/2" 200 70 "-" "curl/7.61.1"
91.121.60.232 - - [23/Jan/2025:21:37:07 +0300] "GET /tuliza-fm/send-push HTTP/2" 200 70 "-" "curl/7.61.1"
91.121.60.232 - - [23/Jan/2025:21:38:07 +0300] "GET /tuliza-fm/send-push HTTP/2" 200 70 "-" "curl/7.61.1"
91.121.60.232 - - [23/Jan/2025:21:39:05 +0300] "GET /radio-kaya/send-push HTTP/2" 200 70 "-" "curl/7.61.1"
91.121.60.232 - - [23/Jan/2025:21:39:05 +0300] "GET /tuliza-fm/send-push HTTP/2" 200 70 "-" "curl/7.61.1"
91.121.60.232 - - [23/Jan/2025:21:40:14 +0300] "GET /radio-kaya/send-push HTTP/2" 200 70 "-" "curl/7.61.1"
41.90.217.32 - - [23/Jan/2025:21:41:09 +0300] "GET /muoroto-fm/news-podcast/1 HTTP/1.1" 200 229 "-" "Dart/2.19 (dart:io)"
2.90.90.56 - - [23/Jan/2025:21:41:32 +0300] "GET /radio-kaya/image/app_images/6c1e8d00f6d26186e58248de3ce5b63d.jpeg HTTP/1.1" 200 176955 "-" "Dart/3.5 (dart:io)"
2.90.90.56 - - [23/Jan/2025:21:41:34 +0300] "GET /radio-kaya/image/app_images/53c6d090de1ac1fc79a5be96aef1b723.jpeg HTTP/1.1" 200 189675 "-" "Dart/3.5 (dart:io)"
2.90.90.56 - - [23/Jan/2025:21:41:39 +0300] "GET /radio-kaya/image/app_images/d0e07da0396d97c124f28a72f9c582ed.jpeg HTTP/1.1" 200 231755 "-" "Dart/3.5 (dart:io)"
2.90.90.56 - - [23/Jan/2025:21:41:44 +0300] "GET /radio-kaya/image/app_images/ae92195b33b098288be00c0c0f15fd6f.jpeg HTTP/1.1" 200 71512 "-" "Dart/3.5 (dart:io)"
2.90.90.56 - - [23/Jan/2025:21:41:49 +0300] "GET /radio-kaya/image/app_images/e6523160b707eea607fc6f999a09a94c.jpeg HTTP/1.1" 200 211291 "-" "Dart/3.5 (dart:io)"
2.90.90.56 - - [23/Jan/2025:21:41:54 +0300] "GET /radio-kaya/image/app_images/e83168c87b139aac4a42eae24c67ad3a.jpeg HTTP/1.1" 200 401010 "-" "Dart/3.5 (dart:io)"
2.90.90.56 - - [23/Jan/2025:21:41:59 +0300] "GET /radio-kaya/image/app_images/cf8c510fbe97e70405b84b770d2b4ea7.jpeg HTTP/1.1" 200 301037 "-" "Dart/3.5 (dart:io)"
91.121.60.232 - - [23/Jan/2025:21:42:11 +0300] "GET /tuliza-fm/send-push HTTP/2" 200 70 "-" "curl/7.61.1"
91.121.60.232 - - [23/Jan/2025:21:42:11 +0300] "GET /radio-kaya/send-push HTTP/2" 200 70 "-" "curl/7.61.1"
2.90.90.56 - - [23/Jan/2025:21:42:04 +0300] "GET /radio-kaya/image/app_images/e6aff8951c6fede61f120ef52f6cea42.jpeg HTTP/1.1" 200 8071081 "-" "Dart/3.5 (dart:io)"
91.121.60.232 - - [23/Jan/2025:21:43:08 +0300] "GET /tuliza-fm/send-push HTTP/2" 200 70 "-" "curl/7.61.1"
91.121.60.232 - - [23/Jan/2025:21:43:09 +0300] "GET /radio-kaya/send-push HTTP/2" 200 70 "-" "curl/7.61.1"
91.121.60.232 - - [23/Jan/2025:21:44:15 +0300] "GET /tuliza-fm/send-push HTTP/2" 200 70 "-" "curl/7.61.1"
91.121.60.232 - - [23/Jan/2025:21:45:13 +0300] "GET /tuliza-fm/send-push HTTP/2" 200 70 "-" "curl/7.61.1"
91.121.60.232 - - [23/Jan/2025:21:45:13 +0300] "GET /radio-kaya/send-push HTTP/2" 200 70 "-" "curl/7.61.1"
91.121.60.232 - - [23/Jan/2025:21:48:10 +0300] "GET /radio-kaya/send-push HTTP/2" 200 70 "-" "curl/7.61.1"
91.121.60.232 - - [23/Jan/2025:21:49:19 +0300] "GET /tuliza-fm/send-push HTTP/2" 200 70 "-" "curl/7.61.1"
91.121.60.232 - - [23/Jan/2025:21:50:13 +0300] "GET /tuliza-fm/send-push HTTP/2" 200 70 "-" "curl/7.61.1"
91.121.60.232 - - [23/Jan/2025:21:50:13 +0300] "GET /radio-kaya/send-push HTTP/2" 200 70 "-" "curl/7.61.1"
91.121.60.232 - - [23/Jan/2025:21:51:32 +0300] "GET /radio-kaya/send-push HTTP/2" 200 70 "-" "curl/7.61.1"
91.121.60.232 - - [23/Jan/2025:21:53:04 +0300] "GET /radio-kaya/send-push HTTP/2" 200 70 "-" "curl/7.61.1"
91.121.60.232 - - [23/Jan/2025:21:54:03 +0300] "GET /radio-kaya/send-push HTTP/2" 200 70 "-" "curl/7.61.1"
91.121.60.232 - - [23/Jan/2025:21:54:03 +0300] "GET /tuliza-fm/send-push HTTP/2" 200 70 "-" "curl/7.61.1"
91.121.60.232 - - [23/Jan/2025:21:55:07 +0300] "GET /radio-kaya/send-push HTTP/2" 200 70 "-" "curl/7.61.1"
91.121.60.232 - - [23/Jan/2025:21:55:07 +0300] "GET /tuliza-fm/send-push HTTP/2" 200 70 "-" "curl/7.61.1"
91.121.60.232 - - [23/Jan/2025:21:56:04 +0300] "GET /tuliza-fm/send-push HTTP/2" 200 70 "-" "curl/7.61.1"
91.121.60.232 - - [23/Jan/2025:21:57:08 +0300] "GET /radio-kaya/send-push HTTP/2" 200 70 "-" "curl/7.61.1"
91.121.60.232 - - [23/Jan/2025:21:58:09 +0300] "GET /radio-kaya/send-push HTTP/2" 200 70 "-" "curl/7.61.1"
91.121.60.232 - - [23/Jan/2025:21:58:09 +0300] "GET /tuliza-fm/send-push HTTP/2" 200 70 "-" "curl/7.61.1"
91.121.60.232 - - [23/Jan/2025:21:59:11 +0300] "GET /tuliza-fm/send-push HTTP/2" 200 70 "-" "curl/7.61.1"
91.121.60.232 - - [23/Jan/2025:21:59:11 +0300] "GET /radio-kaya/send-push HTTP/2" 200 70 "-" "curl/7.61.1"
91.121.60.232 - - [23/Jan/2025:22:00:14 +0300] "GET /radio-kaya/send-push HTTP/2" 200 70 "-" "curl/7.61.1"
91.121.60.232 - - [23/Jan/2025:22:01:06 +0300] "GET /tuliza-fm/send-push HTTP/2" 200 70 "-" "curl/7.61.1"
91.121.60.232 - - [23/Jan/2025:22:02:09 +0300] "GET /tuliza-fm/send-push HTTP/2" 200 70 "-" "curl/7.61.1"
91.121.60.232 - - [23/Jan/2025:22:03:05 +0300] "GET /radio-kaya/send-push HTTP/2" 200 70 "-" "curl/7.61.1"
91.121.60.232 - - [23/Jan/2025:22:04:05 +0300] "GET /radio-kaya/send-push HTTP/2" 200 70 "-" "curl/7.61.1"
91.121.60.232 - - [23/Jan/2025:22:04:05 +0300] "GET /tuliza-fm/send-push HTTP/2" 200 70 "-" "curl/7.61.1"
91.121.60.232 - - [23/Jan/2025:22:05:07 +0300] "GET /radio-kaya/send-push HTTP/2" 200 70 "-" "curl/7.61.1"
91.121.60.232 - - [23/Jan/2025:22:06:07 +0300] "GET /radio-kaya/send-push HTTP/2" 200 70 "-" "curl/7.61.1"
41.90.216.146 - - [23/Jan/2025:22:06:25 +0300] "GET /radio-kaya/news-podcast/1 HTTP/1.1" 200 2076 "-" "Dart/3.5 (dart:io)"
154.159.254.43 - - [23/Jan/2025:22:06:36 +0300] "GET /muoroto-fm/news-podcast/1 HTTP/1.1" 200 229 "-" "Dart/2.19 (dart:io)"
154.159.254.43 - - [23/Jan/2025:22:06:36 +0300] "GET /muoroto-fm/assets/img/logo.png HTTP/1.1" 200 92381 "-" "Dart/2.19 (dart:io)"
105.161.221.231 - - [23/Jan/2025:22:06:39 +0300] "GET /radio-kaya/news-podcast/1 HTTP/1.1" 200 2076 "-" "Dart/3.5 (dart:io)"
91.121.60.232 - - [23/Jan/2025:22:07:03 +0300] "GET /radio-kaya/send-push HTTP/2" 200 70 "-" "curl/7.61.1"
91.121.60.232 - - [23/Jan/2025:22:07:03 +0300] "GET /tuliza-fm/send-push HTTP/2" 200 70 "-" "curl/7.61.1"
91.121.60.232 - - [23/Jan/2025:22:09:05 +0300] "GET /radio-kaya/send-push HTTP/2" 200 70 "-" "curl/7.61.1"
91.121.60.232 - - [23/Jan/2025:22:10:08 +0300] "GET /radio-kaya/send-push HTTP/2" 200 70 "-" "curl/7.61.1"
196.201.218.69 - - [23/Jan/2025:22:10:39 +0300] "GET /muoroto-fm/news-podcast/1 HTTP/1.1" 200 229 "-" "Dart/2.19 (dart:io)"
196.201.218.69 - - [23/Jan/2025:22:11:19 +0300] "GET /muoroto-fm/image/app_images/36347d0febcb9f5cdb48f1f5bd83ae52.jpeg HTTP/1.1" 200 190575 "-" "Dart/2.19 (dart:io)"
91.121.60.232 - - [23/Jan/2025:22:12:06 +0300] "GET /tuliza-fm/send-push HTTP/2" 200 70 "-" "curl/7.61.1"
91.121.60.232 - - [23/Jan/2025:22:13:06 +0300] "GET /tuliza-fm/send-push HTTP/2" 200 70 "-" "curl/7.61.1"
196.201.210.124 - - [23/Jan/2025:22:13:08 +0300] "GET /muoroto-fm/image/app_images/fdea79dad7176ac458fe99927786d3fe.jpeg HTTP/1.1" 200 11477 "-" "Dart/2.19 (dart:io)"
196.201.210.124 - - [23/Jan/2025:22:13:18 +0300] "GET /muoroto-fm/image/app_images/36347d0febcb9f5cdb48f1f5bd83ae52.jpeg HTTP/1.1" 200 190575 "-" "Dart/2.19 (dart:io)"
91.121.60.232 - - [23/Jan/2025:22:15:08 +0300] "GET /tuliza-fm/send-push HTTP/2" 200 70 "-" "curl/7.61.1"
196.201.210.124 - - [23/Jan/2025:22:15:16 +0300] "GET /muoroto-fm/image/app_images/4bfe541a3dc19b6a64cbfddc9ad4d62d.jpeg HTTP/1.1" 200 13475 "-" "Dart/2.19 (dart:io)"
196.201.210.124 - - [23/Jan/2025:22:15:18 +0300] "GET /muoroto-fm/image/app_images/6594a2859ed4334fce7305e50a84feee.jpeg HTTP/1.1" 200 13330 "-" "Dart/2.19 (dart:io)"
91.121.60.232 - - [23/Jan/2025:22:17:03 +0300] "GET /radio-kaya/send-push HTTP/2" 200 70 "-" "curl/7.61.1"
91.121.60.232 - - [23/Jan/2025:21:46:14 +0300] "GET /tuliza-fm/send-push HTTP/2" 200 70 "-" "curl/7.61.1"
91.121.60.232 - - [23/Jan/2025:21:47:07 +0300] "GET /tuliza-fm/send-push HTTP/2" 200 70 "-" "curl/7.61.1"
91.121.60.232 - - [23/Jan/2025:21:47:07 +0300] "GET /radio-kaya/send-push HTTP/2" 200 70 "-" "curl/7.61.1"
91.121.60.232 - - [23/Jan/2025:21:48:10 +0300] "GET /tuliza-fm/send-push HTTP/2" 200 70 "-" "curl/7.61.1"
91.121.60.232 - - [23/Jan/2025:21:49:18 +0300] "GET /radio-kaya/send-push HTTP/2" 200 70 "-" "curl/7.61.1"
91.121.60.232 - - [23/Jan/2025:21:51:30 +0300] "GET /tuliza-fm/send-push HTTP/2" 200 70 "-" "curl/7.61.1"
91.121.60.232 - - [23/Jan/2025:21:52:14 +0300] "GET /tuliza-fm/send-push HTTP/2" 200 70 "-" "curl/7.61.1"
91.121.60.232 - - [23/Jan/2025:21:52:14 +0300] "GET /radio-kaya/send-push HTTP/2" 200 70 "-" "curl/7.61.1"
91.121.60.232 - - [23/Jan/2025:21:53:04 +0300] "GET /tuliza-fm/send-push HTTP/2" 200 70 "-" "curl/7.61.1"
