95.184.89.133 - - [23/Jan/2025:15:03:21 +0300] "GET /radio-kaya/image/app_images/ae92195b33b098288be00c0c0f15fd6f.jpeg HTTP/1.1" 200 71512 "-" "Dart/3.5 (dart:io)"
95.184.89.133 - - [23/Jan/2025:15:03:26 +0300] "GET /radio-kaya/image/app_images/e6523160b707eea607fc6f999a09a94c.jpeg HTTP/1.1" 200 211291 "-" "Dart/3.5 (dart:io)"
95.184.89.133 - - [23/Jan/2025:15:03:31 +0300] "GET /radio-kaya/image/app_images/e83168c87b139aac4a42eae24c67ad3a.jpeg HTTP/1.1" 200 401010 "-" "Dart/3.5 (dart:io)"
95.184.89.133 - - [23/Jan/2025:15:03:36 +0300] "GET /radio-kaya/image/app_images/cf8c510fbe97e70405b84b770d2b4ea7.jpeg HTTP/1.1" 200 301037 "-" "Dart/3.5 (dart:io)"
84.175.93.246 - - [23/Jan/2025:15:04:12 +0300] "GET /radio-kaya/image/app_images/00063af6a5c3be4d885d3c4eeca12d58.jpeg HTTP/1.1" 500 2271 "-" "Dart/3.5 (dart:io)"
95.184.89.133 - - [23/Jan/2025:15:03:00 +0300] "GET /radio-kaya/image/app_images/00063af6a5c3be4d885d3c4eeca12d58.jpeg HTTP/1.1" 500 2271 "-" "Dart/3.5 (dart:io)"
91.121.60.232 - - [23/Jan/2025:15:03:05 +0300] "GET /tuliza-fm/send-push HTTP/2" 200 70 "-" "curl/7.61.1"
84.175.93.246 - - [23/Jan/2025:15:03:12 +0300] "GET /radio-kaya/image/app_images/00063af6a5c3be4d885d3c4eeca12d58.jpeg HTTP/1.1" 500 2271 "-" "Dart/3.5 (dart:io)"
130.164.168.36 - - [23/Jan/2025:15:03:54 +0300] "GET /radio-kaya/image/app_images/00063af6a5c3be4d885d3c4eeca12d58.jpeg HTTP/1.1" 500 2271 "-" "Dart/3.5 (dart:io)"
91.121.60.232 - - [23/Jan/2025:15:04:07 +0300] "GET /radio-kaya/send-push HTTP/2" 200 70 "-" "curl/7.61.1"
91.121.60.232 - - [23/Jan/2025:15:04:07 +0300] "GET /tuliza-fm/send-push HTTP/2" 200 70 "-" "curl/7.61.1"
91.121.60.232 - - [23/Jan/2025:14:50:11 +0300] "GET /tuliza-fm/send-push HTTP/2" 200 70 "-" "curl/7.61.1"
91.121.60.232 - - [23/Jan/2025:14:50:11 +0300] "GET /radio-kaya/send-push HTTP/2" 200 70 "-" "curl/7.61.1"
91.121.60.232 - - [23/Jan/2025:14:51:06 +0300] "GET /tuliza-fm/send-push HTTP/2" 200 70 "-" "curl/7.61.1"
91.121.60.232 - - [23/Jan/2025:14:52:04 +0300] "GET /tuliza-fm/send-push HTTP/2" 200 70 "-" "curl/7.61.1"
91.121.60.232 - - [23/Jan/2025:14:52:04 +0300] "GET /radio-kaya/send-push HTTP/2" 200 70 "-" "curl/7.61.1"
196.97.0.83 - - [23/Jan/2025:14:52:34 +0300] "GET /tuliza-fm/image/app_images/5fd1fc8f6d15c950cf64e43ffd97b177.jpeg HTTP/1.1" 200 74238 "-" "Dart/2.19 (dart:io)"
95.184.89.133 - - [23/Jan/2025:14:53:17 +0300] "GET /radio-kaya/image/app_images/00063af6a5c3be4d885d3c4eeca12d58.jpeg HTTP/1.1" 500 2271 "-" "Dart/3.5 (dart:io)"
95.184.89.133 - - [23/Jan/2025:14:53:22 +0300] "GET /radio-kaya/image/app_images/ca2add8f43f3cdf6afff29778d58ab41.jpeg HTTP/1.1" 200 173948 "-" "Dart/3.5 (dart:io)"
95.184.89.133 - - [23/Jan/2025:14:53:26 +0300] "GET /radio-kaya/image/app_images/6c1e8d00f6d26186e58248de3ce5b63d.jpeg HTTP/1.1" 200 176955 "-" "Dart/3.5 (dart:io)"
95.184.89.133 - - [23/Jan/2025:14:53:31 +0300] "GET /radio-kaya/image/app_images/53c6d090de1ac1fc79a5be96aef1b723.jpeg HTTP/1.1" 200 189675 "-" "Dart/3.5 (dart:io)"
95.184.89.133 - - [23/Jan/2025:14:53:36 +0300] "GET /radio-kaya/image/app_images/d0e07da0396d97c124f28a72f9c582ed.jpeg HTTP/1.1" 200 231755 "-" "Dart/3.5 (dart:io)"
95.184.89.133 - - [23/Jan/2025:14:53:41 +0300] "GET /radio-kaya/image/app_images/ae92195b33b098288be00c0c0f15fd6f.jpeg HTTP/1.1" 200 71512 "-" "Dart/3.5 (dart:io)"
95.184.89.133 - - [23/Jan/2025:14:53:46 +0300] "GET /radio-kaya/image/app_images/e6523160b707eea607fc6f999a09a94c.jpeg HTTP/1.1" 200 211291 "-" "Dart/3.5 (dart:io)"
91.121.60.232 - - [23/Jan/2025:14:54:04 +0300] "GET /tuliza-fm/send-push HTTP/2" 200 70 "-" "curl/7.61.1"
91.121.60.232 - - [23/Jan/2025:14:54:04 +0300] "GET /radio-kaya/send-push HTTP/2" 200 70 "-" "curl/7.61.1"
91.121.60.232 - - [23/Jan/2025:14:55:05 +0300] "GET /tuliza-fm/send-push HTTP/2" 200 70 "-" "curl/7.61.1"
91.121.60.232 - - [23/Jan/2025:14:55:05 +0300] "GET /radio-kaya/send-push HTTP/2" 200 70 "-" "curl/7.61.1"
91.121.60.232 - - [23/Jan/2025:14:56:04 +0300] "GET /radio-kaya/send-push HTTP/2" 200 70 "-" "curl/7.61.1"
91.121.60.232 - - [23/Jan/2025:15:00:12 +0300] "GET /tuliza-fm/send-push HTTP/2" 200 70 "-" "curl/7.61.1"
84.175.93.246 - - [23/Jan/2025:15:02:12 +0300] "GET /radio-kaya/image/app_images/00063af6a5c3be4d885d3c4eeca12d58.jpeg HTTP/1.1" 500 2271 "-" "Dart/3.5 (dart:io)"
84.175.93.246 - - [23/Jan/2025:15:00:47 +0300] "GET /radio-kaya/image/app_images/e83168c87b139aac4a42eae24c67ad3a.jpeg HTTP/1.1" 200 401010 "-" "Dart/3.5 (dart:io)"
84.175.93.246 - - [23/Jan/2025:15:00:52 +0300] "GET /radio-kaya/image/app_images/cf8c510fbe97e70405b84b770d2b4ea7.jpeg HTTP/1.1" 200 301037 "-" "Dart/3.5 (dart:io)"
84.175.93.246 - - [23/Jan/2025:15:00:57 +0300] "GET /radio-kaya/image/app_images/e6aff8951c6fede61f120ef52f6cea42.jpeg HTTP/1.1" 200 8071081 "-" "Dart/3.5 (dart:io)"
84.175.93.246 - - [23/Jan/2025:15:01:02 +0300] "GET /radio-kaya/image/app_images/230bef51dbd5f9be8e5be7939434f68b.jpeg HTTP/1.1" 200 145026 "-" "Dart/3.5 (dart:io)"
91.121.60.232 - - [23/Jan/2025:15:01:06 +0300] "GET /radio-kaya/send-push HTTP/2" 200 70 "-" "curl/7.61.1"
91.121.60.232 - - [23/Jan/2025:15:01:06 +0300] "GET /tuliza-fm/send-push HTTP/2" 200 70 "-" "curl/7.61.1"
84.175.93.246 - - [23/Jan/2025:15:01:07 +0300] "GET /radio-kaya/image/app_images/b8bb6104f88200aafbea532743a313ec.jpeg HTTP/1.1" 200 97711 "-" "Dart/3.5 (dart:io)"
84.175.93.246 - - [23/Jan/2025:15:01:12 +0300] "GET /radio-kaya/image/app_images/00063af6a5c3be4d885d3c4eeca12d58.jpeg HTTP/1.1" 500 2271 "-" "Dart/3.5 (dart:io)"
84.175.93.246 - - [23/Jan/2025:15:01:17 +0300] "GET /radio-kaya/image/app_images/ca2add8f43f3cdf6afff29778d58ab41.jpeg HTTP/1.1" 200 173948 "-" "Dart/3.5 (dart:io)"
95.184.89.133 - - [23/Jan/2025:15:01:24 +0300] "GET /radio-kaya/image/app_images/230bef51dbd5f9be8e5be7939434f68b.jpeg HTTP/1.1" 200 145026 "-" "Dart/3.5 (dart:io)"
95.184.89.133 - - [23/Jan/2025:15:01:26 +0300] "GET /radio-kaya/image/app_images/b8bb6104f88200aafbea532743a313ec.jpeg HTTP/1.1" 200 97711 "-" "Dart/3.5 (dart:io)"
91.121.60.232 - - [23/Jan/2025:15:02:12 +0300] "GET /radio-kaya/send-push HTTP/2" 200 70 "-" "curl/7.61.1"
91.121.60.232 - - [23/Jan/2025:15:02:12 +0300] "GET /tuliza-fm/send-push HTTP/2" 200 70 "-" "curl/7.61.1"
95.184.89.133 - - [23/Jan/2025:15:04:42 +0300] "GET /radio-kaya/image/app_images/230bef51dbd5f9be8e5be7939434f68b.jpeg HTTP/1.1" 200 145026 "-" "Dart/3.5 (dart:io)"
95.184.89.133 - - [23/Jan/2025:15:04:49 +0300] "GET /radio-kaya/image/app_images/b8bb6104f88200aafbea532743a313ec.jpeg HTTP/1.1" 200 97711 "-" "Dart/3.5 (dart:io)"
95.184.89.133 - - [23/Jan/2025:15:04:51 +0300] "GET /radio-kaya/image/app_images/00063af6a5c3be4d885d3c4eeca12d58.jpeg HTTP/1.1" 500 2271 "-" "Dart/3.5 (dart:io)"
91.121.60.232 - - [23/Jan/2025:15:05:09 +0300] "GET /radio-kaya/send-push HTTP/2" 200 70 "-" "curl/7.61.1"
84.175.93.246 - - [23/Jan/2025:15:05:12 +0300] "GET /radio-kaya/image/app_images/00063af6a5c3be4d885d3c4eeca12d58.jpeg HTTP/1.1" 500 2271 "-" "Dart/3.5 (dart:io)"
95.184.89.133 - - [23/Jan/2025:15:05:51 +0300] "GET /radio-kaya/image/app_images/ca2add8f43f3cdf6afff29778d58ab41.jpeg HTTP/1.1" 200 173948 "-" "Dart/3.5 (dart:io)"
95.184.89.133 - - [23/Jan/2025:15:05:52 +0300] "GET /radio-kaya/image/app_images/6c1e8d00f6d26186e58248de3ce5b63d.jpeg HTTP/1.1" 200 176955 "-" "Dart/3.5 (dart:io)"
95.184.89.133 - - [23/Jan/2025:15:05:56 +0300] "GET /radio-kaya/image/app_images/53c6d090de1ac1fc79a5be96aef1b723.jpeg HTTP/1.1" 200 189675 "-" "Dart/3.5 (dart:io)"
95.184.89.133 - - [23/Jan/2025:15:06:01 +0300] "GET /radio-kaya/image/app_images/d0e07da0396d97c124f28a72f9c582ed.jpeg HTTP/1.1" 200 231755 "-" "Dart/3.5 (dart:io)"
95.184.89.133 - - [23/Jan/2025:15:06:06 +0300] "GET /radio-kaya/image/app_images/ae92195b33b098288be00c0c0f15fd6f.jpeg HTTP/1.1" 200 71512 "-" "Dart/3.5 (dart:io)"
95.184.89.133 - - [23/Jan/2025:15:06:11 +0300] "GET /radio-kaya/image/app_images/e6523160b707eea607fc6f999a09a94c.jpeg HTTP/1.1" 200 211291 "-" "Dart/3.5 (dart:io)"
84.175.93.246 - - [23/Jan/2025:15:06:12 +0300] "GET /radio-kaya/image/app_images/00063af6a5c3be4d885d3c4eeca12d58.jpeg HTTP/1.1" 500 2271 "-" "Dart/3.5 (dart:io)"
84.175.93.246 - - [23/Jan/2025:15:07:12 +0300] "GET /radio-kaya/image/app_images/00063af6a5c3be4d885d3c4eeca12d58.jpeg HTTP/1.1" 500 2271 "-" "Dart/3.5 (dart:io)"
91.121.60.232 - - [23/Jan/2025:15:08:05 +0300] "GET /radio-kaya/send-push HTTP/2" 200 70 "-" "curl/7.61.1"
84.175.93.246 - - [23/Jan/2025:15:08:12 +0300] "GET /radio-kaya/image/app_images/00063af6a5c3be4d885d3c4eeca12d58.jpeg HTTP/1.1" 500 2271 "-" "Dart/3.5 (dart:io)"
198.244.143.113 - - [23/Jan/2025:15:08:38 +0300] "GET /muoroto-fm/image/app_images/4bfe541a3dc19b6a64cbfddc9ad4d62d.jpeg HTTP/1.1" 200 13475 "-" "Dart/2.19 (dart:io)"
198.244.143.113 - - [23/Jan/2025:15:08:41 +0300] "GET /muoroto-fm/image/app_images/6594a2859ed4334fce7305e50a84feee.jpeg HTTP/1.1" 200 13330 "-" "Dart/2.19 (dart:io)"
198.244.143.113 - - [23/Jan/2025:15:08:45 +0300] "GET /muoroto-fm/image/app_images/1e8a153acc9808f8e86e251e67d76d7f.jpeg HTTP/1.1" 200 94947 "-" "Dart/2.19 (dart:io)"
198.244.143.113 - - [23/Jan/2025:15:08:49 +0300] "GET /muoroto-fm/image/app_images/41a743f51e8413d6b280a050463c56ea.jpeg HTTP/1.1" 200 182382 "-" "Dart/2.19 (dart:io)"
91.121.60.232 - - [23/Jan/2025:15:09:07 +0300] "GET /radio-kaya/send-push HTTP/2" 200 70 "-" "curl/7.61.1"
91.121.60.232 - - [23/Jan/2025:15:10:14 +0300] "GET /radio-kaya/send-push HTTP/2" 200 70 "-" "curl/7.61.1"
91.121.60.232 - - [23/Jan/2025:15:10:14 +0300] "GET /tuliza-fm/send-push HTTP/2" 200 70 "-" "curl/7.61.1"
102.0.5.92 - - [23/Jan/2025:15:10:21 +0300] "GET /muoroto-fm/news-podcast/1 HTTP/1.1" 200 229 "-" "Dart/2.19 (dart:io)"
102.0.5.92 - - [23/Jan/2025:15:10:24 +0300] "GET /muoroto-fm/image/app_images/fdea79dad7176ac458fe99927786d3fe.jpeg HTTP/1.1" 200 11477 "-" "Dart/2.19 (dart:io)"
91.121.60.232 - - [23/Jan/2025:15:11:08 +0300] "GET /radio-kaya/send-push HTTP/2" 200 70 "-" "curl/7.61.1"
91.121.60.232 - - [23/Jan/2025:15:11:08 +0300] "GET /tuliza-fm/send-push HTTP/2" 200 70 "-" "curl/7.61.1"
95.184.89.133 - - [23/Jan/2025:15:11:22 +0300] "GET /radio-kaya/image/app_images/ca2add8f43f3cdf6afff29778d58ab41.jpeg HTTP/1.1" 200 173948 "-" "Dart/3.5 (dart:io)"
95.184.89.133 - - [23/Jan/2025:15:04:39 +0300] "GET /radio-kaya/image/app_images/e6aff8951c6fede61f120ef52f6cea42.jpeg HTTP/1.1" 200 8071081 "-" "Dart/3.5 (dart:io)"
91.121.60.232 - - [23/Jan/2025:15:05:09 +0300] "GET /tuliza-fm/send-push HTTP/2" 200 70 "-" "curl/7.61.1"
91.121.60.232 - - [23/Jan/2025:15:06:06 +0300] "GET /tuliza-fm/send-push HTTP/2" 200 70 "-" "curl/7.61.1"
91.121.60.232 - - [23/Jan/2025:15:06:06 +0300] "GET /radio-kaya/send-push HTTP/2" 200 70 "-" "curl/7.61.1"
91.121.60.232 - - [23/Jan/2025:15:07:07 +0300] "GET /radio-kaya/send-push HTTP/2" 200 70 "-" "curl/7.61.1"
91.121.60.232 - - [23/Jan/2025:15:07:07 +0300] "GET /tuliza-fm/send-push HTTP/2" 200 70 "-" "curl/7.61.1"
91.121.60.232 - - [23/Jan/2025:15:08:05 +0300] "GET /tuliza-fm/send-push HTTP/2" 200 70 "-" "curl/7.61.1"
198.244.143.113 - - [23/Jan/2025:15:08:38 +0300] "GET /muoroto-fm/image/app_images/36347d0febcb9f5cdb48f1f5bd83ae52.jpeg HTTP/1.1" 200 190575 "-" "Dart/2.19 (dart:io)"
91.121.60.232 - - [23/Jan/2025:15:09:07 +0300] "GET /tuliza-fm/send-push HTTP/2" 200 70 "-" "curl/7.61.1"
84.175.93.246 - - [23/Jan/2025:15:09:12 +0300] "GET /radio-kaya/image/app_images/00063af6a5c3be4d885d3c4eeca12d58.jpeg HTTP/1.1" 500 2271 "-" "Dart/3.5 (dart:io)"
95.184.89.133 - - [23/Jan/2025:15:09:59 +0300] "GET /radio-kaya/image/app_images/e83168c87b139aac4a42eae24c67ad3a.jpeg HTTP/1.1" 200 401010 "-" "Dart/3.5 (dart:io)"
95.184.89.133 - - [23/Jan/2025:15:10:01 +0300] "GET /radio-kaya/image/app_images/cf8c510fbe97e70405b84b770d2b4ea7.jpeg HTTP/1.1" 200 301037 "-" "Dart/3.5 (dart:io)"
95.184.89.133 - - [23/Jan/2025:15:10:06 +0300] "GET /radio-kaya/image/app_images/e6aff8951c6fede61f120ef52f6cea42.jpeg HTTP/1.1" 200 8071081 "-" "Dart/3.5 (dart:io)"
84.175.93.246 - - [23/Jan/2025:15:10:12 +0300] "GET /radio-kaya/image/app_images/00063af6a5c3be4d885d3c4eeca12d58.jpeg HTTP/1.1" 500 2271 "-" "Dart/3.5 (dart:io)"
102.0.5.92 - - [23/Jan/2025:15:10:24 +0300] "GET /muoroto-fm/image/app_images/36347d0febcb9f5cdb48f1f5bd83ae52.jpeg HTTP/1.1" 200 190575 "-" "Dart/2.19 (dart:io)"
95.184.89.133 - - [23/Jan/2025:15:11:07 +0300] "GET /radio-kaya/image/app_images/230bef51dbd5f9be8e5be7939434f68b.jpeg HTTP/1.1" 200 145026 "-" "Dart/3.5 (dart:io)"
95.184.89.133 - - [23/Jan/2025:15:11:11 +0300] "GET /radio-kaya/image/app_images/b8bb6104f88200aafbea532743a313ec.jpeg HTTP/1.1" 200 97711 "-" "Dart/3.5 (dart:io)"
84.175.93.246 - - [23/Jan/2025:15:11:12 +0300] "GET /radio-kaya/image/app_images/00063af6a5c3be4d885d3c4eeca12d58.jpeg HTTP/1.1" 500 2271 "-" "Dart/3.5 (dart:io)"
95.184.89.133 - - [23/Jan/2025:15:11:16 +0300] "GET /radio-kaya/image/app_images/00063af6a5c3be4d885d3c4eeca12d58.jpeg HTTP/1.1" 500 2271 "-" "Dart/3.5 (dart:io)"
91.121.60.232 - - [23/Jan/2025:15:12:03 +0300] "GET /tuliza-fm/send-push HTTP/2" 200 70 "-" "curl/7.61.1"
84.175.93.246 - - [23/Jan/2025:15:12:12 +0300] "GET /radio-kaya/image/app_images/00063af6a5c3be4d885d3c4eeca12d58.jpeg HTTP/1.1" 500 2271 "-" "Dart/3.5 (dart:io)"
84.175.93.246 - - [23/Jan/2025:15:14:12 +0300] "GET /radio-kaya/image/app_images/00063af6a5c3be4d885d3c4eeca12d58.jpeg HTTP/1.1" 500 2271 "-" "Dart/3.5 (dart:io)"
91.121.60.232 - - [23/Jan/2025:15:15:07 +0300] "GET /tuliza-fm/send-push HTTP/2" 200 70 "-" "curl/7.61.1"
84.175.93.246 - - [23/Jan/2025:15:15:12 +0300] "GET /radio-kaya/image/app_images/00063af6a5c3be4d885d3c4eeca12d58.jpeg HTTP/1.1" 500 2271 "-" "Dart/3.5 (dart:io)"
91.121.60.232 - - [23/Jan/2025:15:18:07 +0300] "GET /tuliza-fm/send-push HTTP/2" 200 70 "-" "curl/7.61.1"
91.121.60.232 - - [23/Jan/2025:15:19:06 +0300] "GET /tuliza-fm/send-push HTTP/2" 200 70 "-" "curl/7.61.1"
91.121.60.232 - - [23/Jan/2025:15:19:06 +0300] "GET /radio-kaya/send-push HTTP/2" 200 70 "-" "curl/7.61.1"
91.121.60.232 - - [23/Jan/2025:15:21:24 +0300] "GET /tuliza-fm/send-push HTTP/2" 200 70 "-" "curl/7.61.1"
91.121.60.232 - - [23/Jan/2025:15:21:25 +0300] "GET /radio-kaya/send-push HTTP/2" 200 70 "-" "curl/7.61.1"
154.159.252.41 - - [23/Jan/2025:15:21:28 +0300] "GET /muoroto-fm/assets/img/logo.png HTTP/1.1" 200 92381 "-" "Dart/2.19 (dart:io)"
95.184.89.133 - - [23/Jan/2025:15:11:26 +0300] "GET /radio-kaya/image/app_images/6c1e8d00f6d26186e58248de3ce5b63d.jpeg HTTP/1.1" 200 176955 "-" "Dart/3.5 (dart:io)"
95.184.89.133 - - [23/Jan/2025:15:11:31 +0300] "GET /radio-kaya/image/app_images/53c6d090de1ac1fc79a5be96aef1b723.jpeg HTTP/1.1" 200 189675 "-" "Dart/3.5 (dart:io)"
95.184.89.133 - - [23/Jan/2025:15:11:36 +0300] "GET /radio-kaya/image/app_images/d0e07da0396d97c124f28a72f9c582ed.jpeg HTTP/1.1" 200 231755 "-" "Dart/3.5 (dart:io)"
95.184.89.133 - - [23/Jan/2025:15:11:41 +0300] "GET /radio-kaya/image/app_images/ae92195b33b098288be00c0c0f15fd6f.jpeg HTTP/1.1" 200 71512 "-" "Dart/3.5 (dart:io)"
95.184.89.133 - - [23/Jan/2025:15:11:46 +0300] "GET /radio-kaya/image/app_images/e6523160b707eea607fc6f999a09a94c.jpeg HTTP/1.1" 200 211291 "-" "Dart/3.5 (dart:io)"
95.184.89.133 - - [23/Jan/2025:15:11:51 +0300] "GET /radio-kaya/image/app_images/e83168c87b139aac4a42eae24c67ad3a.jpeg HTTP/1.1" 200 401010 "-" "Dart/3.5 (dart:io)"
95.184.89.133 - - [23/Jan/2025:15:11:56 +0300] "GET /radio-kaya/image/app_images/cf8c510fbe97e70405b84b770d2b4ea7.jpeg HTTP/1.1" 200 301037 "-" "Dart/3.5 (dart:io)"
91.121.60.232 - - [23/Jan/2025:15:12:03 +0300] "GET /radio-kaya/send-push HTTP/2" 200 70 "-" "curl/7.61.1"
95.184.89.133 - - [23/Jan/2025:15:12:01 +0300] "GET /radio-kaya/image/app_images/e6aff8951c6fede61f120ef52f6cea42.jpeg HTTP/1.1" 200 8071081 "-" "Dart/3.5 (dart:io)"
91.121.60.232 - - [23/Jan/2025:15:13:05 +0300] "GET /tuliza-fm/send-push HTTP/2" 200 70 "-" "curl/7.61.1"
91.121.60.232 - - [23/Jan/2025:15:13:05 +0300] "GET /radio-kaya/send-push HTTP/2" 200 70 "-" "curl/7.61.1"
84.175.93.246 - - [23/Jan/2025:15:13:12 +0300] "GET /radio-kaya/image/app_images/00063af6a5c3be4d885d3c4eeca12d58.jpeg HTTP/1.1" 500 2271 "-" "Dart/3.5 (dart:io)"
91.121.60.232 - - [23/Jan/2025:15:14:02 +0300] "GET /radio-kaya/send-push HTTP/2" 200 70 "-" "curl/7.61.1"
91.121.60.232 - - [23/Jan/2025:15:14:02 +0300] "GET /tuliza-fm/send-push HTTP/2" 200 70 "-" "curl/7.61.1"
91.121.60.232 - - [23/Jan/2025:15:15:07 +0300] "GET /radio-kaya/send-push HTTP/2" 200 70 "-" "curl/7.61.1"
91.121.60.232 - - [23/Jan/2025:15:16:02 +0300] "GET /radio-kaya/send-push HTTP/2" 200 70 "-" "curl/7.61.1"
91.121.60.232 - - [23/Jan/2025:15:16:02 +0300] "GET /tuliza-fm/send-push HTTP/2" 200 70 "-" "curl/7.61.1"
84.175.93.246 - - [23/Jan/2025:15:16:12 +0300] "GET /radio-kaya/image/app_images/00063af6a5c3be4d885d3c4eeca12d58.jpeg HTTP/1.1" 500 2271 "-" "Dart/3.5 (dart:io)"
91.121.60.232 - - [23/Jan/2025:15:17:03 +0300] "GET /tuliza-fm/send-push HTTP/2" 200 70 "-" "curl/7.61.1"
91.121.60.232 - - [23/Jan/2025:15:17:03 +0300] "GET /radio-kaya/send-push HTTP/2" 200 70 "-" "curl/7.61.1"
91.121.60.232 - - [23/Jan/2025:15:18:07 +0300] "GET /radio-kaya/send-push HTTP/2" 200 70 "-" "curl/7.61.1"
91.121.60.232 - - [23/Jan/2025:15:20:27 +0300] "GET /radio-kaya/send-push HTTP/2" 200 70 "-" "curl/7.61.1"
91.121.60.232 - - [23/Jan/2025:15:20:26 +0300] "GET /tuliza-fm/send-push HTTP/2" 200 70 "-" "curl/7.61.1"
154.159.252.41 - - [23/Jan/2025:15:21:29 +0300] "GET /muoroto-fm/image/app_images/fdea79dad7176ac458fe99927786d3fe.jpeg HTTP/1.1" 200 11477 "-" "Dart/2.19 (dart:io)"
154.159.252.41 - - [23/Jan/2025:15:21:31 +0300] "GET /muoroto-fm/image/app_images/36347d0febcb9f5cdb48f1f5bd83ae52.jpeg HTTP/1.1" 200 190575 "-" "Dart/2.19 (dart:io)"
154.159.252.41 - - [23/Jan/2025:15:21:35 +0300] "GET /muoroto-fm/image/app_images/4bfe541a3dc19b6a64cbfddc9ad4d62d.jpeg HTTP/1.1" 200 13475 "-" "Dart/2.19 (dart:io)"
154.159.252.41 - - [23/Jan/2025:15:21:39 +0300] "GET /muoroto-fm/image/app_images/6594a2859ed4334fce7305e50a84feee.jpeg HTTP/1.1" 200 13330 "-" "Dart/2.19 (dart:io)"
154.159.252.41 - - [23/Jan/2025:15:21:43 +0300] "GET /muoroto-fm/image/app_images/1e8a153acc9808f8e86e251e67d76d7f.jpeg HTTP/1.1" 200 94947 "-" "Dart/2.19 (dart:io)"
154.159.252.41 - - [23/Jan/2025:15:21:47 +0300] "GET /muoroto-fm/image/app_images/41a743f51e8413d6b280a050463c56ea.jpeg HTTP/1.1" 200 182382 "-" "Dart/2.19 (dart:io)"
154.159.252.41 - - [23/Jan/2025:15:22:10 +0300] "GET /muoroto-fm/image/app_images/76117a3cc6d8fdf1ccb3aef44a59f8ec.jpeg HTTP/1.1" 200 121424 "-" "Dart/2.19 (dart:io)"
154.159.252.41 - - [23/Jan/2025:15:22:09 +0300] "GET /muoroto-fm/image/app_images/d9351b752c8367458961b74b43df65f7.jpeg HTTP/1.1" 200 241473 "-" "Dart/2.19 (dart:io)"
91.121.60.232 - - [23/Jan/2025:15:22:21 +0300] "GET /radio-kaya/send-push HTTP/2" 200 70 "-" "curl/7.61.1"
91.121.60.232 - - [23/Jan/2025:15:22:23 +0300] "GET /tuliza-fm/send-push HTTP/2" 200 70 "-" "curl/7.61.1"
91.121.60.232 - - [23/Jan/2025:15:23:09 +0300] "GET /radio-kaya/send-push HTTP/2" 200 70 "-" "curl/7.61.1"
41.90.32.109 - - [23/Jan/2025:15:23:16 +0300] "GET /tuliza-fm/image/app_images/5fd1fc8f6d15c950cf64e43ffd97b177.jpeg HTTP/1.1" 200 74238 "-" "Dart/2.19 (dart:io)"
91.121.60.232 - - [23/Jan/2025:15:24:06 +0300] "GET /tuliza-fm/send-push HTTP/2" 200 70 "-" "curl/7.61.1"
84.175.93.246 - - [23/Jan/2025:15:25:11 +0300] "GET /radio-kaya/image/app_images/00063af6a5c3be4d885d3c4eeca12d58.jpeg HTTP/1.1" 500 2271 "-" "Dart/3.5 (dart:io)"
91.121.60.232 - - [23/Jan/2025:15:25:16 +0300] "GET /tuliza-fm/send-push HTTP/2" 200 70 "-" "curl/7.61.1"
91.121.60.232 - - [23/Jan/2025:15:25:16 +0300] "GET /radio-kaya/send-push HTTP/2" 200 70 "-" "curl/7.61.1"
84.175.93.246 - - [23/Jan/2025:15:26:12 +0300] "GET /radio-kaya/image/app_images/00063af6a5c3be4d885d3c4eeca12d58.jpeg HTTP/1.1" 500 2271 "-" "Dart/3.5 (dart:io)"
91.121.60.232 - - [23/Jan/2025:15:26:14 +0300] "GET /tuliza-fm/send-push HTTP/2" 200 70 "-" "curl/7.61.1"
95.184.89.133 - - [23/Jan/2025:15:28:57 +0300] "GET /radio-kaya/image/app_images/b8bb6104f88200aafbea532743a313ec.jpeg HTTP/1.1" 200 97711 "-" "Dart/3.5 (dart:io)"
91.121.60.232 - - [23/Jan/2025:15:29:08 +0300] "GET /tuliza-fm/send-push HTTP/2" 200 70 "-" "curl/7.61.1"
84.175.93.246 - - [23/Jan/2025:15:29:11 +0300] "GET /radio-kaya/image/app_images/00063af6a5c3be4d885d3c4eeca12d58.jpeg HTTP/1.1" 500 2271 "-" "Dart/3.5 (dart:io)"
95.184.89.133 - - [23/Jan/2025:15:29:12 +0300] "GET /radio-kaya/image/app_images/ca2add8f43f3cdf6afff29778d58ab41.jpeg HTTP/1.1" 200 173948 "-" "Dart/3.5 (dart:io)"
95.184.89.133 - - [23/Jan/2025:15:29:16 +0300] "GET /radio-kaya/image/app_images/6c1e8d00f6d26186e58248de3ce5b63d.jpeg HTTP/1.1" 200 176955 "-" "Dart/3.5 (dart:io)"
95.184.89.133 - - [23/Jan/2025:15:29:21 +0300] "GET /radio-kaya/image/app_images/53c6d090de1ac1fc79a5be96aef1b723.jpeg HTTP/1.1" 200 189675 "-" "Dart/3.5 (dart:io)"
95.184.89.133 - - [23/Jan/2025:15:29:26 +0300] "GET /radio-kaya/image/app_images/d0e07da0396d97c124f28a72f9c582ed.jpeg HTTP/1.1" 200 231755 "-" "Dart/3.5 (dart:io)"
95.184.89.133 - - [23/Jan/2025:15:29:31 +0300] "GET /radio-kaya/image/app_images/ae92195b33b098288be00c0c0f15fd6f.jpeg HTTP/1.1" 200 71512 "-" "Dart/3.5 (dart:io)"
95.184.89.133 - - [23/Jan/2025:15:29:37 +0300] "GET /radio-kaya/image/app_images/e6523160b707eea607fc6f999a09a94c.jpeg HTTP/1.1" 200 211291 "-" "Dart/3.5 (dart:io)"
91.121.60.232 - - [23/Jan/2025:15:30:08 +0300] "GET /tuliza-fm/send-push HTTP/2" 200 70 "-" "curl/7.61.1"
91.121.60.232 - - [23/Jan/2025:15:31:03 +0300] "GET /tuliza-fm/send-push HTTP/2" 200 70 "-" "curl/7.61.1"
91.121.60.232 - - [23/Jan/2025:15:32:08 +0300] "GET /radio-kaya/send-push HTTP/2" 200 70 "-" "curl/7.61.1"
84.175.93.246 - - [23/Jan/2025:15:32:11 +0300] "GET /radio-kaya/image/app_images/00063af6a5c3be4d885d3c4eeca12d58.jpeg HTTP/1.1" 500 2271 "-" "Dart/3.5 (dart:io)"
91.121.60.232 - - [23/Jan/2025:15:33:06 +0300] "GET /radio-kaya/send-push HTTP/2" 200 70 "-" "curl/7.61.1"
95.184.89.133 - - [23/Jan/2025:15:34:04 +0300] "GET /radio-kaya/image/app_images/e83168c87b139aac4a42eae24c67ad3a.jpeg HTTP/1.1" 200 401010 "-" "Dart/3.5 (dart:io)"
95.184.89.133 - - [23/Jan/2025:15:34:06 +0300] "GET /radio-kaya/image/app_images/cf8c510fbe97e70405b84b770d2b4ea7.jpeg HTTP/1.1" 200 301037 "-" "Dart/3.5 (dart:io)"
91.121.60.232 - - [23/Jan/2025:15:34:07 +0300] "GET /tuliza-fm/send-push HTTP/2" 200 70 "-" "curl/7.61.1"
154.159.252.41 - - [23/Jan/2025:15:21:28 +0300] "GET /muoroto-fm/news-podcast/1 HTTP/1.1" 200 229 "-" "Dart/2.19 (dart:io)"
91.121.60.232 - - [23/Jan/2025:15:23:09 +0300] "GET /tuliza-fm/send-push HTTP/2" 200 70 "-" "curl/7.61.1"
84.175.93.246 - - [23/Jan/2025:15:23:12 +0300] "GET /radio-kaya/image/app_images/00063af6a5c3be4d885d3c4eeca12d58.jpeg HTTP/1.1" 500 2271 "-" "Dart/3.5 (dart:io)"
41.90.32.109 - - [23/Jan/2025:15:23:15 +0300] "GET /tuliza-fm/news-podcast/1 HTTP/1.1" 200 627 "-" "Dart/2.19 (dart:io)"
91.121.60.232 - - [23/Jan/2025:15:24:05 +0300] "GET /radio-kaya/send-push HTTP/2" 200 70 "-" "curl/7.61.1"
84.175.93.246 - - [23/Jan/2025:15:24:11 +0300] "GET /radio-kaya/image/app_images/00063af6a5c3be4d885d3c4eeca12d58.jpeg HTTP/1.1" 500 2271 "-" "Dart/3.5 (dart:io)"
41.90.32.109 - - [23/Jan/2025:15:24:27 +0300] "GET /tuliza-fm/image/app_images/7ea371241bf05bc00af8d36d501ba878.jpeg HTTP/1.1" 200 72612 "-" "Dart/2.19 (dart:io)"
41.90.32.109 - - [23/Jan/2025:15:24:30 +0300] "GET /tuliza-fm/image/app_images/b3230d82d21e084a595f7e9badd31721.jpeg HTTP/1.1" 200 82204 "-" "Dart/2.19 (dart:io)"
41.90.32.109 - - [23/Jan/2025:15:24:34 +0300] "GET /tuliza-fm/image/app_images/e64bb5f5e70843df0926e762cc93ee15.jpeg HTTP/1.1" 200 109023 "-" "Dart/2.19 (dart:io)"
41.90.32.109 - - [23/Jan/2025:15:24:38 +0300] "GET /tuliza-fm/image/app_images/4f4aa949a6d64a2dbacfca1ed5ac536b.jpeg HTTP/1.1" 200 71731 "-" "Dart/2.19 (dart:io)"
91.121.60.232 - - [23/Jan/2025:15:26:14 +0300] "GET /radio-kaya/send-push HTTP/2" 200 70 "-" "curl/7.61.1"
91.121.60.232 - - [23/Jan/2025:15:27:06 +0300] "GET /radio-kaya/send-push HTTP/2" 200 70 "-" "curl/7.61.1"
91.121.60.232 - - [23/Jan/2025:15:27:06 +0300] "GET /tuliza-fm/send-push HTTP/2" 200 70 "-" "curl/7.61.1"
84.175.93.246 - - [23/Jan/2025:15:27:11 +0300] "GET /radio-kaya/image/app_images/00063af6a5c3be4d885d3c4eeca12d58.jpeg HTTP/1.1" 500 2271 "-" "Dart/3.5 (dart:io)"
91.121.60.232 - - [23/Jan/2025:15:28:05 +0300] "GET /tuliza-fm/send-push HTTP/2" 200 70 "-" "curl/7.61.1"
91.121.60.232 - - [23/Jan/2025:15:28:05 +0300] "GET /radio-kaya/send-push HTTP/2" 200 70 "-" "curl/7.61.1"
84.175.93.246 - - [23/Jan/2025:15:28:11 +0300] "GET /radio-kaya/image/app_images/00063af6a5c3be4d885d3c4eeca12d58.jpeg HTTP/1.1" 500 2271 "-" "Dart/3.5 (dart:io)"
95.184.89.133 - - [23/Jan/2025:15:28:57 +0300] "GET /radio-kaya/image/app_images/230bef51dbd5f9be8e5be7939434f68b.jpeg HTTP/1.1" 200 145026 "-" "Dart/3.5 (dart:io)"
91.121.60.232 - - [23/Jan/2025:15:29:08 +0300] "GET /radio-kaya/send-push HTTP/2" 200 70 "-" "curl/7.61.1"
95.184.89.133 - - [23/Jan/2025:15:29:11 +0300] "GET /radio-kaya/image/app_images/00063af6a5c3be4d885d3c4eeca12d58.jpeg HTTP/1.1" 500 2271 "-" "Dart/3.5 (dart:io)"
91.121.60.232 - - [23/Jan/2025:15:30:08 +0300] "GET /radio-kaya/send-push HTTP/2" 200 70 "-" "curl/7.61.1"
84.175.93.246 - - [23/Jan/2025:15:30:11 +0300] "GET /radio-kaya/image/app_images/00063af6a5c3be4d885d3c4eeca12d58.jpeg HTTP/1.1" 500 2271 "-" "Dart/3.5 (dart:io)"
91.121.60.232 - - [23/Jan/2025:15:31:03 +0300] "GET /radio-kaya/send-push HTTP/2" 200 70 "-" "curl/7.61.1"
84.175.93.246 - - [23/Jan/2025:15:31:11 +0300] "GET /radio-kaya/image/app_images/00063af6a5c3be4d885d3c4eeca12d58.jpeg HTTP/1.1" 500 2271 "-" "Dart/3.5 (dart:io)"
91.121.60.232 - - [23/Jan/2025:15:32:08 +0300] "GET /tuliza-fm/send-push HTTP/2" 200 70 "-" "curl/7.61.1"
91.121.60.232 - - [23/Jan/2025:15:33:06 +0300] "GET /tuliza-fm/send-push HTTP/2" 200 70 "-" "curl/7.61.1"
105.160.27.194 - - [23/Jan/2025:15:34:56 +0300] "GET /radio-kaya/image/app_images/00063af6a5c3be4d885d3c4eeca12d58.jpeg HTTP/1.1" 500 2271 "-" "Dart/3.2 (dart:io)"
91.121.60.232 - - [23/Jan/2025:15:35:09 +0300] "GET /tuliza-fm/send-push HTTP/2" 200 70 "-" "curl/7.61.1"
91.121.60.232 - - [23/Jan/2025:15:35:10 +0300] "GET /radio-kaya/send-push HTTP/2" 200 70 "-" "curl/7.61.1"
91.121.60.232 - - [23/Jan/2025:15:36:19 +0300] "GET /radio-kaya/send-push HTTP/2" 200 70 "-" "curl/7.61.1"
91.121.60.232 - - [23/Jan/2025:15:36:19 +0300] "GET /tuliza-fm/send-push HTTP/2" 200 70 "-" "curl/7.61.1"
91.121.60.232 - - [23/Jan/2025:15:34:07 +0300] "GET /radio-kaya/send-push HTTP/2" 200 70 "-" "curl/7.61.1"
41.215.128.109 - - [23/Jan/2025:15:38:58 +0300] "GET /tuliza-fm/image/app_images/5fd1fc8f6d15c950cf64e43ffd97b177.jpeg HTTP/1.1" 200 74238 "-" "Dart/2.19 (dart:io)"
41.215.128.109 - - [23/Jan/2025:15:39:04 +0300] "GET /tuliza-fm/image/app_images/7ea371241bf05bc00af8d36d501ba878.jpeg HTTP/1.1" 200 72612 "-" "Dart/2.19 (dart:io)"
91.121.60.232 - - [23/Jan/2025:15:39:10 +0300] "GET /radio-kaya/send-push HTTP/2" 200 70 "-" "curl/7.61.1"
198.244.143.113 - - [23/Jan/2025:15:39:24 +0300] "GET /muoroto-fm/image/app_images/d9351b752c8367458961b74b43df65f7.jpeg HTTP/1.1" 200 241473 "-" "Dart/2.19 (dart:io)"
198.244.143.113 - - [23/Jan/2025:15:39:29 +0300] "GET /muoroto-fm/image/app_images/fdea79dad7176ac458fe99927786d3fe.jpeg HTTP/1.1" 200 11477 "-" "Dart/2.19 (dart:io)"
198.244.143.113 - - [23/Jan/2025:15:39:33 +0300] "GET /muoroto-fm/image/app_images/36347d0febcb9f5cdb48f1f5bd83ae52.jpeg HTTP/1.1" 200 190575 "-" "Dart/2.19 (dart:io)"
41.90.216.250 - - [23/Jan/2025:15:40:07 +0300] "GET /muoroto-fm/image/app_images/fdea79dad7176ac458fe99927786d3fe.jpeg HTTP/1.1" 200 11477 "-" "Dart/2.19 (dart:io)"
41.90.216.250 - - [23/Jan/2025:15:40:09 +0300] "GET /muoroto-fm/image/app_images/36347d0febcb9f5cdb48f1f5bd83ae52.jpeg HTTP/1.1" 200 190575 "-" "Dart/2.19 (dart:io)"
41.90.216.250 - - [23/Jan/2025:15:40:13 +0300] "GET /muoroto-fm/image/app_images/4bfe541a3dc19b6a64cbfddc9ad4d62d.jpeg HTTP/1.1" 200 13475 "-" "Dart/2.19 (dart:io)"
91.121.60.232 - - [23/Jan/2025:15:40:13 +0300] "GET /radio-kaya/send-push HTTP/2" 200 70 "-" "curl/7.61.1"
41.90.216.250 - - [23/Jan/2025:15:40:17 +0300] "GET /muoroto-fm/image/app_images/6594a2859ed4334fce7305e50a84feee.jpeg HTTP/1.1" 200 13330 "-" "Dart/2.19 (dart:io)"
41.90.216.250 - - [23/Jan/2025:15:40:21 +0300] "GET /muoroto-fm/image/app_images/1e8a153acc9808f8e86e251e67d76d7f.jpeg HTTP/1.1" 200 94947 "-" "Dart/2.19 (dart:io)"
84.175.93.246 - - [23/Jan/2025:15:40:23 +0300] "GET /radio-kaya/image/app_images/00063af6a5c3be4d885d3c4eeca12d58.jpeg HTTP/1.1" 500 2271 "-" "Dart/3.5 (dart:io)"
41.90.216.250 - - [23/Jan/2025:15:40:25 +0300] "GET /muoroto-fm/image/app_images/41a743f51e8413d6b280a050463c56ea.jpeg HTTP/1.1" 200 182382 "-" "Dart/2.19 (dart:io)"
41.90.216.250 - - [23/Jan/2025:15:40:29 +0300] "GET /muoroto-fm/image/app_images/d9351b752c8367458961b74b43df65f7.jpeg HTTP/1.1" 200 241473 "-" "Dart/2.19 (dart:io)"
41.90.216.250 - - [23/Jan/2025:15:40:33 +0300] "GET /muoroto-fm/image/app_images/76117a3cc6d8fdf1ccb3aef44a59f8ec.jpeg HTTP/1.1" 200 121424 "-" "Dart/2.19 (dart:io)"
91.121.60.232 - - [23/Jan/2025:15:41:10 +0300] "GET /radio-kaya/send-push HTTP/2" 200 70 "-" "curl/7.61.1"
84.175.93.246 - - [23/Jan/2025:15:41:23 +0300] "GET /radio-kaya/image/app_images/00063af6a5c3be4d885d3c4eeca12d58.jpeg HTTP/1.1" 500 2271 "-" "Dart/3.5 (dart:io)"
105.160.27.194 - - [23/Jan/2025:15:41:43 +0300] "POST /radio-kaya/send-message HTTP/1.1" 200 104 "-" "Dart/3.2 (dart:io)"
91.121.60.232 - - [23/Jan/2025:15:42:10 +0300] "GET /radio-kaya/send-push HTTP/2" 200 70 "-" "curl/7.61.1"
91.121.60.232 - - [23/Jan/2025:15:43:04 +0300] "GET /tuliza-fm/send-push HTTP/2" 200 70 "-" "curl/7.61.1"
91.121.60.232 - - [23/Jan/2025:15:43:04 +0300] "GET /radio-kaya/send-push HTTP/2" 200 70 "-" "curl/7.61.1"
84.175.93.246 - - [23/Jan/2025:15:43:23 +0300] "GET /radio-kaya/image/app_images/00063af6a5c3be4d885d3c4eeca12d58.jpeg HTTP/1.1" 500 2271 "-" "Dart/3.5 (dart:io)"
91.121.60.232 - - [23/Jan/2025:15:45:09 +0300] "GET /radio-kaya/send-push HTTP/2" 200 70 "-" "curl/7.61.1"
84.175.93.246 - - [23/Jan/2025:15:46:23 +0300] "GET /radio-kaya/image/app_images/00063af6a5c3be4d885d3c4eeca12d58.jpeg HTTP/1.1" 500 2271 "-" "Dart/3.5 (dart:io)"
154.159.254.237 - - [23/Jan/2025:15:46:56 +0300] "GET /radio-kaya/image/app_images/6c1e8d00f6d26186e58248de3ce5b63d.jpeg HTTP/1.1" 200 176955 "-" "Dart/3.5 (dart:io)"
91.121.60.232 - - [23/Jan/2025:15:37:09 +0300] "GET /tuliza-fm/send-push HTTP/2" 200 70 "-" "curl/7.61.1"
91.121.60.232 - - [23/Jan/2025:15:37:10 +0300] "GET /radio-kaya/send-push HTTP/2" 200 70 "-" "curl/7.61.1"
91.121.60.232 - - [23/Jan/2025:15:38:14 +0300] "GET /radio-kaya/send-push HTTP/2" 200 70 "-" "curl/7.61.1"
91.121.60.232 - - [23/Jan/2025:15:38:14 +0300] "GET /tuliza-fm/send-push HTTP/2" 200 70 "-" "curl/7.61.1"
84.175.93.246 - - [23/Jan/2025:15:38:23 +0300] "GET /radio-kaya/image/app_images/00063af6a5c3be4d885d3c4eeca12d58.jpeg HTTP/1.1" 500 2271 "-" "Dart/3.5 (dart:io)"
41.215.128.109 - - [23/Jan/2025:15:38:57 +0300] "GET /tuliza-fm/news-podcast/1 HTTP/1.1" 200 627 "-" "Dart/2.19 (dart:io)"
91.121.60.232 - - [23/Jan/2025:15:39:10 +0300] "GET /tuliza-fm/send-push HTTP/2" 200 70 "-" "curl/7.61.1"
84.175.93.246 - - [23/Jan/2025:15:39:23 +0300] "GET /radio-kaya/image/app_images/00063af6a5c3be4d885d3c4eeca12d58.jpeg HTTP/1.1" 500 2271 "-" "Dart/3.5 (dart:io)"
198.244.143.113 - - [23/Jan/2025:15:39:25 +0300] "GET /muoroto-fm/image/app_images/76117a3cc6d8fdf1ccb3aef44a59f8ec.jpeg HTTP/1.1" 200 121424 "-" "Dart/2.19 (dart:io)"
105.161.228.125 - - [23/Jan/2025:15:40:06 +0300] "GET /muoroto-fm/news-podcast/1 HTTP/1.1" 200 229 "-" "Dart/2.19 (dart:io)"
91.121.60.232 - - [23/Jan/2025:15:40:13 +0300] "GET /tuliza-fm/send-push HTTP/2" 200 70 "-" "curl/7.61.1"
91.121.60.232 - - [23/Jan/2025:15:41:10 +0300] "GET /tuliza-fm/send-push HTTP/2" 200 70 "-" "curl/7.61.1"
91.121.60.232 - - [23/Jan/2025:15:42:10 +0300] "GET /tuliza-fm/send-push HTTP/2" 200 70 "-" "curl/7.61.1"
84.175.93.246 - - [23/Jan/2025:15:42:23 +0300] "GET /radio-kaya/image/app_images/00063af6a5c3be4d885d3c4eeca12d58.jpeg HTTP/1.1" 500 2271 "-" "Dart/3.5 (dart:io)"
130.164.168.36 - - [23/Jan/2025:15:43:05 +0300] "GET /radio-kaya/image/app_images/00063af6a5c3be4d885d3c4eeca12d58.jpeg HTTP/1.1" 500 2271 "-" "Dart/3.5 (dart:io)"
91.121.60.232 - - [23/Jan/2025:15:44:06 +0300] "GET /radio-kaya/send-push HTTP/2" 200 70 "-" "curl/7.61.1"
91.121.60.232 - - [23/Jan/2025:15:44:06 +0300] "GET /tuliza-fm/send-push HTTP/2" 200 70 "-" "curl/7.61.1"
84.175.93.246 - - [23/Jan/2025:15:44:23 +0300] "GET /radio-kaya/image/app_images/00063af6a5c3be4d885d3c4eeca12d58.jpeg HTTP/1.1" 500 2271 "-" "Dart/3.5 (dart:io)"
91.121.60.232 - - [23/Jan/2025:15:45:09 +0300] "GET /tuliza-fm/send-push HTTP/2" 200 70 "-" "curl/7.61.1"
84.175.93.246 - - [23/Jan/2025:15:45:23 +0300] "GET /radio-kaya/image/app_images/00063af6a5c3be4d885d3c4eeca12d58.jpeg HTTP/1.1" 500 2271 "-" "Dart/3.5 (dart:io)"
91.121.60.232 - - [23/Jan/2025:15:46:06 +0300] "GET /tuliza-fm/send-push HTTP/2" 200 70 "-" "curl/7.61.1"
91.121.60.232 - - [23/Jan/2025:15:46:06 +0300] "GET /radio-kaya/send-push HTTP/2" 200 70 "-" "curl/7.61.1"
154.159.254.237 - - [23/Jan/2025:15:46:54 +0300] "GET /radio-kaya/news-podcast/1 HTTP/1.1" 200 2076 "-" "Dart/3.5 (dart:io)"
91.121.60.232 - - [23/Jan/2025:15:47:12 +0300] "GET /radio-kaya/send-push HTTP/2" 200 70 "-" "curl/7.61.1"
154.159.254.237 - - [23/Jan/2025:15:48:02 +0300] "GET /radio-kaya/image/app_images/ae92195b33b098288be00c0c0f15fd6f.jpeg HTTP/1.1" 200 71512 "-" "Dart/3.5 (dart:io)"
154.159.254.237 - - [23/Jan/2025:15:48:04 +0300] "GET /radio-kaya/image/app_images/e6523160b707eea607fc6f999a09a94c.jpeg HTTP/1.1" 200 211291 "-" "Dart/3.5 (dart:io)"
154.159.254.237 - - [23/Jan/2025:15:48:09 +0300] "GET /radio-kaya/image/app_images/e83168c87b139aac4a42eae24c67ad3a.jpeg HTTP/1.1" 200 401010 "-" "Dart/3.5 (dart:io)"
154.159.254.237 - - [23/Jan/2025:15:48:14 +0300] "GET /radio-kaya/image/app_images/cf8c510fbe97e70405b84b770d2b4ea7.jpeg HTTP/1.1" 200 301037 "-" "Dart/3.5 (dart:io)"
91.121.60.232 - - [23/Jan/2025:15:48:15 +0300] "GET /radio-kaya/send-push HTTP/2" 200 70 "-" "curl/7.61.1"
91.121.60.232 - - [23/Jan/2025:15:48:15 +0300] "GET /tuliza-fm/send-push HTTP/2" 200 70 "-" "curl/7.61.1"
91.121.60.232 - - [23/Jan/2025:15:49:12 +0300] "GET /tuliza-fm/send-push HTTP/2" 200 70 "-" "curl/7.61.1"
154.159.254.237 - - [23/Jan/2025:15:46:59 +0300] "GET /radio-kaya/image/app_images/53c6d090de1ac1fc79a5be96aef1b723.jpeg HTTP/1.1" 200 189675 "-" "Dart/3.5 (dart:io)"
154.159.254.237 - - [23/Jan/2025:15:47:04 +0300] "GET /radio-kaya/image/app_images/d0e07da0396d97c124f28a72f9c582ed.jpeg HTTP/1.1" 200 231755 "-" "Dart/3.5 (dart:io)"
91.121.60.232 - - [23/Jan/2025:15:47:12 +0300] "GET /tuliza-fm/send-push HTTP/2" 200 70 "-" "curl/7.61.1"
84.175.93.246 - - [23/Jan/2025:15:47:23 +0300] "GET /radio-kaya/image/app_images/00063af6a5c3be4d885d3c4eeca12d58.jpeg HTTP/1.1" 500 2271 "-" "Dart/3.5 (dart:io)"
91.121.60.232 - - [23/Jan/2025:15:49:12 +0300] "GET /radio-kaya/send-push HTTP/2" 200 70 "-" "curl/7.61.1"
154.159.254.237 - - [23/Jan/2025:15:50:30 +0300] "GET /radio-kaya/image/app_images/ca2add8f43f3cdf6afff29778d58ab41.jpeg HTTP/1.1" 200 173948 "-" "Dart/3.5 (dart:io)"
154.159.254.237 - - [23/Jan/2025:15:50:30 +0300] "GET /radio-kaya/news-podcast/2 HTTP/1.1" 200 2283 "-" "Dart/3.5 (dart:io)"
154.159.254.237 - - [23/Jan/2025:15:50:49 +0300] "GET /radio-kaya/image/app_images/d0e07da0396d97c124f28a72f9c582ed.jpeg HTTP/1.1" 200 231755 "-" "Dart/3.5 (dart:io)"
198.244.143.113 - - [23/Jan/2025:15:51:43 +0300] "GET /muoroto-fm/news-podcast/1 HTTP/1.1" 200 229 "-" "Dart/2.19 (dart:io)"
198.244.143.113 - - [23/Jan/2025:15:51:44 +0300] "GET /muoroto-fm/image/app_images/fdea79dad7176ac458fe99927786d3fe.jpeg HTTP/1.1" 200 11477 "-" "Dart/2.19 (dart:io)"
91.121.60.232 - - [23/Jan/2025:15:52:09 +0300] "GET /tuliza-fm/send-push HTTP/2" 200 70 "-" "curl/7.61.1"
91.121.60.232 - - [23/Jan/2025:15:52:09 +0300] "GET /radio-kaya/send-push HTTP/2" 200 70 "-" "curl/7.61.1"
91.121.60.232 - - [23/Jan/2025:15:53:09 +0300] "GET /radio-kaya/send-push HTTP/2" 200 70 "-" "curl/7.61.1"
91.121.60.232 - - [23/Jan/2025:15:54:07 +0300] "GET /tuliza-fm/send-push HTTP/2" 200 70 "-" "curl/7.61.1"
91.121.60.232 - - [23/Jan/2025:15:55:11 +0300] "GET /tuliza-fm/send-push HTTP/2" 200 70 "-" "curl/7.61.1"
91.121.60.232 - - [23/Jan/2025:15:56:11 +0300] "GET /radio-kaya/send-push HTTP/2" 200 70 "-" "curl/7.61.1"
91.121.60.232 - - [23/Jan/2025:15:56:11 +0300] "GET /tuliza-fm/send-push HTTP/2" 200 70 "-" "curl/7.61.1"
91.121.60.232 - - [23/Jan/2025:15:58:09 +0300] "GET /tuliza-fm/send-push HTTP/2" 200 70 "-" "curl/7.61.1"
91.121.60.232 - - [23/Jan/2025:15:58:10 +0300] "GET /radio-kaya/send-push HTTP/2" 200 70 "-" "curl/7.61.1"
91.121.60.232 - - [23/Jan/2025:15:59:13 +0300] "GET /tuliza-fm/send-push HTTP/2" 200 70 "-" "curl/7.61.1"
91.121.60.232 - - [23/Jan/2025:16:00:16 +0300] "GET /tuliza-fm/send-push HTTP/2" 200 70 "-" "curl/7.61.1"
196.97.0.113 - - [23/Jan/2025:16:01:06 +0300] "GET /muoroto-fm/assets/img/logo.png HTTP/1.1" 200 92381 "-" "Dart/2.19 (dart:io)"
196.97.0.113 - - [23/Jan/2025:16:01:06 +0300] "GET /muoroto-fm/news-podcast/1 HTTP/1.1" 200 229 "-" "Dart/2.19 (dart:io)"
196.97.0.113 - - [23/Jan/2025:16:01:07 +0300] "GET /muoroto-fm/image/app_images/fdea79dad7176ac458fe99927786d3fe.jpeg HTTP/1.1" 200 11477 "-" "Dart/2.19 (dart:io)"
196.97.0.113 - - [23/Jan/2025:16:01:07 +0300] "GET /muoroto-fm/image/app_images/36347d0febcb9f5cdb48f1f5bd83ae52.jpeg HTTP/1.1" 200 190575 "-" "Dart/2.19 (dart:io)"
196.97.0.113 - - [23/Jan/2025:16:01:13 +0300] "GET /muoroto-fm/image/app_images/4bfe541a3dc19b6a64cbfddc9ad4d62d.jpeg HTTP/1.1" 200 13475 "-" "Dart/2.19 (dart:io)"
209.20.174.52 - - [23/Jan/2025:16:01:38 +0300] "GET /app-ads.txt HTTP/1.1" 404 796 "-" "Mozilla/5.0 (Macintosh; Intel Mac OS X 10_15_7) AppleWebKit/537.36 (KHTML, like Gecko) Chrome/124.0.0.0 Safari/537.36"
154.154.91.49 - - [23/Jan/2025:16:01:50 +0300] "GET /muoroto-fm/news-podcast/1 HTTP/1.1" 200 229 "-" "Dart/2.19 (dart:io)"
91.121.60.232 - - [23/Jan/2025:16:02:22 +0300] "GET /radio-kaya/send-push HTTP/2" 200 70 "-" "curl/7.61.1"
196.201.218.103 - - [23/Jan/2025:16:02:48 +0300] "GET /muoroto-fm/news-podcast/1 HTTP/1.1" 200 229 "-" "Dart/2.19 (dart:io)"
196.201.218.103 - - [23/Jan/2025:16:02:48 +0300] "GET /muoroto-fm/assets/img/logo.png HTTP/1.1" 200 92381 "-" "Dart/2.19 (dart:io)"
196.201.218.103 - - [23/Jan/2025:16:02:49 +0300] "GET /muoroto-fm/image/app_images/fdea79dad7176ac458fe99927786d3fe.jpeg HTTP/1.1" 200 11477 "-" "Dart/2.19 (dart:io)"
196.201.218.103 - - [23/Jan/2025:16:02:51 +0300] "GET /muoroto-fm/image/app_images/36347d0febcb9f5cdb48f1f5bd83ae52.jpeg HTTP/1.1" 200 190575 "-" "Dart/2.19 (dart:io)"
196.201.218.103 - - [23/Jan/2025:16:02:55 +0300] "GET /muoroto-fm/image/app_images/4bfe541a3dc19b6a64cbfddc9ad4d62d.jpeg HTTP/1.1" 200 13475 "-" "Dart/2.19 (dart:io)"
196.201.218.103 - - [23/Jan/2025:16:02:59 +0300] "GET /muoroto-fm/image/app_images/6594a2859ed4334fce7305e50a84feee.jpeg HTTP/1.1" 200 13330 "-" "Dart/2.19 (dart:io)"
196.201.218.103 - - [23/Jan/2025:16:03:03 +0300] "GET /muoroto-fm/image/app_images/1e8a153acc9808f8e86e251e67d76d7f.jpeg HTTP/1.1" 200 94947 "-" "Dart/2.19 (dart:io)"
196.201.218.103 - - [23/Jan/2025:16:03:07 +0300] "GET /muoroto-fm/image/app_images/41a743f51e8413d6b280a050463c56ea.jpeg HTTP/1.1" 200 182382 "-" "Dart/2.19 (dart:io)"
91.121.60.232 - - [23/Jan/2025:16:03:10 +0300] "GET /tuliza-fm/send-push HTTP/2" 200 70 "-" "curl/7.61.1"
91.121.60.232 - - [23/Jan/2025:16:03:10 +0300] "GET /radio-kaya/send-push HTTP/2" 200 70 "-" "curl/7.61.1"
196.201.218.103 - - [23/Jan/2025:16:03:11 +0300] "GET /muoroto-fm/image/app_images/d9351b752c8367458961b74b43df65f7.jpeg HTTP/1.1" 200 241473 "-" "Dart/2.19 (dart:io)"
196.201.218.103 - - [23/Jan/2025:16:03:15 +0300] "GET /muoroto-fm/image/app_images/76117a3cc6d8fdf1ccb3aef44a59f8ec.jpeg HTTP/1.1" 200 121424 "-" "Dart/2.19 (dart:io)"
91.121.60.232 - - [23/Jan/2025:16:04:08 +0300] "GET /tuliza-fm/send-push HTTP/2" 200 70 "-" "curl/7.61.1"
41.81.3.28 - - [23/Jan/2025:16:04:17 +0300] "GET /radio-kaya/image/app_images/00063af6a5c3be4d885d3c4eeca12d58.jpeg HTTP/1.1" 500 2271 "-" "Dart/3.2 (dart:io)"
91.121.60.232 - - [23/Jan/2025:16:06:06 +0300] "GET /tuliza-fm/send-push HTTP/2" 200 70 "-" "curl/7.61.1"
91.121.60.232 - - [23/Jan/2025:16:06:06 +0300] "GET /radio-kaya/send-push HTTP/2" 200 70 "-" "curl/7.61.1"
91.121.60.232 - - [23/Jan/2025:16:07:06 +0300] "GET /tuliza-fm/send-push HTTP/2" 200 70 "-" "curl/7.61.1"
91.121.60.232 - - [23/Jan/2025:16:07:06 +0300] "GET /radio-kaya/send-push HTTP/2" 200 70 "-" "curl/7.61.1"
91.121.60.232 - - [23/Jan/2025:16:08:20 +0300] "GET /tuliza-fm/send-push HTTP/2" 200 70 "-" "curl/7.61.1"
91.121.60.232 - - [23/Jan/2025:16:08:20 +0300] "GET /radio-kaya/send-push HTTP/2" 200 70 "-" "curl/7.61.1"
91.121.60.232 - - [23/Jan/2025:16:09:07 +0300] "GET /radio-kaya/send-push HTTP/2" 200 70 "-" "curl/7.61.1"
91.121.60.232 - - [23/Jan/2025:16:10:08 +0300] "GET /tuliza-fm/send-push HTTP/2" 200 70 "-" "curl/7.61.1"
91.121.60.232 - - [23/Jan/2025:16:10:08 +0300] "GET /radio-kaya/send-push HTTP/2" 200 70 "-" "curl/7.61.1"
91.121.60.232 - - [23/Jan/2025:16:11:12 +0300] "GET /tuliza-fm/send-push HTTP/2" 200 70 "-" "curl/7.61.1"
91.121.60.232 - - [23/Jan/2025:16:11:12 +0300] "GET /radio-kaya/send-push HTTP/2" 200 70 "-" "curl/7.61.1"
95.184.89.133 - - [23/Jan/2025:16:12:03 +0300] "GET /radio-kaya/image/app_images/e6aff8951c6fede61f120ef52f6cea42.jpeg HTTP/1.1" 200 8071081 "-" "Dart/3.5 (dart:io)"
95.184.89.133 - - [23/Jan/2025:16:12:06 +0300] "GET /radio-kaya/image/app_images/230bef51dbd5f9be8e5be7939434f68b.jpeg HTTP/1.1" 200 145026 "-" "Dart/3.5 (dart:io)"
91.121.60.232 - - [23/Jan/2025:16:12:08 +0300] "GET /tuliza-fm/send-push HTTP/2" 200 70 "-" "curl/7.61.1"
91.121.60.232 - - [23/Jan/2025:16:12:08 +0300] "GET /radio-kaya/send-push HTTP/2" 200 70 "-" "curl/7.61.1"
95.184.89.133 - - [23/Jan/2025:16:12:11 +0300] "GET /radio-kaya/image/app_images/b8bb6104f88200aafbea532743a313ec.jpeg HTTP/1.1" 200 97711 "-" "Dart/3.5 (dart:io)"
95.184.89.133 - - [23/Jan/2025:16:12:16 +0300] "GET /radio-kaya/image/app_images/00063af6a5c3be4d885d3c4eeca12d58.jpeg HTTP/1.1" 500 2271 "-" "Dart/3.5 (dart:io)"
91.121.60.232 - - [23/Jan/2025:16:14:10 +0300] "GET /tuliza-fm/send-push HTTP/2" 200 70 "-" "curl/7.61.1"
91.121.60.232 - - [23/Jan/2025:16:15:10 +0300] "GET /tuliza-fm/send-push HTTP/2" 200 70 "-" "curl/7.61.1"
91.121.60.232 - - [23/Jan/2025:15:50:13 +0300] "GET /tuliza-fm/send-push HTTP/2" 200 70 "-" "curl/7.61.1"
91.121.60.232 - - [23/Jan/2025:15:50:13 +0300] "GET /radio-kaya/send-push HTTP/2" 200 70 "-" "curl/7.61.1"
154.159.254.237 - - [23/Jan/2025:15:50:15 +0300] "GET /radio-kaya/image/app_images/230bef51dbd5f9be8e5be7939434f68b.jpeg HTTP/1.1" 200 145026 "-" "Dart/3.5 (dart:io)"
154.159.254.237 - - [23/Jan/2025:15:50:12 +0300] "GET /radio-kaya/image/app_images/e6aff8951c6fede61f120ef52f6cea42.jpeg HTTP/1.1" 200 8071081 "-" "Dart/3.5 (dart:io)"
154.159.254.237 - - [23/Jan/2025:15:50:19 +0300] "GET /radio-kaya/image/app_images/b8bb6104f88200aafbea532743a313ec.jpeg HTTP/1.1" 200 97711 "-" "Dart/3.5 (dart:io)"
154.159.254.237 - - [23/Jan/2025:15:50:24 +0300] "GET /radio-kaya/image/app_images/00063af6a5c3be4d885d3c4eeca12d58.jpeg HTTP/1.1" 500 2271 "-" "Dart/3.5 (dart:io)"
154.159.254.237 - - [23/Jan/2025:15:51:05 +0300] "POST /radio-kaya/set-reminder HTTP/1.1" 200 330 "-" "Dart/3.5 (dart:io)"
91.121.60.232 - - [23/Jan/2025:15:51:27 +0300] "GET /tuliza-fm/send-push HTTP/2" 200 70 "-" "curl/7.61.1"
91.121.60.232 - - [23/Jan/2025:15:51:27 +0300] "GET /radio-kaya/send-push HTTP/2" 200 70 "-" "curl/7.61.1"
91.121.60.232 - - [23/Jan/2025:15:53:09 +0300] "GET /tuliza-fm/send-push HTTP/2" 200 70 "-" "curl/7.61.1"
91.121.60.232 - - [23/Jan/2025:15:54:07 +0300] "GET /radio-kaya/send-push HTTP/2" 200 70 "-" "curl/7.61.1"
91.121.60.232 - - [23/Jan/2025:15:55:11 +0300] "GET /radio-kaya/send-push HTTP/2" 200 172 "-" "curl/7.61.1"
91.121.60.232 - - [23/Jan/2025:15:57:11 +0300] "GET /radio-kaya/send-push HTTP/2" 200 70 "-" "curl/7.61.1"
91.121.60.232 - - [23/Jan/2025:15:57:11 +0300] "GET /tuliza-fm/send-push HTTP/2" 200 70 "-" "curl/7.61.1"
91.121.60.232 - - [23/Jan/2025:15:59:13 +0300] "GET /radio-kaya/send-push HTTP/2" 200 70 "-" "curl/7.61.1"
91.121.60.232 - - [23/Jan/2025:16:00:17 +0300] "GET /radio-kaya/send-push HTTP/2" 200 70 "-" "curl/7.61.1"
91.121.60.232 - - [23/Jan/2025:16:01:16 +0300] "GET /tuliza-fm/send-push HTTP/2" 200 70 "-" "curl/7.61.1"
91.121.60.232 - - [23/Jan/2025:16:01:16 +0300] "GET /radio-kaya/send-push HTTP/2" 200 70 "-" "curl/7.61.1"
154.154.91.49 - - [23/Jan/2025:16:01:51 +0300] "GET /muoroto-fm/image/app_images/fdea79dad7176ac458fe99927786d3fe.jpeg HTTP/1.1" 200 11477 "-" "Dart/2.19 (dart:io)"
154.154.91.49 - - [23/Jan/2025:16:01:54 +0300] "GET /muoroto-fm/image/app_images/36347d0febcb9f5cdb48f1f5bd83ae52.jpeg HTTP/1.1" 200 190575 "-" "Dart/2.19 (dart:io)"
91.121.60.232 - - [23/Jan/2025:16:02:19 +0300] "GET /tuliza-fm/send-push HTTP/2" 200 70 "-" "curl/7.61.1"
41.81.3.28 - - [23/Jan/2025:16:03:37 +0300] "GET /radio-kaya/news-podcast/1 HTTP/1.1" 200 2076 "-" "Dart/3.2 (dart:io)"
91.121.60.232 - - [23/Jan/2025:16:04:08 +0300] "GET /radio-kaya/send-push HTTP/2" 200 70 "-" "curl/7.61.1"
91.121.60.232 - - [23/Jan/2025:16:05:12 +0300] "GET /tuliza-fm/send-push HTTP/2" 200 70 "-" "curl/7.61.1"
91.121.60.232 - - [23/Jan/2025:16:05:11 +0300] "GET /radio-kaya/send-push HTTP/2" 200 172 "-" "curl/7.61.1"
91.121.60.232 - - [23/Jan/2025:16:09:07 +0300] "GET /tuliza-fm/send-push HTTP/2" 200 70 "-" "curl/7.61.1"
95.184.89.133 - - [23/Jan/2025:16:12:22 +0300] "GET /radio-kaya/image/app_images/ca2add8f43f3cdf6afff29778d58ab41.jpeg HTTP/1.1" 200 173948 "-" "Dart/3.5 (dart:io)"
95.184.89.133 - - [23/Jan/2025:16:12:26 +0300] "GET /radio-kaya/image/app_images/6c1e8d00f6d26186e58248de3ce5b63d.jpeg HTTP/1.1" 200 176955 "-" "Dart/3.5 (dart:io)"
91.121.60.232 - - [23/Jan/2025:16:13:11 +0300] "GET /tuliza-fm/send-push HTTP/2" 200 70 "-" "curl/7.61.1"
91.121.60.232 - - [23/Jan/2025:16:13:11 +0300] "GET /radio-kaya/send-push HTTP/2" 200 70 "-" "curl/7.61.1"
91.121.60.232 - - [23/Jan/2025:16:14:10 +0300] "GET /radio-kaya/send-push HTTP/2" 200 70 "-" "curl/7.61.1"
84.175.93.246 - - [23/Jan/2025:16:14:42 +0300] "GET /radio-kaya/image/app_images/00063af6a5c3be4d885d3c4eeca12d58.jpeg HTTP/1.1" 500 2271 "-" "Dart/3.5 (dart:io)"
91.121.60.232 - - [23/Jan/2025:16:15:11 +0300] "GET /radio-kaya/send-push HTTP/2" 200 70 "-" "curl/7.61.1"
91.121.60.232 - - [23/Jan/2025:16:16:07 +0300] "GET /radio-kaya/send-push HTTP/2" 200 70 "-" "curl/7.61.1"
91.121.60.232 - - [23/Jan/2025:16:17:08 +0300] "GET /tuliza-fm/send-push HTTP/2" 200 70 "-" "curl/7.61.1"
91.121.60.232 - - [23/Jan/2025:16:17:08 +0300] "GET /radio-kaya/send-push HTTP/2" 200 70 "-" "curl/7.61.1"
91.121.60.232 - - [23/Jan/2025:16:19:03 +0300] "GET /tuliza-fm/send-push HTTP/2" 200 70 "-" "curl/7.61.1"
91.121.60.232 - - [23/Jan/2025:16:20:11 +0300] "GET /tuliza-fm/send-push HTTP/2" 200 70 "-" "curl/7.61.1"
91.121.60.232 - - [23/Jan/2025:16:21:05 +0300] "GET /tuliza-fm/send-push HTTP/2" 200 70 "-" "curl/7.61.1"
91.121.60.232 - - [23/Jan/2025:16:22:12 +0300] "GET /radio-kaya/send-push HTTP/2" 200 70 "-" "curl/7.61.1"
91.121.60.232 - - [23/Jan/2025:16:23:12 +0300] "GET /tuliza-fm/send-push HTTP/2" 200 70 "-" "curl/7.61.1"
91.121.60.232 - - [23/Jan/2025:16:24:07 +0300] "GET /tuliza-fm/send-push HTTP/2" 200 70 "-" "curl/7.61.1"
91.121.60.232 - - [23/Jan/2025:16:25:12 +0300] "GET /tuliza-fm/send-push HTTP/2" 200 70 "-" "curl/7.61.1"
91.121.60.232 - - [23/Jan/2025:16:25:12 +0300] "GET /radio-kaya/send-push HTTP/2" 200 70 "-" "curl/7.61.1"
91.121.60.232 - - [23/Jan/2025:16:26:10 +0300] "GET /radio-kaya/send-push HTTP/2" 200 70 "-" "curl/7.61.1"
91.121.60.232 - - [23/Jan/2025:16:26:10 +0300] "GET /tuliza-fm/send-push HTTP/2" 200 70 "-" "curl/7.61.1"
91.121.60.232 - - [23/Jan/2025:16:27:08 +0300] "GET /radio-kaya/send-push HTTP/2" 200 70 "-" "curl/7.61.1"
91.121.60.232 - - [23/Jan/2025:16:27:08 +0300] "GET /tuliza-fm/send-push HTTP/2" 200 70 "-" "curl/7.61.1"
204.10.194.175 - - [23/Jan/2025:16:27:49 +0300] "GET /administrator/index.php HTTP/1.1" 404 796 "http://elspaciohost.co.ke" "Mozilla/5.0 (Windows NT 10.0; Win64; x64) AppleWebKit/537.36 (KHTML, like Gecko) Chrome/124.0.0.0 Safari/537.36"
91.121.60.232 - - [23/Jan/2025:16:28:07 +0300] "GET /radio-kaya/send-push HTTP/2" 200 70 "-" "curl/7.61.1"
105.163.2.153 - - [23/Jan/2025:16:28:46 +0300] "GET /radio-kaya/image/app_images/00063af6a5c3be4d885d3c4eeca12d58.jpeg HTTP/1.1" 500 2271 "-" "Dart/3.5 (dart:io)"
91.121.60.232 - - [23/Jan/2025:16:29:14 +0300] "GET /radio-kaya/send-push HTTP/2" 200 70 "-" "curl/7.61.1"
105.163.2.153 - - [23/Jan/2025:16:28:47 +0300] "GET /radio-kaya/image/app_images/ca2add8f43f3cdf6afff29778d58ab41.jpeg HTTP/1.1" 200 173948 "-" "Dart/3.5 (dart:io)"
91.121.60.232 - - [23/Jan/2025:16:28:08 +0300] "GET /tuliza-fm/send-push HTTP/2" 200 70 "-" "curl/7.61.1"
91.121.60.232 - - [23/Jan/2025:16:31:10 +0300] "GET /radio-kaya/send-push HTTP/2" 200 70 "-" "curl/7.61.1"
198.244.143.113 - - [23/Jan/2025:16:32:40 +0300] "GET /muoroto-fm/image/app_images/fdea79dad7176ac458fe99927786d3fe.jpeg HTTP/1.1" 200 11477 "-" "Dart/2.19 (dart:io)"
78.101.73.67 - - [23/Jan/2025:16:34:05 +0300] "GET /muoroto-fm/assets/img/logo.png HTTP/1.1" 200 92381 "-" "Dart/2.19 (dart:io)"
78.101.73.67 - - [23/Jan/2025:16:34:05 +0300] "GET /muoroto-fm/news-podcast/1 HTTP/1.1" 200 229 "-" "Dart/2.19 (dart:io)"
91.121.60.232 - - [23/Jan/2025:16:34:07 +0300] "GET /radio-kaya/send-push HTTP/2" 200 70 "-" "curl/7.61.1"
91.121.60.232 - - [23/Jan/2025:16:34:07 +0300] "GET /tuliza-fm/send-push HTTP/2" 200 70 "-" "curl/7.61.1"
78.101.73.67 - - [23/Jan/2025:16:34:48 +0300] "GET /muoroto-fm/image/app_images/36347d0febcb9f5cdb48f1f5bd83ae52.jpeg HTTP/1.1" 200 190575 "-" "Dart/2.19 (dart:io)"
