216.244.66.240 - - [23/Jan/2025:05:21:34 +0300] "GET /?add-to-cart=9731 HTTP/1.1" 301 0 "-" "Mozilla/5.0 (compatible; DotBot/1.2; +https://opensiteexplorer.org/dotbot; help@moz.com)"
216.244.66.240 - - [23/Jan/2025:06:48:43 +0300] "GET /robots.txt HTTP/1.1" 200 198 "-" "Mozilla/5.0 (compatible; DotBot/1.2; +https://opensiteexplorer.org/dotbot; help@moz.com)"
69.171.249.10 - - [23/Jan/2025:07:31:21 +0300] "GET /categories/cruztrek-brand-new-usa-bikes/ HTTP/1.1" 200 164424 "-" "facebookexternalhit/1.1 (+http://www.facebook.com/externalhit_uatext.php)"
66.249.73.226 - - [23/Jan/2025:07:55:42 +0300] "GET /robots.txt HTTP/1.1" 200 136 "-" "Mozilla/5.0 (compatible; Googlebot/2.1; +http://www.google.com/bot.html)"
66.249.73.227 - - [23/Jan/2025:07:55:45 +0300] "GET / HTTP/1.1" 200 35062 "-" "Mozilla/5.0 (compatible; Googlebot/2.1; +http://www.google.com/bot.html)"
216.244.66.240 - - [23/Jan/2025:05:18:21 +0300] "GET /robots.txt HTTP/1.1" 200 198 "-" "Mozilla/5.0 (compatible; DotBot/1.2; +https://opensiteexplorer.org/dotbot; help@moz.com)"
91.121.60.232 - - [23/Jan/2025:06:48:48 +0300] "POST /wp-cron.php?doing_wp_cron=1737604128.3761630058288574218750 HTTP/1.1" 200 0 "-" "WordPress/6.7.1; https://baiskelicentre.co.ke"
91.121.60.232 - - [23/Jan/2025:06:57:04 +0300] "POST /wp-cron.php?doing_wp_cron=1737604623.9664180278778076171875 HTTP/1.1" 200 0 "-" "WordPress/6.7.1; https://baiskelicentre.co.ke"
216.244.66.240 - - [23/Jan/2025:06:57:01 +0300] "GET /product/size-14-bike-3-5yrs-2/?add-to-cart=9939 HTTP/1.1" 200 182375 "-" "Mozilla/5.0 (compatible; DotBot/1.2; +https://opensiteexplorer.org/dotbot; help@moz.com)"
20.191.45.212 - - [23/Jan/2025:07:19:13 +0300] "GET / HTTP/1.1" 200 35062 "http://baiskelicentre.co.ke/" "DuckDuckBot/1.1; (+http://duckduckgo.com/duckduckbot.html)"
69.171.249.4 - - [23/Jan/2025:07:31:18 +0300] "GET /categories/cruztrek-brand-new-usa-bikes HTTP/1.1" 301 0 "-" "facebookexternalhit/1.1 (+http://www.facebook.com/externalhit_uatext.php)"
91.121.60.232 - - [23/Jan/2025:07:55:44 +0300] "POST /wp-cron.php?doing_wp_cron=1737608144.0856039524078369140625 HTTP/1.1" 200 0 "-" "WordPress/6.7.1; https://baiskelicentre.co.ke"
199.45.154.116 - - [23/Jan/2025:09:39:19 +0300] "GET /wp-content/uploads/2024/01/ico.png HTTP/1.1" 200 2952 "-" "Mozilla/5.0 (compatible; CensysInspect/1.1; +https://about.censys.io/)"
199.45.154.116 - - [23/Jan/2025:09:39:20 +0300] "GET /favicon.ico HTTP/1.1" 404 796 "-" "Mozilla/5.0 (compatible; CensysInspect/1.1; +https://about.censys.io/)"
91.121.60.232 - - [23/Jan/2025:09:53:06 +0300] "POST /wp-cron.php?doing_wp_cron=1737615186.1328899860382080078125 HTTP/1.1" 200 0 "-" "WordPress/6.7.1; https://baiskelicentre.co.ke"
104.131.2.241 - - [23/Jan/2025:09:53:03 +0300] "GET / HTTP/1.1" 301 0 "-" "Mozilla/5.0 (compatible)"
104.131.2.241 - - [23/Jan/2025:09:53:06 +0300] "GET /ads.txt HTTP/1.1" 301 0 "-" "Mozilla/5.0 (compatible)"
91.121.60.232 - - [23/Jan/2025:10:44:42 +0300] "POST /wp-cron.php?doing_wp_cron=1737618282.8251729011535644531250 HTTP/1.1" 200 0 "-" "WordPress/6.7.1; https://baiskelicentre.co.ke"
216.244.66.240 - - [23/Jan/2025:10:50:54 +0300] "GET /shop/page/6/?add-to-cart=9689 HTTP/1.1" 200 167611 "-" "Mozilla/5.0 (compatible; DotBot/1.2; +https://opensiteexplorer.org/dotbot; help@moz.com)"
69.171.231.115 - - [23/Jan/2025:10:59:08 +0300] "GET /categories/cruztrek-brand-new-usa-bikes HTTP/1.1" 301 0 "-" "facebookexternalhit/1.1 (+http://www.facebook.com/externalhit_uatext.php)"
199.45.154.116 - - [23/Jan/2025:09:39:17 +0300] "GET / HTTP/1.1" 200 35062 "-" "Mozilla/5.0 (compatible; CensysInspect/1.1; +https://about.censys.io/)"
216.244.66.240 - - [23/Jan/2025:10:44:41 +0300] "GET /robots.txt HTTP/1.1" 200 198 "-" "Mozilla/5.0 (compatible; DotBot/1.2; +https://opensiteexplorer.org/dotbot; help@moz.com)"
91.121.60.232 - - [23/Jan/2025:10:50:55 +0300] "POST /wp-cron.php?doing_wp_cron=1737618655.7105851173400878906250 HTTP/1.1" 200 0 "-" "WordPress/6.7.1; https://baiskelicentre.co.ke"
69.171.231.6 - - [23/Jan/2025:10:59:06 +0300] "GET /robots.txt HTTP/1.1" 200 198 "-" "facebookexternalhit/1.1 (+http://www.facebook.com/externalhit_uatext.php)"
69.171.231.9 - - [23/Jan/2025:10:59:10 +0300] "GET /categories/cruztrek-brand-new-usa-bikes/ HTTP/1.1" 200 164424 "-" "facebookexternalhit/1.1 (+http://www.facebook.com/externalhit_uatext.php)"
91.121.60.232 - - [23/Jan/2025:14:09:41 +0300] "POST /wp-cron.php?doing_wp_cron=1737630581.0749089717864990234375 HTTP/1.1" 200 0 "-" "WordPress/6.7.1; https://baiskelicentre.co.ke"
206.168.34.44 - - [23/Jan/2025:14:17:51 +0300] "GET / HTTP/1.1" 200 35067 "-" "Mozilla/5.0 (compatible; CensysInspect/1.1; +https://about.censys.io/)"
206.168.34.44 - - [23/Jan/2025:14:17:53 +0300] "GET /wp-content/uploads/2024/01/ico.png HTTP/1.1" 200 2952 "-" "Mozilla/5.0 (compatible; CensysInspect/1.1; +https://about.censys.io/)"
206.168.34.44 - - [23/Jan/2025:14:17:56 +0300] "GET /favicon.ico HTTP/1.1" 404 796 "-" "Mozilla/5.0 (compatible; CensysInspect/1.1; +https://about.censys.io/)"
54.200.132.22 - - [23/Jan/2025:14:30:43 +0300] "GET / HTTP/1.1" 200 35067 "-" "Mozilla/5.0 (X11; Linux x86_64) AppleWebKit/537.36 (KHTML, like Gecko) Chrome/83.0.4103.97 Safari/537.36"
31.13.115.113 - - [23/Jan/2025:14:09:39 +0300] "GET /categories/cruztrek-brand-new-usa-bikes HTTP/1.1" 301 0 "-" "facebookexternalhit/1.1 (+http://www.facebook.com/externalhit_uatext.php)"
31.13.115.2 - - [23/Jan/2025:14:09:41 +0300] "GET /categories/cruztrek-brand-new-usa-bikes/ HTTP/1.1" 200 164424 "-" "facebookexternalhit/1.1 (+http://www.facebook.com/externalhit_uatext.php)"
205.169.39.15 - - [23/Jan/2025:15:12:13 +0300] "GET / HTTP/1.1" 301 0 "-" "Mozilla/5.0 (Windows NT 10.0; Win64; x64) AppleWebKit/537.36 (KHTML, like Gecko) Chrome/117.0.5938.132 Safari/537.36"
91.121.60.232 - - [23/Jan/2025:16:08:27 +0300] "POST /wp-cron.php?doing_wp_cron=1737637707.1150429248809814453125 HTTP/1.1" 200 0 "-" "WordPress/6.7.1; https://baiskelicentre.co.ke"
173.252.95.13 - - [23/Jan/2025:16:08:25 +0300] "GET /categories/cruztrek-brand-new-usa-bikes HTTP/1.1" 301 0 "-" "facebookexternalhit/1.1 (+http://www.facebook.com/externalhit_uatext.php)"
173.252.95.17 - - [23/Jan/2025:16:08:27 +0300] "GET /categories/cruztrek-brand-new-usa-bikes/ HTTP/1.1" 200 164424 "-" "facebookexternalhit/1.1 (+http://www.facebook.com/externalhit_uatext.php)"
205.169.39.58 - - [23/Jan/2025:16:21:53 +0300] "GET / HTTP/1.1" 301 0 "-" "Mozilla/5.0 (Windows NT 10.0; Win64; x64) AppleWebKit/537.36 (KHTML, like Gecko) Chrome/117.0.5938.132 Safari/537.36"
216.244.66.240 - - [23/Jan/2025:17:41:32 +0300] "GET /robots.txt HTTP/1.1" 200 198 "-" "Mozilla/5.0 (compatible; DotBot/1.2; +https://opensiteexplorer.org/dotbot; help@moz.com)"
91.121.60.232 - - [23/Jan/2025:17:49:36 +0300] "POST /wp-cron.php?doing_wp_cron=1737643776.6638419628143310546875 HTTP/1.1" 200 0 "-" "WordPress/6.7.1; https://baiskelicentre.co.ke"
216.244.66.240 - - [23/Jan/2025:17:49:35 +0300] "GET /?add-to-cart=9721 HTTP/1.1" 301 0 "-" "Mozilla/5.0 (compatible; DotBot/1.2; +https://opensiteexplorer.org/dotbot; help@moz.com)"
91.121.60.232 - - [23/Jan/2025:18:44:58 +0300] "POST /wp-cron.php?doing_wp_cron=1737647098.5466170310974121093750 HTTP/1.1" 200 0 "-" "WordPress/6.7.1; https://baiskelicentre.co.ke"
173.252.83.7 - - [23/Jan/2025:18:44:57 +0300] "GET /categories/cruztrek-brand-new-usa-bikes HTTP/1.1" 301 0 "-" "facebookexternalhit/1.1 (+http://www.facebook.com/externalhit_uatext.php)"
173.252.83.2 - - [23/Jan/2025:18:44:59 +0300] "GET /categories/cruztrek-brand-new-usa-bikes/ HTTP/1.1" 200 164321 "-" "facebookexternalhit/1.1 (+http://www.facebook.com/externalhit_uatext.php)"
173.252.83.43 - - [23/Jan/2025:21:23:20 +0300] "GET /categories/cruztrek-brand-new-usa-bikes/ HTTP/1.1" 200 164424 "-" "facebookexternalhit/1.1 (+http://www.facebook.com/externalhit_uatext.php)"
173.252.87.116 - - [23/Jan/2025:21:23:20 +0300] "GET /categories/cruztrek-brand-new-usa-bikes/ HTTP/1.1" 200 164424 "-" "facebookexternalhit/1.1 (+http://www.facebook.com/externalhit_uatext.php)"
91.121.60.232 - - [23/Jan/2025:23:21:38 +0300] "POST /wp-cron.php?doing_wp_cron=1737663698.6686270236968994140625 HTTP/1.1" 200 0 "-" "WordPress/6.7.1; https://baiskelicentre.co.ke"
69.171.249.10 - - [23/Jan/2025:23:21:39 +0300] "GET /categories/cruztrek-brand-new-usa-bikes/ HTTP/1.1" 200 164424 "-" "facebookexternalhit/1.1 (+http://www.facebook.com/externalhit_uatext.php)"
173.252.83.113 - - [23/Jan/2025:21:23:16 +0300] "GET /categories/cruztrek-brand-new-usa-bikes HTTP/1.1" 301 0 "-" "facebookexternalhit/1.1 (+http://www.facebook.com/externalhit_uatext.php)"
173.252.87.113 - - [23/Jan/2025:21:23:17 +0300] "GET /categories/cruztrek-brand-new-usa-bikes HTTP/1.1" 301 0 "-" "facebookexternalhit/1.1 (+http://www.facebook.com/externalhit_uatext.php)"
69.171.249.4 - - [23/Jan/2025:23:21:36 +0300] "GET /categories/cruztrek-brand-new-usa-bikes HTTP/1.1" 301 0 "-" "facebookexternalhit/1.1 (+http://www.facebook.com/externalhit_uatext.php)"
45.154.98.17 - - [24/Jan/2025:01:57:29 +0300] "GET /wp-admin/css/ HTTP/1.1" 200 3562 "binance.com" "Mozilla/5.0 (Windows NT 10.0; Win64; x64) AppleWebKit/537.36 (KHTML, like Gecko) Chrome/90.0.4430.85 Safari/537.36"
45.154.98.17 - - [24/Jan/2025:01:57:40 +0300] "GET /wp-content/uploads/2025/01/ HTTP/1.1" 200 689 "binance.com" "Mozilla/5.0 (Windows NT 10.0; Win64; x64) AppleWebKit/537.36 (KHTML, like Gecko) Chrome/90.0.4430.85 Safari/537.36"
45.154.98.17 - - [24/Jan/2025:01:57:58 +0300] "GET /wp-content/uploads/ HTTP/1.1" 200 1700 "binance.com" "Mozilla/5.0 (Windows NT 10.0; Win64; x64) AppleWebKit/537.36 (KHTML, like Gecko) Chrome/90.0.4430.85 Safari/537.36"
45.154.98.17 - - [24/Jan/2025:01:58:00 +0300] "GET /wp-content/upgrade/ HTTP/1.1" 200 682 "binance.com" "Mozilla/5.0 (Windows NT 10.0; Win64; x64) AppleWebKit/537.36 (KHTML, like Gecko) Chrome/90.0.4430.85 Safari/537.36"
45.154.98.17 - - [24/Jan/2025:01:58:01 +0300] "GET /wp-content/languages/ HTTP/1.1" 404 26061 "binance.com" "Mozilla/5.0 (Windows NT 10.0; Win64; x64) AppleWebKit/537.36 (KHTML, like Gecko) Chrome/90.0.4430.85 Safari/537.36"
45.154.98.17 - - [24/Jan/2025:01:58:05 +0300] "GET /wp-admin/includes/ HTTP/1.1" 200 4180 "binance.com" "Mozilla/5.0 (Windows NT 10.0; Win64; x64) AppleWebKit/537.36 (KHTML, like Gecko) Chrome/90.0.4430.85 Safari/537.36"
45.154.98.17 - - [24/Jan/2025:01:58:06 +0300] "GET /wp-admin/includes/ HTTP/1.1" 200 4219 "binance.com" "Mozilla/5.0 (Windows NT 10.0; Win64; x64) AppleWebKit/537.36 (KHTML, like Gecko) Chrome/90.0.4430.85 Safari/537.36"
45.154.98.17 - - [24/Jan/2025:01:58:07 +0300] "GET /wp-admin/maint/ HTTP/1.1" 200 772 "binance.com" "Mozilla/5.0 (Windows NT 10.0; Win64; x64) AppleWebKit/537.36 (KHTML, like Gecko) Chrome/90.0.4430.85 Safari/537.36"
45.154.98.17 - - [24/Jan/2025:01:58:08 +0300] "GET /wp-admin/maint/ HTTP/1.1" 200 772 "binance.com" "Mozilla/5.0 (Windows NT 10.0; Win64; x64) AppleWebKit/537.36 (KHTML, like Gecko) Chrome/90.0.4430.85 Safari/537.36"
45.154.98.17 - - [24/Jan/2025:01:58:09 +0300] "GET /wp-admin/network/ HTTP/1.1" 302 0 "binance.com" "Mozilla/5.0 (Windows NT 10.0; Win64; x64) AppleWebKit/537.36 (KHTML, like Gecko) Chrome/90.0.4430.85 Safari/537.36"
45.154.98.17 - - [24/Jan/2025:01:58:24 +0300] "GET /wp-admin/css/colors/ HTTP/1.1" 200 1307 "binance.com" "Mozilla/5.0 (Windows NT 10.0; Win64; x64) AppleWebKit/537.36 (KHTML, like Gecko) Chrome/90.0.4430.85 Safari/537.36"
45.154.98.17 - - [24/Jan/2025:01:58:25 +0300] "GET /wp-admin/css/colors/coffee/ HTTP/1.1" 200 882 "binance.com" "Mozilla/5.0 (Windows NT 10.0; Win64; x64) AppleWebKit/537.36 (KHTML, like Gecko) Chrome/90.0.4430.85 Safari/537.36"
45.154.98.17 - - [24/Jan/2025:01:58:25 +0300] "GET /wp-admin/css/colors/light/ HTTP/1.1" 200 883 "binance.com" "Mozilla/5.0 (Windows NT 10.0; Win64; x64) AppleWebKit/537.36 (KHTML, like Gecko) Chrome/90.0.4430.85 Safari/537.36"
45.154.98.17 - - [24/Jan/2025:01:58:25 +0300] "GET /wp-admin/css/colors/midnight/ HTTP/1.1" 200 885 "binance.com" "Mozilla/5.0 (Windows NT 10.0; Win64; x64) AppleWebKit/537.36 (KHTML, like Gecko) Chrome/90.0.4430.85 Safari/537.36"
45.154.98.17 - - [24/Jan/2025:01:58:26 +0300] "GET /wp-admin/css/colors/sunrise/%20 HTTP/1.1" 301 0 "binance.com" "Mozilla/5.0 (Windows NT 10.0; Win64; x64) AppleWebKit/537.36 (KHTML, like Gecko) Chrome/90.0.4430.85 Safari/537.36"
45.154.98.17 - - [24/Jan/2025:01:58:27 +0300] "GET /wp-admin/css/colors/sunrise/ HTTP/1.1" 200 884 "binance.com" "Mozilla/5.0 (Windows NT 10.0; Win64; x64) AppleWebKit/537.36 (KHTML, like Gecko) Chrome/90.0.4430.85 Safari/537.36"
45.154.98.17 - - [24/Jan/2025:01:58:27 +0300] "GET /wp-admin/images/ HTTP/1.1" 200 2959 "binance.com" "Mozilla/5.0 (Windows NT 10.0; Win64; x64) AppleWebKit/537.36 (KHTML, like Gecko) Chrome/90.0.4430.85 Safari/537.36"
45.154.98.17 - - [24/Jan/2025:01:58:28 +0300] "GET /wp-admin/js/ HTTP/1.1" 200 3723 "binance.com" "Mozilla/5.0 (Windows NT 10.0; Win64; x64) AppleWebKit/537.36 (KHTML, like Gecko) Chrome/90.0.4430.85 Safari/537.36"
173.252.83.115 - - [24/Jan/2025:00:26:08 +0300] "GET /categories/cruztrek-brand-new-usa-bikes HTTP/1.1" 301 0 "-" "facebookexternalhit/1.1 (+http://www.facebook.com/externalhit_uatext.php)"
173.252.83.15 - - [24/Jan/2025:00:26:13 +0300] "GET /categories/cruztrek-brand-new-usa-bikes/ HTTP/1.1" 200 164424 "-" "facebookexternalhit/1.1 (+http://www.facebook.com/externalhit_uatext.php)"
91.121.60.232 - - [24/Jan/2025:01:57:53 +0300] "POST /wp-cron.php?doing_wp_cron=1737673073.7036321163177490234375 HTTP/1.1" 200 0 "-" "WordPress/6.7.1; https://baiskelicentre.co.ke"
45.154.98.17 - - [24/Jan/2025:01:57:49 +0300] "GET /wp-content/uploads/2025/00/ HTTP/1.1" 404 26059 "binance.com" "Mozilla/5.0 (Windows NT 10.0; Win64; x64) AppleWebKit/537.36 (KHTML, like Gecko) Chrome/90.0.4430.85 Safari/537.36"
45.154.98.17 - - [24/Jan/2025:01:58:18 +0300] "GET /wp-admin/user/ HTTP/1.1" 302 0 "binance.com" "Mozilla/5.0 (Windows NT 10.0; Win64; x64) AppleWebKit/537.36 (KHTML, like Gecko) Chrome/90.0.4430.85 Safari/537.36"
45.154.98.17 - - [24/Jan/2025:01:58:24 +0300] "GET /wp-admin/css/ HTTP/1.1" 200 3569 "binance.com" "Mozilla/5.0 (Windows NT 10.0; Win64; x64) AppleWebKit/537.36 (KHTML, like Gecko) Chrome/90.0.4430.85 Safari/537.36"
45.154.98.17 - - [24/Jan/2025:01:58:25 +0300] "GET /wp-admin/css/colors/blue/ HTTP/1.1" 200 881 "binance.com" "Mozilla/5.0 (Windows NT 10.0; Win64; x64) AppleWebKit/537.36 (KHTML, like Gecko) Chrome/90.0.4430.85 Safari/537.36"
45.154.98.17 - - [24/Jan/2025:01:58:25 +0300] "GET /wp-admin/css/colors/ectoplasm/ HTTP/1.1" 200 888 "binance.com" "Mozilla/5.0 (Windows NT 10.0; Win64; x64) AppleWebKit/537.36 (KHTML, like Gecko) Chrome/90.0.4430.85 Safari/537.36"
45.154.98.17 - - [24/Jan/2025:01:58:26 +0300] "GET /wp-admin/css/colors/modern/ HTTP/1.1" 200 886 "binance.com" "Mozilla/5.0 (Windows NT 10.0; Win64; x64) AppleWebKit/537.36 (KHTML, like Gecko) Chrome/90.0.4430.85 Safari/537.36"
45.154.98.17 - - [24/Jan/2025:01:58:26 +0300] "GET /wp-admin/css/colors/ocean/ HTTP/1.1" 200 883 "binance.com" "Mozilla/5.0 (Windows NT 10.0; Win64; x64) AppleWebKit/537.36 (KHTML, like Gecko) Chrome/90.0.4430.85 Safari/537.36"
45.154.98.17 - - [24/Jan/2025:01:58:29 +0300] "GET /wp-includes/block-bindings.php HTTP/1.1" 200 0 "binance.com" "Mozilla/5.0 (Windows NT 10.0; Win64; x64) AppleWebKit/537.36 (KHTML, like Gecko) Chrome/90.0.4430.85 Safari/537.36"
45.154.98.17 - - [24/Jan/2025:01:58:29 +0300] "GET /wp-includes/block-editor.php HTTP/1.1" 200 0 "binance.com" "Mozilla/5.0 (Windows NT 10.0; Win64; x64) AppleWebKit/537.36 (KHTML, like Gecko) Chrome/90.0.4430.85 Safari/537.36"
45.154.98.17 - - [24/Jan/2025:01:58:29 +0300] "GET /wp-includes/block-template-utils.php HTTP/1.1" 200 0 "binance.com" "Mozilla/5.0 (Windows NT 10.0; Win64; x64) AppleWebKit/537.36 (KHTML, like Gecko) Chrome/90.0.4430.85 Safari/537.36"
45.154.98.17 - - [24/Jan/2025:01:58:30 +0300] "GET /wp-includes/class-avif-info.php HTTP/1.1" 200 0 "binance.com" "Mozilla/5.0 (Windows NT 10.0; Win64; x64) AppleWebKit/537.36 (KHTML, like Gecko) Chrome/90.0.4430.85 Safari/537.36"
45.154.98.17 - - [24/Jan/2025:01:58:32 +0300] "GET /wp-includes/class-wp-block-parser-frame.php HTTP/1.1" 200 0 "binance.com" "Mozilla/5.0 (Windows NT 10.0; Win64; x64) AppleWebKit/537.36 (KHTML, like Gecko) Chrome/90.0.4430.85 Safari/537.36"
45.154.98.17 - - [24/Jan/2025:01:58:32 +0300] "GET /wp-includes/class-wp-block-template.php HTTP/1.1" 200 0 "binance.com" "Mozilla/5.0 (Windows NT 10.0; Win64; x64) AppleWebKit/537.36 (KHTML, like Gecko) Chrome/90.0.4430.85 Safari/537.36"
45.154.98.17 - - [24/Jan/2025:01:58:32 +0300] "GET /wp-includes/class-wp-classic-to-block-menu-converter.php HTTP/1.1" 200 0 "binance.com" "Mozilla/5.0 (Windows NT 10.0; Win64; x64) AppleWebKit/537.36 (KHTML, like Gecko) Chrome/90.0.4430.85 Safari/537.36"
45.154.98.17 - - [24/Jan/2025:01:58:33 +0300] "GET /wp-includes/class-wp-dependencies.php HTTP/1.1" 200 0 "binance.com" "Mozilla/5.0 (Windows NT 10.0; Win64; x64) AppleWebKit/537.36 (KHTML, like Gecko) Chrome/90.0.4430.85 Safari/537.36"
45.154.98.17 - - [24/Jan/2025:01:58:28 +0300] "GET /wp-admin/js/widgets/ HTTP/1.1" 200 1462 "binance.com" "Mozilla/5.0 (Windows NT 10.0; Win64; x64) AppleWebKit/537.36 (KHTML, like Gecko) Chrome/90.0.4430.85 Safari/537.36"
45.154.98.17 - - [24/Jan/2025:01:58:28 +0300] "GET /wp-includes/ HTTP/1.1" 200 8942 "binance.com" "Mozilla/5.0 (Windows NT 10.0; Win64; x64) AppleWebKit/537.36 (KHTML, like Gecko) Chrome/90.0.4430.85 Safari/537.36"
45.154.98.17 - - [24/Jan/2025:01:58:28 +0300] "GET /wp-includes/ HTTP/1.1" 200 8811 "binance.com" "Mozilla/5.0 (Windows NT 10.0; Win64; x64) AppleWebKit/537.36 (KHTML, like Gecko) Chrome/90.0.4430.85 Safari/537.36"
45.154.98.17 - - [24/Jan/2025:01:58:29 +0300] "GET /wp-includes/block-template.php HTTP/1.1" 200 0 "binance.com" "Mozilla/5.0 (Windows NT 10.0; Win64; x64) AppleWebKit/537.36 (KHTML, like Gecko) Chrome/90.0.4430.85 Safari/537.36"
45.154.98.17 - - [24/Jan/2025:01:58:30 +0300] "GET /wp-includes/class-wp-block-bindings-registry.php HTTP/1.1" 200 0 "binance.com" "Mozilla/5.0 (Windows NT 10.0; Win64; x64) AppleWebKit/537.36 (KHTML, like Gecko) Chrome/90.0.4430.85 Safari/537.36"
45.154.98.17 - - [24/Jan/2025:01:58:30 +0300] "GET /wp-includes/class-wp-block-bindings-source.php HTTP/1.1" 200 0 "binance.com" "Mozilla/5.0 (Windows NT 10.0; Win64; x64) AppleWebKit/537.36 (KHTML, like Gecko) Chrome/90.0.4430.85 Safari/537.36"
45.154.98.17 - - [24/Jan/2025:01:58:31 +0300] "GET /wp-includes/class-wp-block-editor-context.php HTTP/1.1" 200 0 "binance.com" "Mozilla/5.0 (Windows NT 10.0; Win64; x64) AppleWebKit/537.36 (KHTML, like Gecko) Chrome/90.0.4430.85 Safari/537.36"
45.154.98.17 - - [24/Jan/2025:01:58:31 +0300] "GET /wp-includes/class-wp-block-metadata-registry.php HTTP/1.1" 200 0 "binance.com" "Mozilla/5.0 (Windows NT 10.0; Win64; x64) AppleWebKit/537.36 (KHTML, like Gecko) Chrome/90.0.4430.85 Safari/537.36"
45.154.98.17 - - [24/Jan/2025:01:58:31 +0300] "GET /wp-includes/class-wp-block-parser-block.php HTTP/1.1" 200 0 "binance.com" "Mozilla/5.0 (Windows NT 10.0; Win64; x64) AppleWebKit/537.36 (KHTML, like Gecko) Chrome/90.0.4430.85 Safari/537.36"
45.154.98.17 - - [24/Jan/2025:01:58:32 +0300] "GET /wp-includes/class-wp-block-templates-registry.php HTTP/1.1" 200 0 "binance.com" "Mozilla/5.0 (Windows NT 10.0; Win64; x64) AppleWebKit/537.36 (KHTML, like Gecko) Chrome/90.0.4430.85 Safari/537.36"
45.154.98.17 - - [24/Jan/2025:01:58:33 +0300] "GET /wp-includes/class-wp-exception.php HTTP/1.1" 200 0 "binance.com" "Mozilla/5.0 (Windows NT 10.0; Win64; x64) AppleWebKit/537.36 (KHTML, like Gecko) Chrome/90.0.4430.85 Safari/537.36"
45.154.98.17 - - [24/Jan/2025:01:58:33 +0300] "GET /wp-includes/class-wp-http.php HTTP/1.1" 500 0 "binance.com" "Mozilla/5.0 (Windows NT 10.0; Win64; x64) AppleWebKit/537.36 (KHTML, like Gecko) Chrome/90.0.4430.85 Safari/537.36"
45.154.98.17 - - [24/Jan/2025:01:58:34 +0300] "GET /wp-includes/class-wp-navigation-fallback.php HTTP/1.1" 200 0 "binance.com" "Mozilla/5.0 (Windows NT 10.0; Win64; x64) AppleWebKit/537.36 (KHTML, like Gecko) Chrome/90.0.4430.85 Safari/537.36"
45.154.98.17 - - [24/Jan/2025:01:58:34 +0300] "GET /wp-includes/class-wp-script-modules.php HTTP/1.1" 200 0 "binance.com" "Mozilla/5.0 (Windows NT 10.0; Win64; x64) AppleWebKit/537.36 (KHTML, like Gecko) Chrome/90.0.4430.85 Safari/537.36"
45.154.98.17 - - [24/Jan/2025:01:58:35 +0300] "GET /wp-includes/class-wp-styles.php HTTP/1.1" 500 0 "binance.com" "Mozilla/5.0 (Windows NT 10.0; Win64; x64) AppleWebKit/537.36 (KHTML, like Gecko) Chrome/90.0.4430.85 Safari/537.36"
45.154.98.17 - - [24/Jan/2025:01:58:35 +0300] "GET /wp-includes/class-wp-theme-json-data.php HTTP/1.1" 200 0 "binance.com" "Mozilla/5.0 (Windows NT 10.0; Win64; x64) AppleWebKit/537.36 (KHTML, like Gecko) Chrome/90.0.4430.85 Safari/537.36"
45.154.98.17 - - [24/Jan/2025:01:58:36 +0300] "GET /wp-includes/class-wp-theme-json-resolver.php HTTP/1.1" 200 0 "binance.com" "Mozilla/5.0 (Windows NT 10.0; Win64; x64) AppleWebKit/537.36 (KHTML, like Gecko) Chrome/90.0.4430.85 Safari/537.36"
45.154.98.17 - - [24/Jan/2025:01:58:36 +0300] "GET /wp-includes/class-wp-theme-json-schema.php HTTP/1.1" 200 0 "binance.com" "Mozilla/5.0 (Windows NT 10.0; Win64; x64) AppleWebKit/537.36 (KHTML, like Gecko) Chrome/90.0.4430.85 Safari/537.36"
45.154.98.17 - - [24/Jan/2025:01:58:36 +0300] "GET /wp-includes/class-wp-theme-json.php HTTP/1.1" 200 0 "binance.com" "Mozilla/5.0 (Windows NT 10.0; Win64; x64) AppleWebKit/537.36 (KHTML, like Gecko) Chrome/90.0.4430.85 Safari/537.36"
45.154.98.17 - - [24/Jan/2025:01:58:36 +0300] "GET /wp-includes/class-wp-token-map.php HTTP/1.1" 200 0 "binance.com" "Mozilla/5.0 (Windows NT 10.0; Win64; x64) AppleWebKit/537.36 (KHTML, like Gecko) Chrome/90.0.4430.85 Safari/537.36"
45.154.98.17 - - [24/Jan/2025:01:58:37 +0300] "GET /wp-includes/class-wpdb.php HTTP/1.1" 200 0 "binance.com" "Mozilla/5.0 (Windows NT 10.0; Win64; x64) AppleWebKit/537.36 (KHTML, like Gecko) Chrome/90.0.4430.85 Safari/537.36"
45.154.98.17 - - [24/Jan/2025:01:58:37 +0300] "GET /wp-includes/fonts.php HTTP/1.1" 200 0 "binance.com" "Mozilla/5.0 (Windows NT 10.0; Win64; x64) AppleWebKit/537.36 (KHTML, like Gecko) Chrome/90.0.4430.85 Safari/537.36"
45.154.98.17 - - [24/Jan/2025:01:58:37 +0300] "GET /wp-includes/global-styles-and-settings.php HTTP/1.1" 200 0 "binance.com" "Mozilla/5.0 (Windows NT 10.0; Win64; x64) AppleWebKit/537.36 (KHTML, like Gecko) Chrome/90.0.4430.85 Safari/537.36"
45.154.98.17 - - [24/Jan/2025:01:58:38 +0300] "GET /wp-includes/robots-template.php HTTP/1.1" 200 0 "binance.com" "Mozilla/5.0 (Windows NT 10.0; Win64; x64) AppleWebKit/537.36 (KHTML, like Gecko) Chrome/90.0.4430.85 Safari/537.36"
45.154.98.17 - - [24/Jan/2025:01:58:38 +0300] "GET /wp-includes/script-modules.php HTTP/1.1" 200 0 "binance.com" "Mozilla/5.0 (Windows NT 10.0; Win64; x64) AppleWebKit/537.36 (KHTML, like Gecko) Chrome/90.0.4430.85 Safari/537.36"
45.154.98.17 - - [24/Jan/2025:01:58:38 +0300] "GET /wp-includes/template-canvas.php HTTP/1.1" 500 0 "binance.com" "Mozilla/5.0 (Windows NT 10.0; Win64; x64) AppleWebKit/537.36 (KHTML, like Gecko) Chrome/90.0.4430.85 Safari/537.36"
45.154.98.17 - - [24/Jan/2025:01:58:39 +0300] "GET /wp-includes/wp-options.php HTTP/1.1" 200 0 "binance.com" "Mozilla/5.0 (Windows NT 10.0; Win64; x64) AppleWebKit/537.36 (KHTML, like Gecko) Chrome/90.0.4430.85 Safari/537.36"
45.154.98.17 - - [24/Jan/2025:01:58:39 +0300] "GET /wp-includes/zip.php HTTP/1.1" 200 0 "binance.com" "Mozilla/5.0 (Windows NT 10.0; Win64; x64) AppleWebKit/537.36 (KHTML, like Gecko) Chrome/90.0.4430.85 Safari/537.36"
45.154.98.17 - - [24/Jan/2025:01:58:39 +0300] "GET /wp-includes/ID3/ HTTP/1.1" 200 1598 "binance.com" "Mozilla/5.0 (Windows NT 10.0; Win64; x64) AppleWebKit/537.36 (KHTML, like Gecko) Chrome/90.0.4430.85 Safari/537.36"
45.154.98.17 - - [24/Jan/2025:01:58:39 +0300] "GET /wp-includes/ID3/ HTTP/1.1" 200 1598 "binance.com" "Mozilla/5.0 (Windows NT 10.0; Win64; x64) AppleWebKit/537.36 (KHTML, like Gecko) Chrome/90.0.4430.85 Safari/537.36"
45.154.98.17 - - [24/Jan/2025:01:58:39 +0300] "GET /wp-includes/IXR/ HTTP/1.1" 200 1407 "binance.com" "Mozilla/5.0 (Windows NT 10.0; Win64; x64) AppleWebKit/537.36 (KHTML, like Gecko) Chrome/90.0.4430.85 Safari/537.36"
45.154.98.17 - - [24/Jan/2025:01:58:40 +0300] "GET /wp-includes/IXR/ HTTP/1.1" 200 1407 "binance.com" "Mozilla/5.0 (Windows NT 10.0; Win64; x64) AppleWebKit/537.36 (KHTML, like Gecko) Chrome/90.0.4430.85 Safari/537.36"
45.154.98.17 - - [24/Jan/2025:01:58:40 +0300] "GET /wp-includes/PHPMailer/ HTTP/1.1" 200 847 "binance.com" "Mozilla/5.0 (Windows NT 10.0; Win64; x64) AppleWebKit/537.36 (KHTML, like Gecko) Chrome/90.0.4430.85 Safari/537.36"
45.154.98.17 - - [24/Jan/2025:01:58:40 +0300] "GET /wp-includes/PHPMailer/ HTTP/1.1" 200 847 "binance.com" "Mozilla/5.0 (Windows NT 10.0; Win64; x64) AppleWebKit/537.36 (KHTML, like Gecko) Chrome/90.0.4430.85 Safari/537.36"
45.154.98.17 - - [24/Jan/2025:01:58:40 +0300] "GET /wp-includes/Text/Diff/ HTTP/1.1" 200 849 "binance.com" "Mozilla/5.0 (Windows NT 10.0; Win64; x64) AppleWebKit/537.36 (KHTML, like Gecko) Chrome/90.0.4430.85 Safari/537.36"
45.154.98.17 - - [24/Jan/2025:01:58:33 +0300] "GET /wp-includes/class-wp-duotone.php HTTP/1.1" 200 0 "binance.com" "Mozilla/5.0 (Windows NT 10.0; Win64; x64) AppleWebKit/537.36 (KHTML, like Gecko) Chrome/90.0.4430.85 Safari/537.36"
45.154.98.17 - - [24/Jan/2025:01:58:34 +0300] "GET /wp-includes/class-wp-plugin-dependencies.php HTTP/1.1" 200 0 "binance.com" "Mozilla/5.0 (Windows NT 10.0; Win64; x64) AppleWebKit/537.36 (KHTML, like Gecko) Chrome/90.0.4430.85 Safari/537.36"
45.154.98.17 - - [24/Jan/2025:01:58:35 +0300] "GET /wp-includes/class-wp-scripts.php HTTP/1.1" 500 0 "binance.com" "Mozilla/5.0 (Windows NT 10.0; Win64; x64) AppleWebKit/537.36 (KHTML, like Gecko) Chrome/90.0.4430.85 Safari/537.36"
45.154.98.17 - - [24/Jan/2025:01:58:35 +0300] "GET /wp-includes/class-wp-textdomain-registry.php HTTP/1.1" 200 0 "binance.com" "Mozilla/5.0 (Windows NT 10.0; Win64; x64) AppleWebKit/537.36 (KHTML, like Gecko) Chrome/90.0.4430.85 Safari/537.36"
45.154.98.17 - - [24/Jan/2025:01:58:37 +0300] "GET /wp-includes/https-detection.php HTTP/1.1" 200 0 "binance.com" "Mozilla/5.0 (Windows NT 10.0; Win64; x64) AppleWebKit/537.36 (KHTML, like Gecko) Chrome/90.0.4430.85 Safari/537.36"
45.154.98.17 - - [24/Jan/2025:01:58:37 +0300] "GET /wp-includes/https-migration.php HTTP/1.1" 200 0 "binance.com" "Mozilla/5.0 (Windows NT 10.0; Win64; x64) AppleWebKit/537.36 (KHTML, like Gecko) Chrome/90.0.4430.85 Safari/537.36"
45.154.98.17 - - [24/Jan/2025:01:58:38 +0300] "GET /wp-includes/style-engine.php HTTP/1.1" 200 0 "binance.com" "Mozilla/5.0 (Windows NT 10.0; Win64; x64) AppleWebKit/537.36 (KHTML, like Gecko) Chrome/90.0.4430.85 Safari/537.36"
45.154.98.17 - - [24/Jan/2025:01:58:38 +0300] "GET /wp-includes/theme-previews.php HTTP/1.1" 200 0 "binance.com" "Mozilla/5.0 (Windows NT 10.0; Win64; x64) AppleWebKit/537.36 (KHTML, like Gecko) Chrome/90.0.4430.85 Safari/537.36"
45.154.98.17 - - [24/Jan/2025:01:58:38 +0300] "GET /wp-includes/theme-templates.php HTTP/1.1" 200 0 "binance.com" "Mozilla/5.0 (Windows NT 10.0; Win64; x64) AppleWebKit/537.36 (KHTML, like Gecko) Chrome/90.0.4430.85 Safari/537.36"
45.154.98.17 - - [24/Jan/2025:01:58:40 +0300] "GET /wp-includes/Text/ HTTP/1.1" 200 860 "binance.com" "Mozilla/5.0 (Windows NT 10.0; Win64; x64) AppleWebKit/537.36 (KHTML, like Gecko) Chrome/90.0.4430.85 Safari/537.36"
45.154.98.17 - - [24/Jan/2025:01:58:40 +0300] "GET /wp-includes/Text/ HTTP/1.1" 200 860 "binance.com" "Mozilla/5.0 (Windows NT 10.0; Win64; x64) AppleWebKit/537.36 (KHTML, like Gecko) Chrome/90.0.4430.85 Safari/537.36"
45.154.98.17 - - [24/Jan/2025:01:58:40 +0300] "GET /wp-includes/Text/Diff/ HTTP/1.1" 200 849 "binance.com" "Mozilla/5.0 (Windows NT 10.0; Win64; x64) AppleWebKit/537.36 (KHTML, like Gecko) Chrome/90.0.4430.85 Safari/537.36"
45.154.98.17 - - [24/Jan/2025:01:58:41 +0300] "GET /wp-includes/Text/Diff/Renderer/ HTTP/1.1" 200 786 "binance.com" "Mozilla/5.0 (Windows NT 10.0; Win64; x64) AppleWebKit/537.36 (KHTML, like Gecko) Chrome/90.0.4430.85 Safari/537.36"
45.154.98.17 - - [24/Jan/2025:01:58:41 +0300] "GET /wp-includes/pomo/ HTTP/1.1" 200 1261 "binance.com" "Mozilla/5.0 (Windows NT 10.0; Win64; x64) AppleWebKit/537.36 (KHTML, like Gecko) Chrome/90.0.4430.85 Safari/537.36"
45.154.98.17 - - [24/Jan/2025:01:58:42 +0300] "GET /wp-includes/pomo/ HTTP/1.1" 200 1261 "binance.com" "Mozilla/5.0 (Windows NT 10.0; Win64; x64) AppleWebKit/537.36 (KHTML, like Gecko) Chrome/90.0.4430.85 Safari/537.36"
45.154.98.17 - - [24/Jan/2025:01:58:42 +0300] "GET /wp-includes/sitemaps/providers/ HTTP/1.1" 200 927 "binance.com" "Mozilla/5.0 (Windows NT 10.0; Win64; x64) AppleWebKit/537.36 (KHTML, like Gecko) Chrome/90.0.4430.85 Safari/537.36"
45.154.98.17 - - [24/Jan/2025:01:58:42 +0300] "GET /wp-includes/widgets/ HTTP/1.1" 200 1701 "binance.com" "Mozilla/5.0 (Windows NT 10.0; Win64; x64) AppleWebKit/537.36 (KHTML, like Gecko) Chrome/90.0.4430.85 Safari/537.36"
45.154.98.17 - - [24/Jan/2025:01:58:41 +0300] "GET /wp-includes/Text/Diff/Engine/ HTTP/1.1" 200 863 "binance.com" "Mozilla/5.0 (Windows NT 10.0; Win64; x64) AppleWebKit/537.36 (KHTML, like Gecko) Chrome/90.0.4430.85 Safari/537.36"
45.154.98.17 - - [24/Jan/2025:01:58:41 +0300] "GET /wp-includes/Text/Diff/Engine/ HTTP/1.1" 200 863 "binance.com" "Mozilla/5.0 (Windows NT 10.0; Win64; x64) AppleWebKit/537.36 (KHTML, like Gecko) Chrome/90.0.4430.85 Safari/537.36"
45.154.98.17 - - [24/Jan/2025:01:58:41 +0300] "GET /wp-includes/Text/Diff/Renderer/ HTTP/1.1" 200 786 "binance.com" "Mozilla/5.0 (Windows NT 10.0; Win64; x64) AppleWebKit/537.36 (KHTML, like Gecko) Chrome/90.0.4430.85 Safari/537.36"
45.154.98.17 - - [24/Jan/2025:01:58:41 +0300] "GET /wp-includes/blocks/ HTTP/1.1" 200 22 "binance.com" "Mozilla/5.0 (Windows NT 10.0; Win64; x64) AppleWebKit/537.36 (KHTML, like Gecko) Chrome/90.0.4430.85 Safari/537.36"
45.154.98.17 - - [24/Jan/2025:01:58:42 +0300] "GET /wp-includes/sitemaps/ HTTP/1.1" 200 1302 "binance.com" "Mozilla/5.0 (Windows NT 10.0; Win64; x64) AppleWebKit/537.36 (KHTML, like Gecko) Chrome/90.0.4430.85 Safari/537.36"
45.154.98.17 - - [24/Jan/2025:01:58:42 +0300] "GET /wp-includes/sitemaps/ HTTP/1.1" 200 1302 "binance.com" "Mozilla/5.0 (Windows NT 10.0; Win64; x64) AppleWebKit/537.36 (KHTML, like Gecko) Chrome/90.0.4430.85 Safari/537.36"
45.154.98.17 - - [24/Jan/2025:01:58:42 +0300] "GET /wp-includes/sitemaps/providers/ HTTP/1.1" 200 927 "binance.com" "Mozilla/5.0 (Windows NT 10.0; Win64; x64) AppleWebKit/537.36 (KHTML, like Gecko) Chrome/90.0.4430.85 Safari/537.36"
45.154.98.17 - - [24/Jan/2025:01:58:43 +0300] "GET /wp-includes/widgets/class-wp-widget-block.php HTTP/1.1" 500 0 "binance.com" "Mozilla/5.0 (Windows NT 10.0; Win64; x64) AppleWebKit/537.36 (KHTML, like Gecko) Chrome/90.0.4430.85 Safari/537.36"
45.154.98.17 - - [24/Jan/2025:01:58:44 +0300] "GET /wp-includes/fonts/class-wp-font-face.php HTTP/1.1" 200 0 "binance.com" "Mozilla/5.0 (Windows NT 10.0; Win64; x64) AppleWebKit/537.36 (KHTML, like Gecko) Chrome/90.0.4430.85 Safari/537.36"
45.154.98.17 - - [24/Jan/2025:01:58:44 +0300] "GET /wp-includes/fonts/class-wp-font-library.php HTTP/1.1" 200 0 "binance.com" "Mozilla/5.0 (Windows NT 10.0; Win64; x64) AppleWebKit/537.36 (KHTML, like Gecko) Chrome/90.0.4430.85 Safari/537.36"
45.154.98.17 - - [24/Jan/2025:01:58:44 +0300] "GET /wp-includes/fonts/class-wp-font-utils.php HTTP/1.1" 200 0 "binance.com" "Mozilla/5.0 (Windows NT 10.0; Win64; x64) AppleWebKit/537.36 (KHTML, like Gecko) Chrome/90.0.4430.85 Safari/537.36"
45.154.98.17 - - [24/Jan/2025:01:58:44 +0300] "GET /wp-includes/images/media/ HTTP/1.1" 200 1457 "binance.com" "Mozilla/5.0 (Windows NT 10.0; Win64; x64) AppleWebKit/537.36 (KHTML, like Gecko) Chrome/90.0.4430.85 Safari/537.36"
91.121.60.232 - - [24/Jan/2025:01:58:46 +0300] "POST /wp-cron.php?doing_wp_cron=1737673126.5752379894256591796875 HTTP/1.1" 200 0 "-" "WordPress/6.7.1; https://baiskelicentre.co.ke"
45.154.98.17 - - [24/Jan/2025:01:58:45 +0300] "GET /wp-includes/images/wlw/ HTTP/1.1" 404 26058 "binance.com" "Mozilla/5.0 (Windows NT 10.0; Win64; x64) AppleWebKit/537.36 (KHTML, like Gecko) Chrome/90.0.4430.85 Safari/537.36"
45.154.98.17 - - [24/Jan/2025:01:58:47 +0300] "GET /wp-includes/js/%20 HTTP/1.1" 301 0 "binance.com" "Mozilla/5.0 (Windows NT 10.0; Win64; x64) AppleWebKit/537.36 (KHTML, like Gecko) Chrome/90.0.4430.85 Safari/537.36"
45.154.98.17 - - [24/Jan/2025:01:58:49 +0300] "GET /wp-includes/js/ HTTP/1.1" 200 3983 "binance.com" "Mozilla/5.0 (Windows NT 10.0; Win64; x64) AppleWebKit/537.36 (KHTML, like Gecko) Chrome/90.0.4430.85 Safari/537.36"
45.154.98.17 - - [24/Jan/2025:01:58:49 +0300] "GET /wp-includes/js/codemirror/ HTTP/1.1" 200 1300 "binance.com" "Mozilla/5.0 (Windows NT 10.0; Win64; x64) AppleWebKit/537.36 (KHTML, like Gecko) Chrome/90.0.4430.85 Safari/537.36"
45.154.98.17 - - [24/Jan/2025:01:58:49 +0300] "GET /wp-includes/js/plupload/ HTTP/1.1" 200 1351 "binance.com" "Mozilla/5.0 (Windows NT 10.0; Win64; x64) AppleWebKit/537.36 (KHTML, like Gecko) Chrome/90.0.4430.85 Safari/537.36"
91.121.60.232 - - [24/Jan/2025:02:24:17 +0300] "POST /wp-cron.php?doing_wp_cron=1737674657.1559200286865234375000 HTTP/1.1" 200 0 "-" "WordPress/6.7.1; https://baiskelicentre.co.ke"
216.244.66.240 - - [24/Jan/2025:02:24:14 +0300] "GET /robots.txt HTTP/1.1" 200 198 "-" "Mozilla/5.0 (compatible; DotBot/1.2; +https://opensiteexplorer.org/dotbot; help@moz.com)"
91.121.60.232 - - [24/Jan/2025:02:31:08 +0300] "POST /wp-cron.php?doing_wp_cron=1737675068.8675251007080078125000 HTTP/1.1" 200 0 "-" "WordPress/6.7.1; https://baiskelicentre.co.ke"
216.244.66.240 - - [24/Jan/2025:02:31:06 +0300] "GET /?add-to-cart=9638 HTTP/1.1" 301 0 "-" "Mozilla/5.0 (compatible; DotBot/1.2; +https://opensiteexplorer.org/dotbot; help@moz.com)"
45.154.98.17 - - [24/Jan/2025:01:58:42 +0300] "GET /wp-includes/widgets/ HTTP/1.1" 200 1701 "binance.com" "Mozilla/5.0 (Windows NT 10.0; Win64; x64) AppleWebKit/537.36 (KHTML, like Gecko) Chrome/90.0.4430.85 Safari/537.36"
45.154.98.17 - - [24/Jan/2025:01:58:43 +0300] "GET /wp-includes/css/ HTTP/1.1" 200 2214 "binance.com" "Mozilla/5.0 (Windows NT 10.0; Win64; x64) AppleWebKit/537.36 (KHTML, like Gecko) Chrome/90.0.4430.85 Safari/537.36"
45.154.98.17 - - [24/Jan/2025:01:58:43 +0300] "GET /wp-includes/css/dist/ HTTP/1.1" 200 1409 "binance.com" "Mozilla/5.0 (Windows NT 10.0; Win64; x64) AppleWebKit/537.36 (KHTML, like Gecko) Chrome/90.0.4430.85 Safari/537.36"
45.154.98.17 - - [24/Jan/2025:01:58:43 +0300] "GET /wp-includes/fonts/ HTTP/1.1" 200 1429 "binance.com" "Mozilla/5.0 (Windows NT 10.0; Win64; x64) AppleWebKit/537.36 (KHTML, like Gecko) Chrome/90.0.4430.85 Safari/537.36"
45.154.98.17 - - [24/Jan/2025:01:58:43 +0300] "GET /wp-includes/fonts/ HTTP/1.1" 200 1429 "binance.com" "Mozilla/5.0 (Windows NT 10.0; Win64; x64) AppleWebKit/537.36 (KHTML, like Gecko) Chrome/90.0.4430.85 Safari/537.36"
45.154.98.17 - - [24/Jan/2025:01:58:43 +0300] "GET /wp-includes/fonts/class-wp-font-collection.php HTTP/1.1" 200 0 "binance.com" "Mozilla/5.0 (Windows NT 10.0; Win64; x64) AppleWebKit/537.36 (KHTML, like Gecko) Chrome/90.0.4430.85 Safari/537.36"
45.154.98.17 - - [24/Jan/2025:01:58:44 +0300] "GET /wp-includes/images/ HTTP/1.1" 200 1807 "binance.com" "Mozilla/5.0 (Windows NT 10.0; Win64; x64) AppleWebKit/537.36 (KHTML, like Gecko) Chrome/90.0.4430.85 Safari/537.36"
45.154.98.17 - - [24/Jan/2025:01:58:44 +0300] "GET /wp-includes/images/crystal/ HTTP/1.1" 200 1331 "binance.com" "Mozilla/5.0 (Windows NT 10.0; Win64; x64) AppleWebKit/537.36 (KHTML, like Gecko) Chrome/90.0.4430.85 Safari/537.36"
45.154.98.17 - - [24/Jan/2025:01:58:45 +0300] "GET /wp-includes/images/smilies/ HTTP/1.1" 200 1667 "binance.com" "Mozilla/5.0 (Windows NT 10.0; Win64; x64) AppleWebKit/537.36 (KHTML, like Gecko) Chrome/90.0.4430.85 Safari/537.36"
45.154.98.17 - - [24/Jan/2025:01:58:49 +0300] "GET /.well-known/ HTTP/1.1" 200 760 "binance.com" "Mozilla/5.0 (Windows NT 10.0; Win64; x64) AppleWebKit/537.36 (KHTML, like Gecko) Chrome/90.0.4430.85 Safari/537.36"